NOAA Reports/Αναφορές NOAA

Select a Year or Month report
2022 > Jan Feb Mar Apr May Jun Jul Aug Sep Oct Nov Dec
2021 > Jan Feb Mar Apr May Jun Jul Aug Sep Oct Nov Dec
2020 > Jan Feb Mar Apr May Jun Jul Aug Sep Oct Nov Dec
2019 > Jan Feb Mar Apr May Jun Jul Aug Sep Oct Nov Dec
2018 > Jan Feb Mar Apr May Jun Jul Aug Sep Oct Nov Dec
2017 > Jan Feb Mar Apr May Jun Jul Aug Sep Oct Nov Dec

Report for 2022 01
                   MONTHLY CLIMATOLOGICAL SUMMARY for JAN. 2022

NAME: Amira   CITY: Amira   STATE: Greece 
ELEV:   650 m  LAT:  35 02' 31" N  LONG:  25 26' 46" E

                   TEMPERATURE (C), RAIN  (mm), WIND SPEED (km/hr)

                                      HEAT  COOL        AVG
    MEAN                              DEG   DEG         WIND                 DOM
DAY TEMP  HIGH   TIME   LOW    TIME   DAYS  DAYS  RAIN  SPEED HIGH   TIME    DIR
------------------------------------------------------------------------------------
 1  12.6  15.8   13:30   8.8   23:40   5.8   0.0   0.0   5.0  43.5    0:50    NW
 2  11.4  15.6   14:30   8.1    5:45   6.9   0.0   0.0   5.1  49.9   13:55     N
 3  10.9  14.2   13:30   7.6    7:10   7.4   0.0   0.0   4.8  33.8   23:50     N
 4  11.1  12.1   15:45  10.5    4:10   7.3   0.0   0.2  11.1  45.1    8:55   WNW
 5  11.3  12.7   13:05  10.8    1:40   6.9   0.0   0.0   8.0  38.6    1:50   WNW
 6  10.7  11.6    1:55   9.6   22:35   7.6   0.0   0.8   2.9  20.9   12:10   NNE
 7  10.1  12.7   14:35   7.7    7:50   8.2   0.0   0.0   3.9  25.7   12:05    NE
 8  10.6  12.3   15:50   9.3    0:15   7.7   0.0   4.0   8.4  33.8   20:15    SE
 9   7.6  10.4    2:00   5.1   21:55  10.7   0.0  24.2   5.0  32.2   14:55     N
10   7.8   9.6   11:35   6.6    0:05  10.5   0.0  23.0   6.1  37.0   23:25    NW
11   6.8   7.9    0:35   5.6   12:55  11.5   0.0  58.6   5.5  46.7    4:35    NW
12   8.2  11.7   11:55   6.2   22:40  10.1   0.0  34.4  10.6  61.2   23:05   NNE
13   4.4   7.2    0:50   2.0   17:00  13.8   0.0   8.6  36.7  96.6   13:55   NNE
14   4.3   8.7   12:50   1.1    5:40  14.0   0.0   8.8  24.1  85.3    6:40   NNE
15   7.1  11.7   15:50   2.9    0:45  11.3   0.0   0.0   3.9  54.7   00:00   SSE
16   6.3   8.7   13:00   4.7   22:10  12.0   0.0   0.0  17.5  91.7    0:50    NE
17   6.4  10.6   14:55   2.7    2:15  11.9   0.0   0.6   6.3  33.8   16:20     N
18   8.2  11.4   11:00   5.9   00:00  10.2   0.0   8.6  17.9  82.1   21:15   NNE
19   4.1   6.8   16:25   1.4   22:10  14.2   0.0   0.0   6.0  46.7   14:55    NE
20   5.4   9.8   14:55   0.4    5:40  12.9   0.0   0.0   5.3  37.0   12:30     N
21   7.6   8.4   20:05   6.4    7:55  10.8   0.0  16.0   5.5  29.0   10:50    NW
22   6.9   9.1   13:40   1.3   00:00  11.4   0.0  17.4  12.9  53.1   22:50    NW
23   0.6   1.9   11:15  -1.2   14:30  17.7   0.0   0.6  14.3  72.4    2:20   NNE
24   1.2   2.9   16:10  -0.2    6:30  17.1   0.0   2.6   7.9  37.0    1:30   NNE
25   1.0   3.8    8:35  -0.7   23:35  17.3   0.0   1.4  19.2  69.2   15:55   NNE
26   1.2   3.3   14:20  -1.4    3:20  13.9   0.0   2.4  18.7  66.0   16:05   NNE
27
28
29
30
31
-------------------------------------------------------------------------------------
     7.1  15.8     1    -1.4    26   288.9   0.0 212.2  10.5  96.6    13     NNE

Max >=  32.0:  0
Max <=   0.0:  0
Min <=   0.0:  4
Min <= -18.0:  0
Max Rain: 58.60 ON 11/01/22
Days of Rain: 17 (> .2 mm) 12 (> 2 mm) 4 (> 20 mm)
Heat Base:  18.3  Cool Base:  18.3  Method: Integration