NOAA Reports/Αναφορές NOAA

Select a Year or Month report
2022 > Jan Feb Mar Apr May Jun Jul Aug Sep Oct Nov Dec
2021 > Jan Feb Mar Apr May Jun Jul Aug Sep Oct Nov Dec
2020 > Jan Feb Mar Apr May Jun Jul Aug Sep Oct Nov Dec
2019 > Jan Feb Mar Apr May Jun Jul Aug Sep Oct Nov Dec
2018 > Jan Feb Mar Apr May Jun Jul Aug Sep Oct Nov Dec
2017 > Jan Feb Mar Apr May Jun Jul Aug Sep Oct Nov Dec

Report for 2022 09
                   MONTHLY CLIMATOLOGICAL SUMMARY for SEP. 2022

NAME: Amira   CITY: Amira   STATE: Greece 
ELEV:   650 m  LAT:  35 02' 31" N  LONG:  25 26' 46" E

                   TEMPERATURE (C), RAIN  (mm), WIND SPEED (km/hr)

                                      HEAT  COOL        AVG
    MEAN                              DEG   DEG         WIND                 DOM
DAY TEMP  HIGH   TIME   LOW    TIME   DAYS  DAYS  RAIN  SPEED HIGH   TIME    DIR
------------------------------------------------------------------------------------
 1  22.8  25.9   14:40  19.4    6:55   0.0   4.5   0.0   4.5  27.4   15:35   SSE
 2  23.0  26.2   17:30  19.0    6:40   0.0   4.7   0.0   3.9  20.9   12:20     N
 3  23.2  26.4   17:20  19.8    7:15   0.0   4.8   0.0   4.0  24.1   14:20   SSE
 4  23.7  28.7   15:15  19.2    4:50   0.0   5.4   0.0   4.5  27.4   14:50   SSE
 5  23.3  27.8   12:00  19.9   23:15   0.0   5.0   0.0  18.3  74.0   19:40   NNE
 6  21.1  26.5   16:10  17.9   00:00   0.0   2.7   0.0  29.5  86.9    9:40    NE
 7  21.2  25.8   15:55  16.6    2:10   0.1   3.0   0.0   8.7  56.3    8:25    NE
 8  21.8  26.4   15:35  17.7    3:20   0.0   3.5   0.0   4.7  33.8    0:40   SSE
 9  23.1  28.4   15:55  18.9    0:05   0.0   4.8   0.0   4.7  29.0   13:55   NNE
10  25.8  29.5   17:35  20.8    6:40   0.0   7.5   0.0   4.3  17.7   11:45   NNE
11  26.3  29.8    9:15  22.7    7:15   0.0   8.0   0.0   4.3  17.7   11:00   NNE
12  24.8  28.9   16:35  21.8    7:05   0.0   6.5   0.0   6.8  45.1   19:20   NNE
13  22.9  26.1   14:45  20.2   23:05   0.0   4.6   0.0  11.6  48.3    1:35    NE
14  21.0  24.8   14:20  17.2   23:35   0.1   2.7   0.0  11.3  53.1    6:10    NE
15  19.9  24.6   17:00  14.8    5:05   0.8   2.3   0.0   4.0  22.5   13:00   NNE
16  22.4  26.1   12:10  18.8    0:05   0.0   4.2   0.0   6.0  25.7   10:50    NE
17  20.3  23.4   12:40  17.1    6:40   0.1   2.1   0.0   4.3  29.0   11:40   SSE
18  23.0  26.9   15:20  17.6    0:35   0.0   4.7   0.0   3.9  22.5   19:15    SW
19  21.9  25.4   14:05  17.6   23:40   0.0   3.7   0.0   4.5  24.1   13:35    NE
20  19.9  23.7   17:55  16.6    6:40   0.3   1.9   0.0   4.3  24.1   13:00   NNE
21  20.0  23.6    9:20  16.8    1:20   0.2   2.0   0.0   4.3  32.2   15:50     S
22  17.9  21.2   16:05  15.8    6:10   0.8   0.5   0.0   4.5  27.4   15:30    NE
23  15.7  19.4   12:20  12.8   21:55   2.6   0.0  11.2   1.6  19.3   14:20   SSE
24  16.1  20.7   17:00  11.6    7:30   2.6   0.4   0.8   3.4  27.4   14:00    NE
25  16.9  21.7   13:05  12.1    4:30   2.3   0.9   0.0   3.9  20.9   13:50   NNE
26  18.8  22.3   14:35  15.3    1:50   0.8   1.3   0.0   3.7  20.9   14:40   NNW
27  21.4  24.6   21:20  15.4    1:20   0.1   3.3   0.0   6.0  32.2   12:50    NW
28  24.4  28.1   16:30  21.3    2:50   0.0   6.1   0.2   8.5  35.4   19:40    NW
29  25.2  28.1   14:10  22.7    6:25   0.0   4.2   0.0   6.8  40.2    1:35    NW
30
-------------------------------------------------------------------------------------
    21.7  29.8    11    11.6    24    10.8 105.3  12.2   6.6  86.9     6      NE

Max >=  32.0:  0
Max <=   0.0:  0
Min <=   0.0:  0
Min <= -18.0:  0
Max Rain: 11.20 ON 23/09/22
Days of Rain: 3 (> .2 mm) 1 (> 2 mm) 0 (> 20 mm)
Heat Base:  18.3  Cool Base:  18.3  Method: Integration