NOAA Reports/Αναφορές NOAA

Select a Year or Month report
2022 > Jan Feb Mar Apr May Jun Jul Aug Sep Oct Nov Dec
2021 > Jan Feb Mar Apr May Jun Jul Aug Sep Oct Nov Dec
2020 > Jan Feb Mar Apr May Jun Jul Aug Sep Oct Nov Dec
2019 > Jan Feb Mar Apr May Jun Jul Aug Sep Oct Nov Dec
2018 > Jan Feb Mar Apr May Jun Jul Aug Sep Oct Nov Dec
2017 > Jan Feb Mar Apr May Jun Jul Aug Sep Oct Nov Dec

Report for 2022 11
                   MONTHLY CLIMATOLOGICAL SUMMARY for NOV. 2022

NAME: Amira   CITY: Amira   STATE: Greece 
ELEV:   650 m  LAT:  35 02' 31" N  LONG:  25 26' 46" E

                   TEMPERATURE (C), RAIN  (mm), WIND SPEED (km/hr)

                                      HEAT  COOL        AVG
    MEAN                              DEG   DEG         WIND                 DOM
DAY TEMP  HIGH   TIME   LOW    TIME   DAYS  DAYS  RAIN  SPEED HIGH   TIME    DIR
------------------------------------------------------------------------------------
 1  15.5  20.6   14:00  11.4    4:50   3.1   0.3   0.0   3.2  19.3   12:40   NNE
 2  16.5  21.3   13:25  12.9    6:30   2.4   0.6   0.0   3.2  19.3   14:00   NNE
 3  16.2  20.6   15:50  12.4    4:30   2.5   0.4   0.0   3.4  19.3   12:50   NNE
 4  17.6  22.2    8:25  14.1    0:25   1.6   0.9   0.0   3.5  16.1   11:10   NNE
 5  15.8  20.2    8:25  13.8   20:50   2.5   0.0   0.0   3.5  22.5   11:45   NNE
 6  15.7  18.6   10:40  13.9   21:10   2.6   0.0   0.0   8.2  38.6   14:10   SSE
 7  15.2  18.2   15:20  13.5    3:40   3.1   0.0   0.4   8.9  53.1   23:15    NE
 8  15.2  19.3   13:50  11.4   22:10   3.2   0.0   0.0   8.9  56.3    5:40    NE
 9  14.6  19.4   15:35  10.9    4:15   3.8   0.1   0.0   4.7  46.7   17:20    NE
10  14.3  18.7   13:00  11.3    5:45   4.0   0.0   0.0   3.9  20.9   11:40   NNE
11  13.0  18.3   14:45   9.5    6:55   5.3   0.0   0.0   3.5  22.5   12:15   NNE
12  12.7  17.0   12:15   8.4    6:20   5.6   0.0   0.0   3.9  20.9   13:50    NE
13  13.3  17.3   14:10  10.1    6:25   5.0   0.0   0.0   3.9  22.5   14:45   NNE
14  13.5  17.9   12:20  10.2    4:20   4.8   0.0   0.0   5.1  40.2   19:40   NNE
15  11.9  16.4   15:05   8.8    5:35   6.4   0.0   0.0   3.4  27.4   15:20   NNE
16  13.1  17.4   14:00   9.4    1:35   5.2   0.0   0.6   5.1  29.0   14:40   NNE
17  15.4  18.7   15:20  13.4    4:25   2.9   0.0   0.0   6.0  35.4   11:40    NE
18  16.8  18.6    8:45  15.4   22:50   1.4   0.0   0.4   6.0  27.4   13:35    NE
19  16.9  20.3   14:50  14.3   17:55   1.7   0.3   0.0   4.2  19.3    1:10    NE
20  18.0  21.2   11:20  15.4    2:25   0.7   0.4   0.0   4.0  20.9   00:00    NE
21  15.7  18.3   13:00  13.2   22:25   2.6   0.0   0.0   5.8  29.0   22:05   NNW
22  14.5  18.1   14:10  12.6    1:55   3.8   0.0   0.2   7.4  33.8   14:10    NE
23  12.3  14.1   11:50   8.2   20:10   6.0   0.0  48.6   6.4  41.8   20:15   NNW
24  12.5  15.8   14:25   9.6    3:25   5.8   0.0   0.0   8.5  38.6   19:05    NE
25  11.8  14.6   13:00   9.8   23:10   6.5   0.0   0.0   9.0  41.8   20:10    NE
26  10.6  13.7   15:15   7.9    6:45   7.7   0.0   0.0   3.7  29.0    5:35    NE
27  10.5  14.1   12:35   8.6    0:10   7.8   0.0   1.0   3.5  20.9   21:35    NE
28  12.3  14.5   14:40   9.5    0:10   6.0   0.0   0.4   3.4  20.9   13:45   SSE
29  11.8  15.6   13:25   9.9    0:05   6.1   0.0   0.6   2.6  17.7   11:40   NNE
30
-------------------------------------------------------------------------------------
    14.2  22.2     4     7.9    26   120.0   3.1  52.2   5.1  56.3     8     NNE

Max >=  32.0:  0
Max <=   0.0:  0
Min <=   0.0:  0
Min <= -18.0:  0
Max Rain: 48.59 ON 23/11/22
Days of Rain: 8 (> .2 mm) 1 (> 2 mm) 1 (> 20 mm)
Heat Base:  18.3  Cool Base:  18.3  Method: Integration