NOAA Reports/Αναφορές NOAA

Select a Year or Month report
2022 > Jan Feb Mar Apr May Jun Jul Aug Sep Oct Nov Dec
2021 > Jan Feb Mar Apr May Jun Jul Aug Sep Oct Nov Dec
2020 > Jan Feb Mar Apr May Jun Jul Aug Sep Oct Nov Dec
2019 > Jan Feb Mar Apr May Jun Jul Aug Sep Oct Nov Dec
2018 > Jan Feb Mar Apr May Jun Jul Aug Sep Oct Nov Dec
2017 > Jan Feb Mar Apr May Jun Jul Aug Sep Oct Nov Dec

Report for 2018 Apr
                   MONTHLY CLIMATOLOGICAL SUMMARY for APR. 2018

NAME: Amira   CITY: Amira   STATE: Greece 
ELEV:   650 m  LAT:  35 02' 31" N  LONG:  25 26' 46" E

                   TEMPERATURE (C), RAIN  (mm), WIND SPEED (km/hr)

                                      HEAT  COOL        AVG
    MEAN                              DEG   DEG         WIND                 DOM
DAY TEMP  HIGH   TIME   LOW    TIME   DAYS  DAYS  RAIN  SPEED HIGH   TIME    DIR
------------------------------------------------------------------------------------
 1  17.4  20.6   17:55  14.7    5:10   1.3   0.4   0.0   5.8  35.4   18:30    NW
 2  13.5  17.1   14:45   9.6   23:50   4.8   0.0   0.0   6.9  46.7    5:50    SE
 3  12.4  17.3   15:20   7.4    6:30   5.8   0.0   0.0   4.2  22.5   14:10   NNW
 4  13.6  18.4   12:40   8.5    4:00   4.7   0.0   0.0   3.7  19.3   14:15     N
 5  15.9  20.7   18:10  11.0    7:15   2.7   0.4   0.0   3.2  16.1   13:05   NNW
 6  15.1  18.7   13:25  10.0   23:50   3.2   0.0   0.0   4.2  24.1   13:30   SSE
 7  11.6  15.4   16:35   8.9    4:20   6.8   0.0   9.6   6.3  53.1   23:10   NNW
 8  13.0  17.8   14:55   8.9    7:05   5.3   0.0   0.0   6.0  51.5    0:05     N
 9  13.1  17.4   14:05   9.3    6:25   5.2   0.0   0.0   4.2  20.9   11:10   SSE
10  15.7  19.4   15:20  10.3    4:55   2.7   0.1   0.0   3.4  20.9   13:25   SSE
11  17.7  20.7   23:20  15.3    1:40   1.0   0.4   0.0   2.3  20.9   22:20     N
12  20.3  24.7   12:45  15.2    2:55   0.3   2.3   0.0   5.0  24.1   12:55   NNE
13  21.3  25.2   11:25  17.7    4:25   0.0   3.0   0.0   3.7  20.9   14:05     N
14  21.9  26.1   11:35  18.4    4:05   0.0   3.6   0.0   3.4  17.7   11:45   NNW
15  24.1  27.9   14:20  20.6    5:30   0.0   5.8   0.0   3.7  19.3   14:20   NNW
16  22.4  28.6   14:50  16.9   22:15   0.1   4.2   0.0   4.3  22.5    5:20    SE
17  16.7  19.7   12:35  12.7    6:45   1.9   0.2   0.0   4.2  22.5   14:05   SSE
18  14.4  18.2   11:15  11.7    5:30   3.9   0.0   0.0   3.5  19.3   10:45     N
19  15.4  20.2   13:35  12.3    5:05   3.0   0.2   0.0   3.2  25.7   10:20     N
20  18.0  22.2   16:40  13.8    1:20   1.0   0.8   0.0  11.1  49.9    6:30    SE
21  13.5  16.1   10:05  10.9   21:40   4.8   0.0   0.0  23.2  83.7   19:30   NNE
22  14.3  19.2   13:50   9.8    3:00   4.1   0.0   0.0   5.0  29.0    6:35    SE
23  13.6  17.6   14:35   9.0    6:35   4.7   0.0   0.0   4.3  25.7   14:45     N
24  15.1  19.2   17:40  10.2    7:05   3.2   0.0   0.0   4.0  22.5   12:15     N
25  21.4  25.9   14:55  16.3    0:05   0.3   3.5   0.0   5.5  32.2   14:05   NNW
26  20.9  25.0   13:35  16.7    6:15   0.1   2.8   0.0   4.7  24.1   13:45   NNW
27  20.4  24.3   14:00  16.0    4:45   0.4   2.5   0.0   4.2  20.9   14:40   NNW
28  20.8  25.1    8:50  17.0    1:05   0.2   2.8   0.0   4.5  27.4   12:40     N
29  22.2  26.4   14:40  18.1    0:10   0.0   3.9   0.0   5.6  25.7   16:20   NNE
30  21.9  25.6    8:55  17.8    4:35   0.0   3.6   0.0   4.5  22.5   13:00   SSE
-------------------------------------------------------------------------------------
    17.3  28.6    16     7.4     3    71.6  40.4   9.6   5.3  83.7    21       N

Max >=  32.0:  0
Max <=   0.0:  0
Min <=   0.0:  0
Min <= -18.0:  0
Max Rain: 9.60 ON 07/04/18
Days of Rain: 1 (> .2 mm) 1 (> 2 mm) 0 (> 20 mm)
Heat Base:  18.3  Cool Base:  18.3  Method: Integration