NOAA Reports/Αναφορές NOAA

Select a Year or Month report
2022 > Jan Feb Mar Apr May Jun Jul Aug Sep Oct Nov Dec
2021 > Jan Feb Mar Apr May Jun Jul Aug Sep Oct Nov Dec
2020 > Jan Feb Mar Apr May Jun Jul Aug Sep Oct Nov Dec
2019 > Jan Feb Mar Apr May Jun Jul Aug Sep Oct Nov Dec
2018 > Jan Feb Mar Apr May Jun Jul Aug Sep Oct Nov Dec
2017 > Jan Feb Mar Apr May Jun Jul Aug Sep Oct Nov Dec

Report for 2018 May
                   MONTHLY CLIMATOLOGICAL SUMMARY for MAY. 2018

NAME: Amira   CITY: Amira   STATE: Greece 
ELEV:   650 m  LAT:  35 02' 31" N  LONG:  25 26' 46" E

                   TEMPERATURE (C), RAIN  (mm), WIND SPEED (km/hr)

                                      HEAT  COOL        AVG
    MEAN                              DEG   DEG         WIND                 DOM
DAY TEMP  HIGH   TIME   LOW    TIME   DAYS  DAYS  RAIN  SPEED HIGH   TIME    DIR
------------------------------------------------------------------------------------
 1  21.3  24.9   12:10  17.7    0:05   0.0   3.0   0.0   4.0  22.5   12:15   NNW
 2  21.3  24.8   12:20  17.1    5:25   0.0   3.0   0.0   3.7  22.5   13:40     N
 3  23.7  26.9   16:20  19.5    0:55   0.0   5.3   0.0   8.5  35.4   15:20   ESE
 4  20.4  23.7    8:35  15.2   00:00   0.2   2.3   0.0   3.9  25.7   14:35    SE
 5  18.1  22.1   13:40  13.8    5:30   1.3   1.1   0.0   3.7  22.5   15:50   SSE
 6  17.3  21.2   15:25  14.1    6:15   1.6   0.6   0.0   4.5  27.4   12:30   SSE
 7  14.7  17.7   17:30  12.2   11:35   3.6   0.0  12.6   6.6  46.7    6:35   WNW
 8  16.1  21.0   16:15  13.0    1:40   2.5   0.3   3.2   6.0  32.2   14:25   WNW
 9  17.7  21.5   14:45  13.8    5:10   1.3   0.7   0.0   4.3  25.7   13:40    SE
10  18.8  21.7   13:45  15.6    5:35   0.5   1.0   0.0   4.3  24.1   14:00    SE
11  17.4  21.3   16:05  12.7    5:40   1.5   0.6   0.0   6.9  37.0   13:50   WNW
12  16.9  20.2   12:00  13.6   23:50   1.6   0.1   0.0   9.7  54.7    6:10   NNE
13  17.4  21.9   16:35  12.3    6:05   1.8   0.9   0.0   6.4  48.3    3:20    SE
14  19.4  22.9   15:00  14.9    1:00   0.6   1.7   0.0   4.8  20.9   11:35   NNW
15  21.0  25.1   18:40  16.7    6:25   0.2   2.9   0.0   4.0  19.3   12:40   NNW
16  23.5  26.9   15:00  19.3    6:30   0.0   5.2   0.0   4.7  20.9   13:15   NNW
17  25.2  29.1   14:05  21.3    4:15   0.0   6.9   0.0   4.5  20.9   14:10     N
18  24.9  28.8   12:25  21.9    5:45   0.0   6.6   0.0   4.5  22.5   12:15     N
19  25.6  28.0   13:45  22.8    0:05   0.0   7.3   0.0   5.1  27.4   21:00     N
20  25.1  28.7   13:15  21.8   20:45   0.0   6.8   0.0   3.9  25.7   14:25     N
21  25.8  28.5   21:00  22.2   16:30   0.0   7.5   0.0   5.3  32.2   22:35    SE
22  22.9  26.7    2:45  19.4   23:35   0.0   4.6   0.0   3.4  30.6    2:55    SE
23  24.1  27.8   13:15  19.6    4:05   0.0   5.8   0.0   4.3  22.5   12:35     N
24  22.4  25.0    0:10  17.2   23:55   0.0   4.1   0.0   6.1  32.2   21:20   SSE
25  19.6  24.2   17:10  15.3    6:10   0.6   1.9   0.0   4.8  33.8   10:15    SE
26  19.0  21.9   14:45  17.4   22:35   0.1   0.9   0.0  10.9  64.4    3:40   NNE
27  19.5  22.8   14:25  17.3    3:30   0.1   1.3   1.4  12.7  56.3    6:50   NNW
28  18.9  23.2   15:05  15.8    7:05   0.6   1.2  10.0   6.1  46.7   14:10    SE
29  19.4  23.1   12:15  15.7    2:55   0.5   1.6   0.0   9.0  61.2    8:45    SE
30  19.4  24.1   14:05  15.7    5:15   0.6   1.8   0.0   8.7  53.1    8:20   NNE
31  19.9  24.3   13:30  15.8    2:50   0.4   2.0   0.0  10.1  61.2    8:20   NNE
-------------------------------------------------------------------------------------
    20.5  29.1    17    12.2     7    19.8  89.2  27.2   6.0  64.4    26      SE

Max >=  32.0:  0
Max <=   0.0:  0
Min <=   0.0:  0
Min <= -18.0:  0
Max Rain: 12.60 ON 07/05/18
Days of Rain: 4 (> .2 mm) 3 (> 2 mm) 0 (> 20 mm)
Heat Base:  18.3  Cool Base:  18.3  Method: Integration