NOAA Reports/Αναφορές NOAA

Select a Year or Month report
2022 > Jan Feb Mar Apr May Jun Jul Aug Sep Oct Nov Dec
2021 > Jan Feb Mar Apr May Jun Jul Aug Sep Oct Nov Dec
2020 > Jan Feb Mar Apr May Jun Jul Aug Sep Oct Nov Dec
2019 > Jan Feb Mar Apr May Jun Jul Aug Sep Oct Nov Dec
2018 > Jan Feb Mar Apr May Jun Jul Aug Sep Oct Nov Dec
2017 > Jan Feb Mar Apr May Jun Jul Aug Sep Oct Nov Dec

Report for 2018 Jun
                   MONTHLY CLIMATOLOGICAL SUMMARY for JUN. 2018

NAME: Amira   CITY: Amira   STATE: Greece 
ELEV:   650 m  LAT:  35 02' 31" N  LONG:  25 26' 46" E

                   TEMPERATURE (C), RAIN  (mm), WIND SPEED (km/hr)

                                      HEAT  COOL        AVG
    MEAN                              DEG   DEG         WIND                 DOM
DAY TEMP  HIGH   TIME   LOW    TIME   DAYS  DAYS  RAIN  SPEED HIGH   TIME    DIR
------------------------------------------------------------------------------------
 1  20.2  24.5   16:05  15.6    3:05   0.3   2.2   0.0  10.6  54.7    8:15   NNE
 2  22.7  27.2   14:10  19.2    1:00   0.0   4.4   0.0   8.2  51.5    7:30    SE
 3  23.4  26.7   16:50  20.6   23:00   0.0   5.2   0.0  12.9  61.2    4:30     N
 4  24.1  27.9   17:10  20.6    3:05   0.0   5.8   0.0   6.9  43.5    1:10    SE
 5  24.6  27.6   15:20  20.9    5:55   0.0   6.3   0.0   5.0  25.7   13:45    SE
 6  26.2  29.4   15:45  22.2    3:15   0.0   7.9   0.0   4.5  20.9   14:20     N
 7  26.4  30.1   13:55  22.9   22:45   0.0   8.2   0.0   4.5  24.1   13:25    SE
 8  26.5  30.1   17:40  22.4    4:20   0.0   8.2   0.0   3.7  20.9   13:20   SSE
 9  27.8  31.6   11:40  21.4   23:50   0.0   9.5   0.0   7.2  43.5   15:40   WNW
10  21.9  26.2   16:20  17.8    5:35   0.0   3.6   0.0   6.0  27.4   13:55    SE
11  21.9  25.1   16:55  18.7    3:30   0.0   3.6   0.0   8.7  56.3   21:40   NNE
12  24.6  27.9   15:55  19.4    5:20   0.0   6.2   0.0   7.7  37.0    6:00    SE
13  26.3  29.6   17:50  22.3    3:20   0.0   8.0   0.0   8.0  40.2    7:15   NNW
14  25.9  29.8   17:40  23.0    5:35   0.0   7.6   0.4   4.5  20.9   13:10    NW
15  23.8  26.3   13:35  19.2   00:00   0.0   5.5   0.0   5.8  24.1   19:55    SE
16  19.1  22.6   16:40  17.2   12:25   0.2   0.9   4.2   7.4  37.0   17:30   WNW
17  19.8  24.7   17:25  16.3    6:40   0.3   1.8   3.2   6.4  32.2   20:05   WNW
18  19.3  23.3   16:40  16.3    2:45   0.4   1.3   0.0   3.5  25.7   14:05     N
19  19.1  21.9    9:05  16.5    3:20   0.3   1.1   0.0   2.9  20.9    9:30   NNW
20  20.4  23.5   13:05  17.1    1:25   0.2   2.3   0.2   4.3  30.6   14:00    SE
21  21.1  24.5   15:55  18.4    0:10   0.0   2.8   0.0   5.5  29.0   10:10    SE
22  21.7  25.1   18:15  18.1    4:40   0.0   3.4   0.0   4.5  25.7   12:15    SE
23  22.4  26.1   14:35  18.7    5:50   0.0   4.2   0.0   4.7  25.7   14:50    SE
24  21.8  25.3   14:50  18.1    6:50   0.0   3.5   0.0   4.5  24.1   14:00    SE
25  20.9  24.5   12:00  17.4    5:25   0.0   2.6   0.0   4.7  29.0   15:30   SSE
26  20.9  23.4   14:50  18.2    6:55   0.0   2.6   0.8   4.5  32.2   15:05    NW
27  19.9  22.3   14:25  17.4   22:55   0.1   1.8   0.0   7.6  46.7   13:10   WNW
28  19.6  23.7   15:00  17.1    6:10   0.3   1.6   0.0   9.5  48.3   14:35   WNW
29  20.6  24.7   16:20  15.7    3:15   0.3   2.6   0.0   6.9  40.2    4:10    SE
30  21.5  25.6   14:40  16.9    1:35   0.1   3.3   0.0   7.7  40.2   15:00   WNW
-------------------------------------------------------------------------------------
    22.5  31.6     9    15.6     1     2.6 127.9   8.8   6.3  61.2     3      SE

Max >=  32.0:  0
Max <=   0.0:  0
Min <=   0.0:  0
Min <= -18.0:  0
Max Rain: 4.19 ON 16/06/18
Days of Rain: 5 (> .2 mm) 2 (> 2 mm) 0 (> 20 mm)
Heat Base:  18.3  Cool Base:  18.3  Method: Integration