NOAA Reports/Αναφορές NOAA

Select a Year or Month report
2022 > Jan Feb Mar Apr May Jun Jul Aug Sep Oct Nov Dec
2021 > Jan Feb Mar Apr May Jun Jul Aug Sep Oct Nov Dec
2020 > Jan Feb Mar Apr May Jun Jul Aug Sep Oct Nov Dec
2019 > Jan Feb Mar Apr May Jun Jul Aug Sep Oct Nov Dec
2018 > Jan Feb Mar Apr May Jun Jul Aug Sep Oct Nov Dec
2017 > Jan Feb Mar Apr May Jun Jul Aug Sep Oct Nov Dec

Report for 2018 Jul
                   MONTHLY CLIMATOLOGICAL SUMMARY for JUL. 2018

NAME: Amira   CITY: Amira   STATE: Greece 
ELEV:   650 m  LAT:  35 02' 31" N  LONG:  25 26' 46" E

                   TEMPERATURE (C), RAIN  (mm), WIND SPEED (km/hr)

                                      HEAT  COOL        AVG
    MEAN                              DEG   DEG         WIND                 DOM
DAY TEMP  HIGH   TIME   LOW    TIME   DAYS  DAYS  RAIN  SPEED HIGH   TIME    DIR
------------------------------------------------------------------------------------
 1  19.4  23.3   17:05  16.5    4:35   0.4   1.5   0.0   3.5  25.7   14:55    SE
 2  23.8  29.4   13:40  17.4    0:50   0.1   5.6   0.0   4.3  25.7   13:50    SE
 3  28.1  31.8   15:15  22.4    0:25   0.0   9.7   0.0   6.9  40.2    7:40    SE
 4  29.2  33.8   13:50  24.3    4:00   0.0  10.9   0.0  10.5  46.7   19:10   NNE
 5  29.6  33.6   13:55  24.9    6:50   0.0  11.3   0.0   9.5  43.5    3:05   NNE
 6  28.4  32.1   14:05  24.3   23:40   0.0  10.1   0.0   6.0  41.8   14:15    SE
 7  26.7  30.3   12:40  22.8    5:50   0.0   8.4   0.0   4.7  27.4   12:40     N
 8  26.3  29.3   12:20  23.2   00:00   0.0   8.0   0.0   4.8  24.1   12:05    SE
 9  22.9  25.9   11:35  20.7    6:00   0.0   4.6   0.0   4.2  24.1   12:10   SSE
10  21.9  25.6   12:05  19.2   23:50   0.0   3.6   2.0   3.7  27.4   13:15     N
11  23.0  27.8   17:15  17.9    6:05   0.0   4.7   0.0   5.1  30.6   20:35    NW
12  24.8  28.2   13:10  20.6    4:10   0.0   6.5   0.0  11.1  56.3   13:40   NNE
13  26.7  29.3   14:40  22.3    3:25   0.0   8.4   0.0  23.2  75.6   11:40   NNE
14  26.1  29.6   14:05  23.9    6:10   0.0   7.8   0.0  20.6  77.2    8:25   NNE
15  25.8  28.3   12:10  22.1    1:35   0.0   7.5   0.0  25.4  91.7    7:10   NNE
16  27.2  30.4   13:55  23.3    7:05   0.0   8.9   0.0  11.7  54.7    1:10   NNE
17  28.5  33.6   17:00  24.8    6:00   0.0  10.2   0.0   7.7  57.9    0:45   NNE
18  26.6  29.8   13:25  21.9   23:55   0.0   8.3   0.0   7.6  38.6    3:50   NNE
19  25.9  30.1   16:35  21.6    0:55   0.0   7.7   0.0   6.1  32.2    5:20    SE
20  24.9  28.3   18:15  21.4   00:00   0.0   6.6   0.0   5.1  27.4   18:45    SE
21  25.8  30.4   14:55  21.2    2:05   0.0   7.5   0.0   5.8  35.4   22:45    SE
22  28.8  32.7   16:45  24.1    2:00   0.0  10.5   0.0   9.2  59.5    4:25    SE
23  32.4  36.0   15:20  28.1   00:00   0.0  14.1   0.0  11.6  41.8   10:05     N
24  27.3  30.6   12:35  21.8   23:55   0.0   9.0   0.0   8.4  43.5   13:20    NW
25  22.3  24.9   17:20  19.9    6:30   0.0   4.0   0.0   3.7  24.1   12:50    SE
26  22.4  24.8   13:30  19.5    5:50   0.0   4.1   0.0   5.3  29.0   15:30   SSE
27  22.4  25.6   16:10  19.7    3:45   0.0   4.2   0.4   4.0  25.7   13:20    SE
28  22.9  26.6   18:45  18.8    6:00   0.0   4.6   0.0   4.8  27.4   13:20     N
29  24.6  28.2   16:40  20.4    2:55   0.0   6.3   0.0   5.0  32.2   15:20     N
30  23.3  26.8   12:30  20.7    6:30   0.0   5.0   2.4   4.5  27.4   15:45     N
31  23.3  27.0   14:25  19.5    3:40   0.0   5.1   0.0   4.2  24.1   12:05     N
-------------------------------------------------------------------------------------
    25.5  36.0    23    16.5     1     0.5 224.6   4.8   8.0  91.7    15      SE

Max >=  32.0:  6
Max <=   0.0:  0
Min <=   0.0:  0
Min <= -18.0:  0
Max Rain: 2.39 ON 30/07/18
Days of Rain: 3 (> .2 mm) 2 (> 2 mm) 0 (> 20 mm)
Heat Base:  18.3  Cool Base:  18.3  Method: Integration