NOAA Reports/Αναφορές NOAA

Select a Year or Month report
2022 > Jan Feb Mar Apr May Jun Jul Aug Sep Oct Nov Dec
2021 > Jan Feb Mar Apr May Jun Jul Aug Sep Oct Nov Dec
2020 > Jan Feb Mar Apr May Jun Jul Aug Sep Oct Nov Dec
2019 > Jan Feb Mar Apr May Jun Jul Aug Sep Oct Nov Dec
2018 > Jan Feb Mar Apr May Jun Jul Aug Sep Oct Nov Dec
2017 > Jan Feb Mar Apr May Jun Jul Aug Sep Oct Nov Dec

Report for 2018 Aug
                   MONTHLY CLIMATOLOGICAL SUMMARY for AUG. 2018

NAME: Amira   CITY: Amira   STATE: Greece 
ELEV:   650 m  LAT:  35 02' 31" N  LONG:  25 26' 46" E

                   TEMPERATURE (C), RAIN  (mm), WIND SPEED (km/hr)

                                      HEAT  COOL        AVG
    MEAN                              DEG   DEG         WIND                 DOM
DAY TEMP  HIGH   TIME   LOW    TIME   DAYS  DAYS  RAIN  SPEED HIGH   TIME    DIR
------------------------------------------------------------------------------------
 1  24.8  28.9   17:30  21.2    4:30   0.0   6.5   0.0   4.7  25.7   14:15    SE
 2  25.8  30.7   16:30  22.0    6:30   0.0   7.5   0.0   5.0  35.4   15:55    SE
 3  26.1  29.8   16:00  22.7    7:00   0.0   7.8   0.0   9.5  48.3   14:45    NE
 4  25.0  27.7   14:20  21.9   23:55   0.0   6.7   0.0  22.9  69.2    8:20   NNE
 5  24.4  28.5   12:45  21.4   00:00   0.0   6.1   0.0   7.6  48.3    4:30    SE
 6  24.1  28.3   17:20  20.1    5:55   0.0   5.8   0.0   5.3  38.6   19:45   NNW
 7  25.2  29.4   15:30  20.2    6:10   0.0   6.9   0.0  11.3  61.2   21:40     N
 8  25.4  29.8   15:05  20.4    5:10   0.0   7.2   0.0   8.0  48.3    1:00   NNE
 9  26.1  30.5   13:50  22.6    2:25   0.0   7.8   0.0   5.0  25.7   16:20    SE
10  26.4  30.5   15:45  22.4    5:50   0.0   8.1   0.0   5.1  37.0   23:15    SE
11  25.8  29.4   16:35  21.4   23:50   0.0   7.5   0.0  15.8  56.3    2:35   NNW
12  24.2  28.8   14:10  19.6   23:35   0.0   5.9   0.0   7.7  38.6    3:40   NNW
13  22.8  27.7   13:35  17.7    4:10   0.0   4.5   0.0   4.7  27.4   14:50    SE
14  22.8  27.8   15:45  18.7    2:20   0.0   4.5   0.0   4.5  29.0   17:10     N
15  25.1  30.0   14:50  19.2    1:20   0.0   6.8   0.0   6.1  33.8   12:30     N
16  25.3  30.3   14:15  21.5    6:40   0.0   7.1   0.0   5.3  33.8   12:55     N
17  23.9  28.8   17:10  20.3    6:45   0.0   5.6   0.0   4.5  30.6   16:10    SE
18  24.9  29.2   12:55  20.2    3:35   0.0   6.6   0.0   6.8  40.2   20:10     N
19  25.6  28.6   14:55  22.4   22:30   0.0   7.3   0.0  19.5  64.4    5:25     N
20  25.7  29.9   13:20  22.3    3:00   0.0   7.4   0.0   4.8  30.6    6:55    SE
21  24.1  28.4   15:10  21.0    4:05   0.0   5.8   0.0   4.3  27.4   13:55    SE
22  23.4  28.0   15:50  19.1    6:05   0.0   5.1   0.0   4.3  24.1   13:50    SE
23  24.0  29.1   13:55  20.2    6:25   0.0   5.7   0.0   5.3  32.2   13:05     N
24  23.7  27.2   15:55  19.1    6:55   0.0   5.4   0.0   4.2  24.1   12:05   SSE
25  24.0  27.1   17:55  20.9   23:55   0.0   5.7   0.0   5.5  32.2   18:00     N
26  23.6  27.9   13:45  20.8    0:50   0.0   5.3   0.0   8.4  37.0   11:25   WNW
27  24.2  28.2   17:05  20.6    6:45   0.0   5.9   0.0   6.8  37.0    4:45    SE
28  21.8  24.8   14:45  18.9    5:45   0.0   3.5   0.0   5.1  29.0   13:55    SE
29  22.4  26.2   17:30  19.3    5:15   0.0   4.1   0.0   4.2  30.6   18:20    SE
30  24.2  28.8   14:10  20.1    1:20   0.0   5.9   0.0   4.5  22.5   13:00    SE
31  25.2  30.4   17:05  20.7    6:50   0.0   6.9   0.0   4.5  37.0   16:50    SE
-------------------------------------------------------------------------------------
    24.5  30.7     2    17.7    13     0.0 192.6   0.0   7.1  69.2     4      SE

Max >=  32.0:  0
Max <=   0.0:  0
Min <=   0.0:  0
Min <= -18.0:  0
Max Rain: 0.00 ON 01/08/18
Days of Rain: 0 (> .2 mm) 0 (> 2 mm) 0 (> 20 mm)
Heat Base:  18.3  Cool Base:  18.3  Method: Integration