NOAA Reports/Αναφορές NOAA

Select a Year or Month report
2022 > Jan Feb Mar Apr May Jun Jul Aug Sep Oct Nov Dec
2021 > Jan Feb Mar Apr May Jun Jul Aug Sep Oct Nov Dec
2020 > Jan Feb Mar Apr May Jun Jul Aug Sep Oct Nov Dec
2019 > Jan Feb Mar Apr May Jun Jul Aug Sep Oct Nov Dec
2018 > Jan Feb Mar Apr May Jun Jul Aug Sep Oct Nov Dec
2017 > Jan Feb Mar Apr May Jun Jul Aug Sep Oct Nov Dec

Report for 2018 Sep
                   MONTHLY CLIMATOLOGICAL SUMMARY for SEP. 2018

NAME: Amira   CITY: Amira   STATE: Greece 
ELEV:   650 m  LAT:  35 02' 31" N  LONG:  25 26' 46" E

                   TEMPERATURE (C), RAIN  (mm), WIND SPEED (km/hr)

                                      HEAT  COOL        AVG
    MEAN                              DEG   DEG         WIND                 DOM
DAY TEMP  HIGH   TIME   LOW    TIME   DAYS  DAYS  RAIN  SPEED HIGH   TIME    DIR
------------------------------------------------------------------------------------
 1  25.2  29.4   16:20  21.8    7:15   0.0   6.9   0.0   4.5  22.5   13:00   NNW
 2  25.7  30.1   15:50  21.7    6:20   0.0   7.4   0.0   4.7  38.6   17:25     N
 3  26.3  30.5   15:55  21.3    5:50   0.0   8.0   0.0   6.1  32.2   20:30   NNW
 4  26.9  30.6   12:00  22.8   22:35   0.0   8.6   0.0   4.8  29.0    4:05    SE
 5  24.1  27.3   18:30  19.9    5:45   0.0   5.8   0.0   5.8  37.0   21:00   SSE
 6  23.4  26.9   13:35  20.3    5:45   0.0   5.1   0.0   5.3  25.7    2:25    SE
 7  24.1  28.1   16:35  21.2    4:25   0.0   5.8   0.0   7.9  29.0   11:30   NNW
 8  24.3  27.2   17:50  20.6    6:20   0.0   6.0   0.0   5.8  27.4   15:05   NNW
 9  23.4  26.9   14:35  20.1    6:30   0.0   5.1   0.0   8.5  48.3   22:00   NNE
10  23.1  25.9   15:15  21.1    4:35   0.0   4.8   0.0  16.3  56.3    6:30   NNE
11  23.0  26.6   12:30  19.7    7:20   0.0   4.7   0.0  10.0  57.9    2:25   NNE
12  21.5  25.1   12:20  19.2   23:50   0.0   3.2   0.0  13.5  54.7    6:50   NNE
13  19.4  22.3   17:20  16.2   10:00   0.2   1.4   5.0   5.3  35.4   21:25     N
14  19.6  23.2   15:00  15.8    6:40   0.4   1.7   0.0   4.5  29.0   15:00    SE
15  20.1  24.1   13:30  16.3    6:05   0.3   2.1   0.0   4.7  25.7   16:35     N
16  21.7  25.9   15:15  17.4    6:30   0.1   3.5   0.0   5.1  25.7   12:55    SE
17  24.3  29.6   14:20  19.8    0:10   0.0   6.0   0.0  11.7  53.1   20:55   NNE
18  23.9  28.9   13:25  19.2   23:40   0.0   5.7   0.0  11.9  57.9    5:50    SE
19  20.9  25.2   14:40  17.2    7:15   0.1   2.7   0.0   3.7  25.7   13:45    SE
20  20.2  24.5    8:40  16.5    5:40   0.4   2.3   0.0   3.9  22.5   12:20     N
21  19.9  24.3   15:15  15.4    7:25   0.6   2.2   0.0   3.7  25.7   15:25     N
22  19.9  24.3   13:30  15.5    7:20   0.5   2.1   0.0   3.5  25.7   13:55     N
23  20.5  25.0    8:50  16.1    4:50   0.5   2.7   0.0   3.4  22.5   14:00   NNW
24  21.3  25.3   12:30  17.8    2:50   0.0   3.1   0.0   3.9  20.9   12:55   NNW
25  21.6  25.2   14:55  18.5    6:35   0.0   3.3   0.0   5.8  53.1   00:00   NNW
26  16.9  20.0    0:05  14.4   23:20   1.5   0.1   0.0  31.1  95.0   15:15   NNE
27  16.8  20.4   00:00  14.0    7:20   1.7   0.1   0.0   7.1  64.4    1:05   NNE
28  19.4  23.2   13:45  15.3    2:05   0.2   1.4  11.6   6.8  40.2    4:45    SE
29  18.3  19.8   10:45  17.4    7:10   0.2   0.2   0.0   7.7  40.2   13:05    SE
30  18.1  20.9   13:30  16.3    8:00   0.6   0.4   7.8   6.6  37.0   12:50    NW
-------------------------------------------------------------------------------------
    21.8  30.6     4    14.0    27     7.3 112.4  24.4   7.5  95.0    26       N

Max >=  32.0:  0
Max <=   0.0:  0
Min <=   0.0:  0
Min <= -18.0:  0
Max Rain: 11.61 ON 28/09/18
Days of Rain: 3 (> .2 mm) 3 (> 2 mm) 0 (> 20 mm)
Heat Base:  18.3  Cool Base:  18.3  Method: Integration