NOAA Reports/Αναφορές NOAA

Select a Year or Month report
2022 > Jan Feb Mar Apr May Jun Jul Aug Sep Oct Nov Dec
2021 > Jan Feb Mar Apr May Jun Jul Aug Sep Oct Nov Dec
2020 > Jan Feb Mar Apr May Jun Jul Aug Sep Oct Nov Dec
2019 > Jan Feb Mar Apr May Jun Jul Aug Sep Oct Nov Dec
2018 > Jan Feb Mar Apr May Jun Jul Aug Sep Oct Nov Dec
2017 > Jan Feb Mar Apr May Jun Jul Aug Sep Oct Nov Dec

Report for 2018 Oct
                   MONTHLY CLIMATOLOGICAL SUMMARY for OCT. 2018

NAME: Amira   CITY: Amira   STATE: Greece 
ELEV:   650 m  LAT:  35 02' 31" N  LONG:  25 26' 46" E

                   TEMPERATURE (C), RAIN  (mm), WIND SPEED (km/hr)

                                      HEAT  COOL        AVG
    MEAN                              DEG   DEG         WIND                 DOM
DAY TEMP  HIGH   TIME   LOW    TIME   DAYS  DAYS  RAIN  SPEED HIGH   TIME    DIR
------------------------------------------------------------------------------------
 1  18.4  21.9   15:25  15.7   23:55   0.7   0.8   0.0   7.6  40.2   12:45    NW
 2  17.7  20.7   14:30  14.7    6:55   1.2   0.6   0.0   5.6  32.2   13:30     N
 3  19.3  22.2   12:35  16.1    7:05   0.5   1.4   0.0   4.5  20.9   12:40     N
 4  22.6  25.7   11:25  19.7    6:55   0.0   4.2   0.0   3.7  20.9   11:30     N
 5  21.8  25.7    9:15  18.6   23:45   0.0   3.6   0.0   3.4  20.9   14:00    SE
 6  19.2  23.9   13:40  15.6   23:20   0.5   1.3   0.0   3.2  32.2   14:00    SE
 7  18.1  21.9   14:55  14.7    5:30   1.2   0.9   0.0   3.1  19.3   11:15    SE
 8  18.2  21.6   14:15  15.6    2:00   1.0   0.8   0.0   3.5  29.0   15:25    SE
 9  17.8  21.9   14:05  14.3    4:50   1.3   0.9   0.0   4.0  27.4   19:25    SE
10  16.8  20.8   16:20  13.6    6:25   1.9   0.3   0.0   3.7  25.7    0:05    SE
11  17.3  21.2   13:40  13.8    3:50   1.6   0.6   0.0   6.0  48.3   21:55    SE
12  17.2  20.7   15:25  13.9    7:10   1.4   0.3   0.0  11.4  57.9    3:50   NNE
13  17.4  20.5   14:55  14.1    3:40   1.2   0.3   0.6   6.0  30.6   22:15    SE
14  17.3  20.8   12:35  14.1    6:50   1.4   0.4   0.0   4.3  29.0   15:00    SE
15  17.1  21.8   14:10  14.4    5:10   1.7   0.5   0.0   3.5  29.0   16:15     N
16  17.1  21.4   16:15  14.2    7:30   1.7   0.4   0.0   4.2  32.2   14:25   NNW
17  16.6  20.7   15:10  13.0    3:45   2.0   0.3   0.0   3.9  27.4   13:30    SE
18  16.8  20.6   12:40  13.2    5:30   1.9   0.5   0.0   4.2  24.1   14:50     N
19  17.6  20.4   16:25  14.6    5:50   1.2   0.5   0.0   3.1  16.1   11:35   NNW
20  19.4  22.9   14:55  15.9    4:55   0.3   1.4   0.0   2.9  20.9   13:20   NNW
21  18.3  22.3   14:05  14.7   23:55   0.8   0.9   0.0   3.1  22.5   12:10     N
22  17.4  20.9   13:35  14.9    0:05   1.4   0.5   0.0   3.5  20.9   12:55     N
23  17.2  20.5   16:55  14.8    6:55   1.3   0.2   2.6   4.2  20.9   14:50   NNE
24  16.0  18.7   13:10  14.1    7:50   2.3   0.0   4.2   3.9  25.7   13:40   WNW
25  14.0  18.6    9:05   9.6   00:00   4.3   0.0   0.8  15.4  75.6   15:05   NNE
26  12.6  17.1   16:45   8.7    5:35   5.7   0.0   0.0   5.0  25.7   12:25     N
27  14.9  18.7   14:35  11.3    6:10   3.4   0.0   0.0   4.0  20.9   14:40     N
28  15.1  17.8   13:30  13.2    0:05   3.2   0.0   0.0   6.1  22.5    9:55    NE
29  16.1  19.3   12:50  13.4    5:30   2.2   0.0   0.0   5.8  22.5   10:45   NNE
30  16.7  20.0   11:50  14.1    6:55   1.8   0.2   0.0   3.5  20.9   11:05     N
31  19.5  22.8   12:40  17.1    0:05   0.2   1.4   0.0   3.2  20.9   12:45    NW
-------------------------------------------------------------------------------------
    17.5  25.7     5     8.7    26    49.4  23.3   8.2   4.8  75.6    25      SE

Max >=  32.0:  0
Max <=   0.0:  0
Min <=   0.0:  0
Min <= -18.0:  0
Max Rain: 4.19 ON 24/10/18
Days of Rain: 4 (> .2 mm) 2 (> 2 mm) 0 (> 20 mm)
Heat Base:  18.3  Cool Base:  18.3  Method: Integration