NOAA Reports/Αναφορές NOAA

Select a Year or Month report
2022 > Jan Feb Mar Apr May Jun Jul Aug Sep Oct Nov Dec
2021 > Jan Feb Mar Apr May Jun Jul Aug Sep Oct Nov Dec
2020 > Jan Feb Mar Apr May Jun Jul Aug Sep Oct Nov Dec
2019 > Jan Feb Mar Apr May Jun Jul Aug Sep Oct Nov Dec
2018 > Jan Feb Mar Apr May Jun Jul Aug Sep Oct Nov Dec
2017 > Jan Feb Mar Apr May Jun Jul Aug Sep Oct Nov Dec

Report for 2018 Nov
                   MONTHLY CLIMATOLOGICAL SUMMARY for NOV. 2018

NAME: Amira   CITY: Amira   STATE: Greece 
ELEV:   650 m  LAT:  35 02' 31" N  LONG:  25 26' 46" E

                   TEMPERATURE (C), RAIN  (mm), WIND SPEED (km/hr)

                                      HEAT  COOL        AVG
    MEAN                              DEG   DEG         WIND                 DOM
DAY TEMP  HIGH   TIME   LOW    TIME   DAYS  DAYS  RAIN  SPEED HIGH   TIME    DIR
------------------------------------------------------------------------------------
 1  20.7  25.1    8:40  16.6   21:55   0.1   2.5   0.0   3.7  17.7   12:10   SSE
 2  19.5  23.8    8:35  16.3   20:55   0.4   1.6   0.0   3.5  22.5   11:25     N
 3  18.6  23.4    8:40  14.7   00:00   1.0   1.3   0.0   3.2  20.9   12:05   NNW
 4  16.6  20.4   13:30  13.3   00:00   2.1   0.4   0.0   3.7  25.7   14:15   NNW
 5  15.4  19.7   14:15  11.9    6:20   3.0   0.1   0.0   4.0  20.9   11:30   NNW
 6  15.4  19.4   12:00  12.1   22:30   3.0   0.1   0.0   3.7  20.9   13:25     N
 7  14.4  18.1   15:05  10.9    4:15   3.8   0.0   0.0   3.9  20.9   11:20     N
 8  14.7  18.8   13:25  11.9    4:40   3.6   0.0   7.4   3.4  25.7   13:45    SE
 9  13.4  16.3   14:05  11.7    4:40   4.9   0.0   1.2   3.1  22.5   13:45    SE
10  14.1  17.6   10:40  11.7    5:15   4.3   0.0   2.0   3.2  17.7   10:30   NNW
11  14.4  17.8    8:40  12.2    5:20   3.9   0.0   0.0   3.5  17.7   14:05   NNW
12  14.9  18.7   14:05  12.1    3:30   3.4   0.0   0.0   4.7  37.0   23:30   NNW
13  13.8  15.4   11:45  12.3   16:45   4.5   0.0   0.0  17.2  69.2   13:45   NNE
14  14.0  17.9   14:25  10.5   21:35   4.3   0.0   0.0  11.1  70.8    6:40   NNE
15  12.2  14.7   12:35  10.7    1:55   6.1   0.0   0.0  18.5  72.4    8:35    NE
16  11.6  15.2   13:15   9.6    4:50   6.7   0.0   8.6   5.3  41.8    2:00    SE
17  13.7  15.5   12:05  10.8    1:00   4.7   0.0  28.6   6.9  57.9   10:25    SE
18  14.9  16.8   11:05  14.0    7:10   3.4   0.0   1.2   6.9  30.6   13:05    SE
19  15.3  17.6    9:55  12.3   23:40   3.0   0.0   0.0   4.5  24.1    2:20    SE
20  16.1  19.9   11:25  12.2    0:25   2.3   0.1   0.0   4.3  17.7   10:05    SE
21  17.6  20.7   11:15  14.1   23:45   1.2   0.4   0.0  10.0  45.1    5:00    NW
22  14.7  17.9   14:45  12.2   21:10   3.6   0.0   1.2   8.5  38.6    4:35   WNW
23  11.7  13.6   12:25  10.3   20:45   6.6   0.0   2.0  20.6  67.6   22:40   NNW
24  12.3  15.9   13:05   9.2   23:20   6.0   0.0   0.0   8.9  74.0    0:35   NNW
25  11.4  14.9   13:40   8.4    6:15   6.9   0.0   0.0   4.0  27.4   13:20   NNW
26  13.7  16.1   13:50  12.1    6:55   4.6   0.0  11.8   5.1  43.5    2:30    NW
27  14.1  16.3   10:20  13.1    2:05   4.2   0.0   0.0   3.4  25.7   11:40    SE
28  12.8  14.4    3:00  11.3    8:40   5.5   0.0   3.0   6.8  33.8   13:05    NW
29  11.9  15.2   12:05   9.3   00:00   6.4   0.0  16.2   3.9  24.1   14:20   NNW
30   9.4  10.7   12:40   7.9   17:30   8.9   0.0   7.2  23.3  75.6   14:15     N
-------------------------------------------------------------------------------------
    14.4  25.1     1     7.9    30   122.3   6.5  90.4   7.1  75.6    30     NNW

Max >=  32.0:  0
Max <=   0.0:  0
Min <=   0.0:  0
Min <= -18.0:  0
Max Rain: 28.60 ON 17/11/18
Days of Rain: 12 (> .2 mm) 9 (> 2 mm) 1 (> 20 mm)
Heat Base:  18.3  Cool Base:  18.3  Method: Integration