NOAA Reports/Αναφορές NOAA

Select a Year or Month report
2022 > Jan Feb Mar Apr May Jun Jul Aug Sep Oct Nov Dec
2021 > Jan Feb Mar Apr May Jun Jul Aug Sep Oct Nov Dec
2020 > Jan Feb Mar Apr May Jun Jul Aug Sep Oct Nov Dec
2019 > Jan Feb Mar Apr May Jun Jul Aug Sep Oct Nov Dec
2018 > Jan Feb Mar Apr May Jun Jul Aug Sep Oct Nov Dec
2017 > Jan Feb Mar Apr May Jun Jul Aug Sep Oct Nov Dec

Report for 2018 Dec
                   MONTHLY CLIMATOLOGICAL SUMMARY for DEC. 2018

NAME: Amira   CITY: Amira   STATE: Greece 
ELEV:   650 m  LAT:  35 02' 31" N  LONG:  25 26' 46" E

                   TEMPERATURE (C), RAIN  (mm), WIND SPEED (km/hr)

                                      HEAT  COOL        AVG
    MEAN                              DEG   DEG         WIND                 DOM
DAY TEMP  HIGH   TIME   LOW    TIME   DAYS  DAYS  RAIN  SPEED HIGH   TIME    DIR
------------------------------------------------------------------------------------
 1   8.9  11.2   16:05   7.1   21:25   9.4   0.0   0.0   7.9  59.5    1:35   NNW
 2   9.7  12.2   12:25   8.5    0:30   8.6   0.0   0.2   2.6  19.3    2:05   NNW
 3  10.2  11.4   21:15   9.1    6:00   8.1   0.0   2.6   5.1  56.3   23:15    NW
 4  11.1  14.6   14:00   9.0   22:50   7.2   0.0   0.0  11.9  66.0    9:30   NNW
 5  10.6  12.9    9:00   9.5   18:40   7.7   0.0   8.8   9.3  51.5   23:30   NNE
 6   8.1  10.1    0:10   5.7   23:45  10.3   0.0   4.2  18.2  69.2    3:55     N
 7   8.0  12.3   15:20   5.2    6:15  10.3   0.0   0.2  14.2  78.9    9:50   NNE
 8   9.6  13.9   13:20   4.5    6:50   8.8   0.0   0.0   6.1  29.0   12:05    NW
 9  11.4  13.0    1:15  10.2   22:35   6.9   0.0  39.8   8.4  40.2   10:05    NW
10  11.4  13.8   13:00   9.7   00:00   6.9   0.0   1.8   9.8  56.3   17:05    NW
11   9.9  11.7    9:50   8.3   23:05   8.4   0.0   2.2  10.0  40.2   16:25   WNW
12   8.0  10.4   14:35   5.8    5:55  10.3   0.0   1.0  10.8  40.2    2:35   NNE
13   9.7  11.6   15:15   5.9    2:05   8.6   0.0  37.0   6.3  37.0   16:40   NNW
14  12.2  15.1   14:55  10.5   20:10   6.1   0.0   0.0   4.3  19.3    0:40     N
15  12.2  13.7   13:25  10.8    6:50   6.1   0.0  10.2   8.0  35.4   13:00    SE
16  11.4  12.8    3:55   9.6   11:35   6.9   0.0  14.6   8.9  49.9    2:15    SE
17  11.2  13.8   13:50   9.1    7:30   7.1   0.0   0.0   9.0  32.2    4:40   WNW
18  10.2  12.3    2:45   8.3   23:50   8.1   0.0  28.0   9.5  59.5    4:40    NW
19   7.3   9.3    1:35   5.7   17:15  11.0   0.0  13.2  15.8  67.6   11:45   NNW
20   8.2  11.3   12:50   6.1   23:25  10.1   0.0   0.0   9.0  61.2    5:25    SE
21   8.1  12.1   13:55   4.9    7:25  10.3   0.0   0.0   3.7  19.3   12:30     N
22  10.1  14.1   15:20   5.8    4:15   8.3   0.0   0.0   4.8  24.1   10:40   NNW
23  10.5  12.8   15:50   7.8   23:35   7.8   0.0   0.0   6.8  38.6    3:15   WNW
24  10.4  13.4   15:20   6.8    7:00   7.9   0.0   0.0   6.4  37.0   18:05   NNW
25  11.7  14.7   14:05   8.8   23:50   6.6   0.0   3.4  10.3  43.5   13:45    NW
26   5.6   9.2    1:10   2.9   21:05  12.8   0.0   0.4  17.7  72.4    9:20   NNE
27   5.2   6.6   12:05   3.8    1:20  13.1   0.0   0.0  10.9  53.1   11:05    NE
28   6.7   9.2   10:10   4.3    6:05  11.6   0.0   0.0   4.8  51.5    0:45   NNW
29   7.7  11.7   13:45   5.1    5:05  10.6   0.0   0.0   3.4  22.5    2:15     N
30   8.4  11.8   13:00   5.6    6:15   9.9   0.0   1.4   4.5  24.1   12:40    SE
31   7.5  10.0   11:05   5.4    6:25  10.8   0.0  44.8   5.0  35.4   16:00     N
-------------------------------------------------------------------------------------
     9.4  15.1    14     2.9    26   276.4   0.0 213.8   8.5  78.9     7     NNW

Max >=  32.0:  0
Max <=   0.0:  0
Min <=   0.0:  0
Min <= -18.0:  0
Max Rain: 44.81 ON 31/12/18
Days of Rain: 18 (> .2 mm) 12 (> 2 mm) 4 (> 20 mm)
Heat Base:  18.3  Cool Base:  18.3  Method: Integration