NOAA Reports/Αναφορές NOAA

Select a Year or Month report
2022 > Jan Feb Mar Apr May Jun Jul Aug Sep Oct Nov Dec
2021 > Jan Feb Mar Apr May Jun Jul Aug Sep Oct Nov Dec
2020 > Jan Feb Mar Apr May Jun Jul Aug Sep Oct Nov Dec
2019 > Jan Feb Mar Apr May Jun Jul Aug Sep Oct Nov Dec
2018 > Jan Feb Mar Apr May Jun Jul Aug Sep Oct Nov Dec
2017 > Jan Feb Mar Apr May Jun Jul Aug Sep Oct Nov Dec

Report for 2019 Jan
                   MONTHLY CLIMATOLOGICAL SUMMARY for JAN. 2019

NAME: Amira   CITY: Amira   STATE: Greece 
ELEV:   650 m  LAT:  35 02' 31" N  LONG:  25 26' 46" E

                   TEMPERATURE (C), RAIN  (mm), WIND SPEED (km/hr)

                                      HEAT  COOL        AVG
    MEAN                              DEG   DEG         WIND                 DOM
DAY TEMP  HIGH   TIME   LOW    TIME   DAYS  DAYS  RAIN  SPEED HIGH   TIME    DIR
------------------------------------------------------------------------------------
 1   8.4  11.3   12:00   6.7   22:15   9.8   0.0  11.8   4.7  32.2    2:25     N
 2   7.1  11.3    9:30   5.1    6:50  11.2   0.0  10.6   7.1  48.3   15:35   NNW
 3   8.2  10.3   11:55   6.2   00:00  10.1   0.0  32.4  10.6  49.9   12:00    NW
 4   6.3   7.8   13:05   4.7   17:15  12.0   0.0   2.2   8.4  41.8    0:30    NW
 5   3.9   6.3   10:45   1.4   14:40  14.4   0.0  10.8   8.5  45.1    5:50    NW
 6   3.9   6.8   15:40   0.4    6:00  14.4   0.0   1.0  11.9  46.7    4:10     N
 7   5.3   8.1   14:50   2.3   00:00  13.0   0.0   1.4   7.2  40.2   23:55   NNW
 8   1.1   3.4   12:30  -1.1    8:15  17.2   0.0   2.4  14.3  53.1   10:00   NNW
 9   5.8   9.3   14:50   0.6    0:05  12.5   0.0   1.2   6.4  48.3   00:00     N
10   9.2   9.8   23:45   8.8    0:50   9.1   0.0   0.2   9.5  49.9    9:50    SE
11   9.6  11.4   10:45   8.5   22:20   8.7   0.0   0.0   6.1  33.8    0:50    SE
12   9.3  10.9   12:05   6.0   22:05   9.0   0.0   4.8   7.2  32.2   22:10    SE
13   7.5  10.1   11:10   5.8   13:40  10.8   0.0  10.6   9.0  48.3   16:10     N
14   7.5  10.4   14:35   4.8    9:05  10.8   0.0   8.2   6.8  29.0    5:35    NW
15   6.6   9.2    3:05   0.3   00:00  11.7   0.0  34.8  15.6  57.9   20:40   NNW
16   1.7   4.4   19:35  -0.7    4:20  16.7   0.0   8.4  13.7  57.9    0:45   NNW
17   6.4  11.1   13:15   1.7    0:20  11.9   0.0   0.8   4.2  17.7   21:30   NNW
18   7.6   9.8   11:35   5.8   23:55  10.7   0.0   0.0   4.7  20.9    4:50     N
19   7.4   9.9   13:50   4.7    4:20  10.9   0.0   0.0   4.0  14.5   12:40   NNW
20   8.1  10.8   12:00   6.0    1:55  10.2   0.0  31.8   5.5  41.8   16:45    SE
21   9.8  13.5   15:50   7.2   22:30   8.5   0.0   6.4   6.3  38.6    2:20   NNW
22   9.3  11.8   13:40   6.2    3:15   9.0   0.0   0.0   5.8  33.8   13:30   NNW
23   9.9  10.8   11:20   9.0    0:05   8.4   0.0   0.0   9.7  49.9   20:10    SE
24   8.4  10.7    3:10   6.1    9:45   9.8   0.0  18.4   8.5  40.2    1:55    NW
25   9.6  10.8   18:00   7.2   18:50   8.7   0.0   1.8   9.5  46.7   18:30    SE
26   7.3   8.3    1:00   5.6    8:50  11.0   0.0  24.0   6.6  40.2    2:20    NW
27   8.9  11.8   13:45   7.1    0:55   9.4   0.0   0.0  10.0  45.1    7:35   NNW
28   8.7  10.9   15:15   6.6    2:40   9.6   0.0   0.0   5.8  24.1    9:40   WNW
29  10.1  12.5   12:45   7.9    7:10   8.2   0.0   0.0   8.4  38.6   11:55    SE
30   8.0  10.3    1:20   6.3   19:45  10.3   0.0  17.2   8.2  51.5    1:40    NW
31   7.6   8.8   16:00   3.8    8:35  10.7   0.0  22.6   9.7  48.3   13:50    NW
-------------------------------------------------------------------------------------
     7.4  13.5    21    -1.1     8   338.8   0.0 263.8   8.2  57.9    15      NW

Max >=  32.0:  0
Max <=   0.0:  0
Min <=   0.0:  2
Min <= -18.0:  0
Max Rain: 34.80 ON 15/01/19
Days of Rain: 23 (> .2 mm) 17 (> 2 mm) 5 (> 20 mm)
Heat Base:  18.3  Cool Base:  18.3  Method: Integration