NOAA Reports/Αναφορές NOAA

Select a Year or Month report
2022 > Jan Feb Mar Apr May Jun Jul Aug Sep Oct Nov Dec
2021 > Jan Feb Mar Apr May Jun Jul Aug Sep Oct Nov Dec
2020 > Jan Feb Mar Apr May Jun Jul Aug Sep Oct Nov Dec
2019 > Jan Feb Mar Apr May Jun Jul Aug Sep Oct Nov Dec
2018 > Jan Feb Mar Apr May Jun Jul Aug Sep Oct Nov Dec
2017 > Jan Feb Mar Apr May Jun Jul Aug Sep Oct Nov Dec

Report for 2019 Feb
                   MONTHLY CLIMATOLOGICAL SUMMARY for FEB. 2019

NAME: Amira   CITY: Amira   STATE: Greece 
ELEV:   650 m  LAT:  35 02' 31" N  LONG:  25 26' 46" E

                   TEMPERATURE (C), RAIN  (mm), WIND SPEED (km/hr)

                                      HEAT  COOL        AVG
    MEAN                              DEG   DEG         WIND                 DOM
DAY TEMP  HIGH   TIME   LOW    TIME   DAYS  DAYS  RAIN  SPEED HIGH   TIME    DIR
------------------------------------------------------------------------------------
 1   8.9  12.1   14:20   6.7    4:55   9.3   0.0   0.0   6.6  35.4   12:50    NW
 2   9.7  12.4    9:30   6.0    3:25   8.6   0.0   0.0   3.7  14.5   12:10    SE
 3  11.1  13.8   12:10   8.3   19:50   7.2   0.0   0.0   5.0  24.1   11:40   NNE
 4  10.8  13.9   16:40   8.2    5:50   7.5   0.0   0.0  12.2  43.5   19:50   ESE
 5  11.2  14.1    3:05   5.8   21:40   7.1   0.0  24.2  17.7  66.0   17:50   ESE
 6   7.6   9.0   10:20   5.8   20:15  10.7   0.0   6.2   7.7  38.6   14:25    SE
 7   7.3   9.9   13:00   6.1   20:00  11.0   0.0  11.6   3.7  25.7    0:20     N
 8   7.4   9.8   12:00   6.2   18:55  10.9   0.0   4.6  14.0  61.2    5:40   NNE
 9   7.7  10.9   13:15   5.0    4:55  10.7   0.0   1.2   8.2  40.2    0:20     N
10   7.8  11.4   16:30   4.7    7:15  10.5   0.0   0.0   6.9  40.2    2:35     N
11   8.5  12.4   14:20   4.2    4:20   9.8   0.0   0.0   6.9  32.2   10:05   WNW
12   9.2  11.7   12:35   7.4   22:40   9.1   0.0   0.0   5.3  37.0   12:40    SE
13   7.6   9.0   11:00   5.0   12:10  10.7   0.0  31.0   4.5  33.8    5:20    SE
14   6.8   8.6    9:25   5.6   00:00  11.4   0.0  36.6   8.9  66.0   23:00   NNE
15   4.9   7.6   13:30   3.1   20:50  13.3   0.0  10.8  30.1  98.2    7:40     N
16   5.8   9.0   14:55   3.9    0:05  12.5   0.0   8.8   7.2  43.5    4:05   NNW
17   7.2  10.5   10:30   4.6    2:10  11.1   0.0   5.8   4.3  48.3   23:35   NNE
18   8.3  11.3   16:40   5.7   21:35  10.0   0.0   0.0   6.3  43.5    0:05    SE
19   7.7  11.7   12:40   4.3    4:45  10.6   0.0   0.0   4.2  22.5   12:30     N
20   8.6  11.9   13:00   5.5    7:15   9.7   0.0   0.0   4.2  20.9   13:00   NNW
21   9.4  13.7   12:35   5.8    6:40   8.9   0.0   0.0   4.8  20.9   11:40   NNW
22   9.4  13.0   11:40   6.3    1:20   8.9   0.0   0.0   4.7  22.5   11:20     N
23   8.3  10.5   12:40   7.2   22:40  10.0   0.0   1.4   4.7  33.8   12:50    SE
24   8.6  12.1   15:30   5.8    3:40   9.7   0.0  20.0   5.3  30.6   10:30   ENE
25   8.0  11.3   10:15   3.9   15:10  10.3   0.0  59.4  11.6  64.4   15:05   ENE
26   7.9   9.3    5:35   5.9    0:50  10.4   0.0   7.6  14.6  70.8   15:20     N
27   6.6   8.7   12:35   3.8   22:30  11.8   0.0   6.2  15.0  64.4   21:30   NNW
28   5.6   8.4   15:50   3.8    6:40  12.7   0.0   0.6  16.9  82.1   11:05   NNW
-------------------------------------------------------------------------------------
     8.1  14.1     5     3.1    15   284.5   0.0 236.0   8.8  98.2    15     NNW

Max >=  32.0:  0
Max <=   0.0:  0
Min <=   0.0:  0
Min <= -18.0:  0
Max Rain: 59.41 ON 25/02/19
Days of Rain: 16 (> .2 mm) 13 (> 2 mm) 4 (> 20 mm)
Heat Base:  18.3  Cool Base:  18.3  Method: Integration