NOAA Reports/Αναφορές NOAA

Select a Year or Month report
2022 > Jan Feb Mar Apr May Jun Jul Aug Sep Oct Nov Dec
2021 > Jan Feb Mar Apr May Jun Jul Aug Sep Oct Nov Dec
2020 > Jan Feb Mar Apr May Jun Jul Aug Sep Oct Nov Dec
2019 > Jan Feb Mar Apr May Jun Jul Aug Sep Oct Nov Dec
2018 > Jan Feb Mar Apr May Jun Jul Aug Sep Oct Nov Dec
2017 > Jan Feb Mar Apr May Jun Jul Aug Sep Oct Nov Dec

Report for 2019 Mar
                   MONTHLY CLIMATOLOGICAL SUMMARY for MAR. 2019

NAME: Amira   CITY: Amira   STATE: Greece 
ELEV:   650 m  LAT:  35 02' 31" N  LONG:  25 26' 46" E

                   TEMPERATURE (C), RAIN  (mm), WIND SPEED (km/hr)

                                      HEAT  COOL        AVG
    MEAN                              DEG   DEG         WIND                 DOM
DAY TEMP  HIGH   TIME   LOW    TIME   DAYS  DAYS  RAIN  SPEED HIGH   TIME    DIR
------------------------------------------------------------------------------------
 1   8.7  12.4   14:20   4.6    6:00   9.6   0.0   0.0   7.9  38.6   10:20    NW
 2   9.6  12.5   14:25   8.2    5:10   8.8   0.0   0.2   8.4  32.2   11:10   WNW
 3  10.1  13.2   14:10   6.7    4:50   8.2   0.0   2.4   9.2  43.5   11:25   NNE
 4   9.0  12.7   11:40   6.1   23:25   9.3   0.0   0.0   4.0  20.9   15:50    SE
 5   9.7  13.1   16:10   6.3    0:05   8.6   0.0   0.0   5.3  24.1   12:25    NW
 6  10.5  14.7   14:55   6.7    4:05   7.8   0.0   0.0   5.3  29.0   12:55    SE
 7  12.7  16.7    8:45   9.1    6:40   5.7   0.0   0.0   3.2  17.7   11:45     N
 8  13.3  17.0   13:15   9.2    0:40   5.0   0.0   0.0   3.7  16.1   14:15   NNW
 9  13.9  17.0    8:05   9.7    6:40   4.4   0.0   0.0   3.5  17.7   21:45     N
10  16.2  19.7   15:30  10.6    1:05   2.4   0.2   0.0   7.7  37.0    8:40   WNW
11  15.3  17.1   13:05  13.0    3:40   3.0   0.0   0.0  11.9  38.6   16:30    NW
12  12.8  15.3    1:10   6.5   23:55   5.5   0.0  17.4   7.4  38.6    7:05    NW
13   8.0  11.3   11:30   5.7    5:05  10.3   0.0   5.4   8.2  53.1   19:45    NW
14   9.2  12.4   12:55   7.3    5:00   9.1   0.0   0.4   8.2  53.1    2:00    NW
15   8.1  11.7   12:05   5.2   18:15  10.2   0.0  22.4  10.9  38.6   12:40   WNW
16   9.3  13.0   16:10   6.5    2:20   9.0   0.0   1.6  10.1  41.8   15:10     N
17  13.4  16.9   15:35   8.3    6:15   4.9   0.0   0.0   5.1  19.3   13:45   NNW
18  12.6  16.0    7:55   8.6   23:35   5.7   0.0   0.0   4.7  24.1   10:00   WNW
19  11.3  15.2   11:20   7.1    4:00   6.9   0.0   0.0   4.5  25.7   10:35   WNW
20  11.1  15.0   11:20   8.5   23:55   7.2   0.0   0.0   4.0  20.9   11:30   NNW
21  12.2  16.8   15:05   7.1    6:35   6.1   0.0   0.0   3.9  24.1   13:35     N
22  14.1  18.6    8:30   9.8    3:00   4.2   0.0   0.0   3.7  20.9   12:55    SE
23  14.2  18.8    8:40  10.8   21:20   4.1   0.0   0.0   6.3  46.7   21:20   NNW
24  11.3  15.1   14:20   7.9   19:40   7.0   0.0   0.0  23.0  90.1   19:30   NNE
25  11.9  17.6   16:45   7.6    5:50   6.3   0.0   0.0  12.1  75.6    6:25    SE
26  13.1  17.8   10:00   8.2    2:25   5.2   0.0   0.0   6.9  38.6   13:55    NW
27  12.9  16.7   14:15   8.9    6:30   5.4   0.0   0.0   5.5  33.8    4:40     N
28  10.8  13.7   11:15   9.4   17:30   7.5   0.0  13.2   6.0  35.4   13:15   ENE
29   8.8  11.0   12:30   5.9   18:40   9.5   0.0  26.2  19.3  88.5   19:00   NNW
30   6.2   8.1   15:25   4.2    6:20  12.1   0.0   8.0  31.7  83.7    8:25   NNW
31   8.1  10.1   16:10   6.2    0:05   9.8   0.0   0.4  28.0  74.0   12:05   NNW
-------------------------------------------------------------------------------------
    11.2  19.7    10     4.2    30   219.0   0.2  97.6   9.0  90.1    24     NNW

Max >=  32.0:  0
Max <=   0.0:  0
Min <=   0.0:  0
Min <= -18.0:  0
Max Rain: 26.19 ON 29/03/19
Days of Rain: 11 (> .2 mm) 7 (> 2 mm) 2 (> 20 mm)
Heat Base:  18.3  Cool Base:  18.3  Method: Integration