NOAA Reports/Αναφορές NOAA

Select a Year or Month report
2022 > Jan Feb Mar Apr May Jun Jul Aug Sep Oct Nov Dec
2021 > Jan Feb Mar Apr May Jun Jul Aug Sep Oct Nov Dec
2020 > Jan Feb Mar Apr May Jun Jul Aug Sep Oct Nov Dec
2019 > Jan Feb Mar Apr May Jun Jul Aug Sep Oct Nov Dec
2018 > Jan Feb Mar Apr May Jun Jul Aug Sep Oct Nov Dec
2017 > Jan Feb Mar Apr May Jun Jul Aug Sep Oct Nov Dec

Report for 2019 Apr
                   MONTHLY CLIMATOLOGICAL SUMMARY for APR. 2019

NAME: Amira   CITY: Amira   STATE: Greece 
ELEV:   650 m  LAT:  35 02' 31" N  LONG:  25 26' 46" E

                   TEMPERATURE (C), RAIN  (mm), WIND SPEED (km/hr)

                                      HEAT  COOL        AVG
    MEAN                              DEG   DEG         WIND                 DOM
DAY TEMP  HIGH   TIME   LOW    TIME   DAYS  DAYS  RAIN  SPEED HIGH   TIME    DIR
------------------------------------------------------------------------------------
 1   9.6  13.5   14:50   7.6   23:10   8.8   0.0   0.0  12.9  69.2    2:15   NNE
 2   9.9  14.8   14:10   5.9    5:55   8.4   0.0   0.0   4.0  22.5   14:10    SE
 3  10.6  14.4   13:00   6.7    7:00   7.7   0.0   0.0   4.2  22.5   13:20   NNW
 4  10.4  14.3   12:05   8.0   23:05   7.9   0.0   3.4   3.9  25.7   15:45   NNW
 5   9.8  11.9   12:55   8.2    3:20   8.5   0.0  10.2   6.0  38.6   23:20     N
 6  11.6  13.2   16:25   9.3    2:30   6.7   0.0  92.0  10.0  56.3    5:30    SE
 7  12.2  16.0   12:25  10.2   23:55   6.1   0.0  15.8   3.2  22.5   15:00    SE
 8  10.4  14.1   11:45   8.1   23:55   7.9   0.0   8.0   5.6  38.6   18:55    NW
 9  10.2  13.4   13:30   7.9    0:10   8.1   0.0   0.0  11.6  48.3   16:15    NW
10  10.9  14.2   15:45   8.8    6:00   7.4   0.0   0.0  11.3  40.2   10:15    NW
11  14.9  17.8   14:45  11.3    0:05   3.4   0.0   0.0   6.9  30.6    3:25    SE
12  15.8  19.1   10:20  11.8    0:05   2.5   0.0   0.0   6.8  35.4   23:15    SE
13  15.1  19.9   13:50  10.5   23:40   3.3   0.0   0.0   6.9  29.0    3:25     E
14  12.6  16.3   12:30   9.2    6:45   5.7   0.0   0.0   9.0  41.8   13:00   WNW
15  10.7  13.6   12:45   7.2   23:10   7.6   0.0   8.4   7.6  35.4   13:55   WNW
16  10.1  12.6   13:40   7.8    0:05   8.3   0.0   2.2   7.2  41.8   19:45   NNE
17  11.6  15.2   15:10   8.1    0:20   6.7   0.0   0.0   6.4  48.3    4:20    SE
18  11.1  14.1   17:00   7.6    4:45   7.2   0.0   0.0   6.1  40.2   23:40   NNW
19   9.9  12.3   14:50   8.5   20:30   8.3   0.0   0.0  18.2  82.1   16:55   NNE
20  10.5  13.8   14:15   7.8   00:00   7.8   0.0   0.0  10.6  56.3    1:05   NNE
21   9.6  14.3   15:05   6.8    5:55   8.7   0.0   0.0  13.2  59.5    5:00   NNW
22  10.7  15.3   15:35   5.8    5:30   7.6   0.0   0.0   4.2  20.9   13:25     N
23  14.1  17.7   23:45  10.4    0:05   4.2   0.0   0.0   3.5  17.7   15:05    SE
24  17.3  19.4   11:15  13.9    5:35   1.1   0.1   0.0   4.5  22.5   11:30    SE
25  19.7  23.1   11:20  15.4    4:00   0.5   1.9   0.0   4.0  22.5   15:40   NNW
26  21.0  24.6   12:45  17.0   23:50   0.1   2.8   0.0   4.2  29.0    1:00    SE
27  19.3  22.8   14:05  15.5    5:40   0.5   1.5   0.0   4.3  20.9   14:05   SSE
28  18.3  22.0   10:55  15.2   22:20   0.9   0.8   0.0   3.7  19.3    8:55     N
29  17.6  21.9    9:45  14.1    6:25   1.3   0.6   0.0   5.3  22.5   14:55   NNW
30  17.8  21.4   12:10  13.6    7:05   1.1   0.5   0.0   5.1  24.1   12:15    SE
-------------------------------------------------------------------------------------
    13.1  24.6    26     5.8    22   164.2   8.3 140.0   7.0  82.1    19      SE

Max >=  32.0:  0
Max <=   0.0:  0
Min <=   0.0:  0
Min <= -18.0:  0
Max Rain: 92.00 ON 06/04/19
Days of Rain: 7 (> .2 mm) 7 (> 2 mm) 1 (> 20 mm)
Heat Base:  18.3  Cool Base:  18.3  Method: Integration