NOAA Reports/Αναφορές NOAA

Select a Year or Month report
2022 > Jan Feb Mar Apr May Jun Jul Aug Sep Oct Nov Dec
2021 > Jan Feb Mar Apr May Jun Jul Aug Sep Oct Nov Dec
2020 > Jan Feb Mar Apr May Jun Jul Aug Sep Oct Nov Dec
2019 > Jan Feb Mar Apr May Jun Jul Aug Sep Oct Nov Dec
2018 > Jan Feb Mar Apr May Jun Jul Aug Sep Oct Nov Dec
2017 > Jan Feb Mar Apr May Jun Jul Aug Sep Oct Nov Dec

Report for 2019 May
                   MONTHLY CLIMATOLOGICAL SUMMARY for MAY. 2019

NAME: Amira   CITY: Amira   STATE: Greece 
ELEV:   650 m  LAT:  35 02' 31" N  LONG:  25 26' 46" E

                   TEMPERATURE (C), RAIN  (mm), WIND SPEED (km/hr)

                                      HEAT  COOL        AVG
    MEAN                              DEG   DEG         WIND                 DOM
DAY TEMP  HIGH   TIME   LOW    TIME   DAYS  DAYS  RAIN  SPEED HIGH   TIME    DIR
------------------------------------------------------------------------------------
 1  17.1  22.4   13:25  12.3   22:55   1.8   0.6   8.8   6.8  37.0   18:10   NNW
 2  15.1  18.6   17:00  11.0   23:10   3.2   0.0   0.0   5.3  29.0    7:45    NW
 3  14.1  17.1   13:15   9.9    6:55   4.2   0.0   0.0   5.5  25.7    3:45   SSE
 4  15.2  18.2   13:10  11.4    5:50   3.1   0.0   0.0   4.5  20.9   22:25    SE
 5  17.4  20.1    6:05  13.1   00:00   1.1   0.2   0.0  10.0  45.1   13:05   ESE
 6  14.4  19.2   16:45  10.8   23:50   3.9   0.0   0.0   8.2  40.2   23:30    NW
 7  11.9  15.3   17:00   9.6    5:30   6.4   0.0   0.0  11.7  56.3    2:50   WNW
 8  11.7  15.4   13:25   7.1    6:10   6.6   0.0   0.0   4.3  25.7   15:20   NNW
 9  12.4  16.1   15:35   8.5    5:05   5.8   0.0   0.0   4.8  29.0   14:05    SE
10  13.7  16.8   16:40  10.8    5:15   4.6   0.0   0.0   4.3  20.9    5:30   SSE
11  15.5  19.6    8:30  11.9   00:00   2.9   0.0   0.0   4.2  22.5    2:50    NW
12  15.3  19.3   13:10  10.7    6:15   3.0   0.0   0.0   4.2  24.1   13:50   SSE
13  17.4  20.6   16:20  12.9    0:45   1.3   0.4   0.0   5.5  20.9    9:25    SE
14  20.8  25.7   17:50  17.7    1:15   0.1   2.6   0.0   5.3  25.7    7:15   ENE
15  20.9  25.2   11:30  17.4   18:50   0.0   2.7   0.0   5.6  37.0   19:00   ENE
16  18.0  22.6    9:30  12.6   23:10   1.3   1.0   0.0   4.7  19.3   17:30   NNW
17  16.4  20.2   11:05  12.2   23:55   2.1   0.2   0.0   6.0  30.6   16:20    SE
18  16.4  20.7   18:40  11.7    2:20   2.2   0.3   0.0   4.0  24.1   14:20     N
19  20.1  24.6   22:35  15.6    5:30   0.5   2.3   0.0   3.9  20.9   14:05    SE
20  22.7  26.9   17:55  18.2    7:00   0.0   4.4   0.0   4.0  30.6   21:40    SE
21  25.2  28.2   13:20  22.0    5:45   0.0   6.9   0.0   6.1  32.2    3:50    SE
22  25.9  30.5   16:55  21.3   23:55   0.0   7.7   0.0   6.1  25.7   12:15   NNE
23  23.9  27.3   13:10  20.2   22:35   0.0   5.6   0.0   3.5  19.3   13:25    SE
24  19.9  22.6   12:55  15.7   23:40   0.3   1.9   0.0   8.0  38.6    6:30   WNW
25  17.9  22.0   17:20  13.4    6:40   1.4   1.0   0.0   4.8  25.7    4:10    SE
26  19.1  22.3   17:50  15.3    6:00   0.5   1.3   0.0   4.3  20.9   13:25   SSE
27  20.7  23.8   11:30  15.9    5:50   0.3   2.7   0.0   3.9  17.7   12:30    SE
28  23.7  28.5   13:30  20.3    3:50   0.0   5.4   0.0   3.7  22.5   15:55   NNE
29  23.3  28.2   16:20  19.6   23:25   0.0   5.0   0.0   4.5  37.0   21:40    SE
30  22.2  26.2   15:40  18.0    1:05   0.0   3.9   0.0   2.3  12.9   13:45   NNW
31  24.2  28.3   16:30  19.8    0:50   0.0   5.9   0.0   4.2  41.8   16:35    SE
-------------------------------------------------------------------------------------
    18.5  30.5    22     7.1     8    56.7  62.2   8.8   5.3  56.3     7      SE

Max >=  32.0:  0
Max <=   0.0:  0
Min <=   0.0:  0
Min <= -18.0:  0
Max Rain: 8.79 ON 01/05/19
Days of Rain: 1 (> .2 mm) 1 (> 2 mm) 0 (> 20 mm)
Heat Base:  18.3  Cool Base:  18.3  Method: Integration