NOAA Reports/Αναφορές NOAA

Select a Year or Month report
2022 > Jan Feb Mar Apr May Jun Jul Aug Sep Oct Nov Dec
2021 > Jan Feb Mar Apr May Jun Jul Aug Sep Oct Nov Dec
2020 > Jan Feb Mar Apr May Jun Jul Aug Sep Oct Nov Dec
2019 > Jan Feb Mar Apr May Jun Jul Aug Sep Oct Nov Dec
2018 > Jan Feb Mar Apr May Jun Jul Aug Sep Oct Nov Dec
2017 > Jan Feb Mar Apr May Jun Jul Aug Sep Oct Nov Dec

Report for 2019 Jun
                   MONTHLY CLIMATOLOGICAL SUMMARY for JUN. 2019

NAME: Amira   CITY: Amira   STATE: Greece 
ELEV:   650 m  LAT:  35 02' 31" N  LONG:  25 26' 46" E

                   TEMPERATURE (C), RAIN  (mm), WIND SPEED (km/hr)

                                      HEAT  COOL        AVG
    MEAN                              DEG   DEG         WIND                 DOM
DAY TEMP  HIGH   TIME   LOW    TIME   DAYS  DAYS  RAIN  SPEED HIGH   TIME    DIR
------------------------------------------------------------------------------------
 1  22.8  26.3   14:15  19.6    6:10   0.0   4.5   0.0   5.3  33.8   16:55    SE
 2  21.1  24.7   16:25  17.2   23:50   0.1   2.9   0.0   6.0  29.0    9:45    NW
 3  18.7  22.8   13:40  14.2   23:50   0.8   1.2   0.0   3.4  22.5   13:15    SE
 4  17.5  21.6   18:55  13.1    2:20   1.7   0.8   0.0   4.0  20.9   15:20    SE
 5  17.6  20.9   13:50  13.3    4:10   1.5   0.7   0.0   3.7  22.5   15:05   SSE
 6  19.2  22.8   16:20  15.4    6:00   0.6   1.5   0.0   4.5  22.5   16:45   SSE
 7  21.5  26.5   16:25  16.9    6:20   0.2   3.4   0.0   5.0  37.0   16:30   NNW
 8  23.7  27.5   15:10  18.7    4:55   0.0   5.4   0.0  11.7  56.3   23:10     N
 9  25.7  29.1   11:45  22.6   23:30   0.0   7.4   0.0  20.4  67.6   18:55   NNE
10  23.4  27.6   15:20  19.1   00:00   0.0   5.1   0.0   8.9  56.3    0:45    SE
11  21.4  25.4   17:40  17.6    6:05   0.0   3.2   0.0   5.0  30.6   22:45    SE
12  21.8  25.8   18:30  17.9    3:50   0.0   3.6   0.0   3.9  30.6   13:55    SE
13  24.1  27.2   15:25  20.1    0:05   0.0   5.8   0.0   6.9  41.8   15:25    SE
14  25.9  29.4   14:35  22.2    0:15   0.0   7.7   0.0  11.9  54.7    5:40   NNE
15  23.3  25.9   15:00  21.2    5:50   0.0   5.0   0.0  16.6  53.1    7:50    NW
16  23.2  27.4   14:40  19.7   00:00   0.0   4.9   0.0  10.1  49.9    4:25   NNE
17  23.7  27.8   13:10  19.4    1:00   0.0   5.4   0.0   5.1  37.0   14:35   NNE
18  24.4  28.5   14:45  20.7    4:45   0.0   6.1   0.0   6.0  43.5   10:15   NNE
19  24.3  28.2   15:50  21.3   23:35   0.0   6.1   0.0   5.8  43.5    5:35    SE
20  23.9  27.3   16:55  19.5    5:40   0.0   5.7   0.0   5.5  32.2   23:00   WNW
21  24.6  28.8   16:05  20.4    6:00   0.0   6.3   0.0   5.5  38.6   13:35     N
22  24.8  27.4   14:45  21.7    2:55   0.0   6.5   0.0   9.7  56.3   20:50   NNE
23  26.0  30.7   15:55  20.7    2:15   0.0   7.7   0.0   6.3  72.4    7:25    SE
24  28.2  32.5    8:50  23.6    0:05   0.0   9.9   0.0   3.9  19.3   13:10    SE
25  25.1  29.8    9:00  21.1   23:20   0.0   6.8   0.0   4.0  20.9   13:35     N
26  24.1  27.7   13:35  19.9    5:55   0.0   5.8   0.0   3.7  22.5   15:10    SE
27  25.1  29.4   14:25  21.4    3:35   0.0   6.8   0.0   4.5  33.8   16:45    SE
28  25.6  29.4   13:30  22.1    2:50   0.0   7.3   0.0   9.3  54.7   18:35   NNW
29  25.8  29.3   11:50  22.1    4:15   0.0   7.5   0.0   9.5  61.2   21:20    SE
30  23.7  26.8   10:25  20.0   21:45   0.0   5.4   0.0  17.5  70.8    5:40   NNW
-------------------------------------------------------------------------------------
    23.3  32.5    24    13.1     4     4.9 156.3   0.0   7.5  72.4    23      SE

Max >=  32.0:  1
Max <=   0.0:  0
Min <=   0.0:  0
Min <= -18.0:  0
Max Rain: 0.00 ON 01/06/19
Days of Rain: 0 (> .2 mm) 0 (> 2 mm) 0 (> 20 mm)
Heat Base:  18.3  Cool Base:  18.3  Method: Integration