NOAA Reports/Αναφορές NOAA

Select a Year or Month report
2022 > Jan Feb Mar Apr May Jun Jul Aug Sep Oct Nov Dec
2021 > Jan Feb Mar Apr May Jun Jul Aug Sep Oct Nov Dec
2020 > Jan Feb Mar Apr May Jun Jul Aug Sep Oct Nov Dec
2019 > Jan Feb Mar Apr May Jun Jul Aug Sep Oct Nov Dec
2018 > Jan Feb Mar Apr May Jun Jul Aug Sep Oct Nov Dec
2017 > Jan Feb Mar Apr May Jun Jul Aug Sep Oct Nov Dec

Report for 2019 Jul
                   MONTHLY CLIMATOLOGICAL SUMMARY for JUL. 2019

NAME: Amira   CITY: Amira   STATE: Greece 
ELEV:   650 m  LAT:  35 02' 31" N  LONG:  25 26' 46" E

                   TEMPERATURE (C), RAIN  (mm), WIND SPEED (km/hr)

                                      HEAT  COOL        AVG
    MEAN                              DEG   DEG         WIND                 DOM
DAY TEMP  HIGH   TIME   LOW    TIME   DAYS  DAYS  RAIN  SPEED HIGH   TIME    DIR
------------------------------------------------------------------------------------
 1  23.7  28.1    9:30  19.1    3:25   0.0   5.3   0.0   4.5  29.0   13:05    SE
 2  22.6  25.9    8:20  19.1    2:10   0.0   4.3   0.0   4.0  22.5   14:20     N
 3  23.1  26.7   19:05  19.0    6:35   0.0   4.8   0.0   4.0  20.9   13:40   NNW
 4  26.3  30.3   18:10  20.6    2:15   0.0   8.0   0.0   6.3  40.2   21:35    SE
 5  29.9  32.9   12:35  25.5    2:55   0.0  11.6   0.0   8.7  32.2   10:30   NNE
 6  28.0  31.0   11:35  24.9   21:25   0.0   9.7   0.0  10.3  41.8   23:25   NNE
 7  26.3  30.4   14:05  22.7   23:50   0.0   8.0   0.0  11.4  57.9   17:05   NNE
 8  28.1  32.8   16:25  22.2    0:50   0.0   9.8   0.0   6.3  38.6    6:45   NNW
 9  29.1  32.4    9:20  24.8    3:25   0.0  10.8   0.0   5.0  20.9   13:20   NNW
10  30.1  33.3    8:30  26.3    1:55   0.0  11.8   0.0   6.1  20.9   13:20   NNW
11  28.9  32.7   14:20  21.2   23:40   0.0  10.6   0.0   9.0  56.3   12:10   WNW
12  22.4  26.1   15:10  18.8    6:25   0.0   4.1   0.0   4.5  32.2   10:35    SE
13  22.7  25.7   16:50  19.4    5:45   0.0   4.4   0.0   4.3  22.5   15:55     N
14  22.8  25.8   17:25  20.3    1:00   0.0   4.5   0.0   6.8  37.0   16:05    NW
15  21.5  24.6   12:45  19.2    5:15   0.0   3.2   0.0   3.9  22.5   12:45    SE
16  22.6  26.1   13:35  18.4    0:35   0.0   4.3   0.0   5.0  27.4   11:45    SE
17  21.2  23.9   15:30  17.2    7:15   0.0   2.9   8.6   7.7  54.7   22:10    SE
18  22.2  26.2   14:25  18.9   23:55   0.0   3.9   0.0   8.9  56.3    5:10    SE
19  22.1  27.2   16:20  17.1    5:45   0.1   3.9   0.0   4.5  27.4   12:20     N
20  23.0  27.8   15:55  18.0    5:50   0.0   4.7   0.0   5.3  37.0   13:45     N
21  25.2  29.8   14:30  19.3    2:40   0.0   6.9   0.0   6.0  38.6   19:35    SE
22  26.5  30.2   13:30  22.3    7:05   0.0   8.2   0.0   6.6  40.2   14:40   NNE
23  26.8  30.8   13:50  22.3    4:30   0.0   8.5   0.0   6.9  41.8    1:40    SE
24  26.1  29.6   15:00  22.5    1:20   0.0   7.8   0.0   9.5  54.7    6:45   NNE
25  24.3  27.7   14:00  20.6   22:15   0.0   6.0   0.0  14.2  59.5    2:05   NNE
26  24.1  27.8   14:00  20.1   23:50   0.0   5.8   0.0   4.7  37.0    5:20    SE
27  24.6  28.2   15:30  19.9    2:50   0.0   6.3   0.0   8.7  54.7   15:55   NNE
28  27.0  31.7   15:10  20.9    6:45   0.0   8.7   0.0   7.1  53.1    3:55    SE
29  27.3  32.3   12:50  21.1   00:00   0.0   9.0   0.0   4.5  37.0   14:30    NW
30  23.7  27.3    8:10  19.6    4:45   0.0   5.3   0.0   3.7  20.9   11:50     N
31  24.9  28.3   18:10  21.2    5:10   0.0   6.6   0.0   4.2  22.5   14:10     N
-------------------------------------------------------------------------------------
    25.1  33.3    10    17.1    19     0.1 209.6   8.6   6.5  59.5    25      SE

Max >=  32.0:  6
Max <=   0.0:  0
Min <=   0.0:  0
Min <= -18.0:  0
Max Rain: 8.61 ON 17/07/19
Days of Rain: 1 (> .2 mm) 1 (> 2 mm) 0 (> 20 mm)
Heat Base:  18.3  Cool Base:  18.3  Method: Integration