NOAA Reports/Αναφορές NOAA

Select a Year or Month report
2022 > Jan Feb Mar Apr May Jun Jul Aug Sep Oct Nov Dec
2021 > Jan Feb Mar Apr May Jun Jul Aug Sep Oct Nov Dec
2020 > Jan Feb Mar Apr May Jun Jul Aug Sep Oct Nov Dec
2019 > Jan Feb Mar Apr May Jun Jul Aug Sep Oct Nov Dec
2018 > Jan Feb Mar Apr May Jun Jul Aug Sep Oct Nov Dec
2017 > Jan Feb Mar Apr May Jun Jul Aug Sep Oct Nov Dec

Report for 2019 Aug
                   MONTHLY CLIMATOLOGICAL SUMMARY for AUG. 2019

NAME: Amira   CITY: Amira   STATE: Greece 
ELEV:   650 m  LAT:  35 02' 31" N  LONG:  25 26' 46" E

                   TEMPERATURE (C), RAIN  (mm), WIND SPEED (km/hr)

                                      HEAT  COOL        AVG
    MEAN                              DEG   DEG         WIND                 DOM
DAY TEMP  HIGH   TIME   LOW    TIME   DAYS  DAYS  RAIN  SPEED HIGH   TIME    DIR
------------------------------------------------------------------------------------
 1  25.7  29.6   14:15  21.6    4:50   0.0   7.4   0.0   5.5  40.2   14:50     N
 2  27.2  31.4   14:45  22.6    1:50   0.0   8.9   0.0   6.3  46.7    9:35   NNE
 3  29.5  33.6   13:10  24.4    6:55   0.0  11.2   0.0   6.6  38.6   13:10     N
 4  29.3  31.7   14:45  25.3   23:10   0.0  11.0   0.0  13.8  49.9   21:20     N
 5  25.6  27.6   11:20  23.6   19:55   0.0   7.3   0.0  17.4  61.2   21:35   NNE
 6  23.0  25.7   16:25  19.6   23:55   0.0   4.7   0.0  26.7  75.6    5:15   NNW
 7  24.4  28.6   13:35  19.3    6:55   0.0   6.1   0.0   4.5  25.7   15:40    SE
 8  25.2  30.2    8:45  21.5    4:55   0.0   6.9   0.0   4.0  20.9   13:45     N
 9  26.0  30.9   14:40  21.8    1:00   0.0   7.7   0.0   4.5  22.5   12:10     N
10  27.3  32.3   14:35  22.7    3:35   0.0   9.0   0.0   4.3  22.5   14:20     N
11  28.9  34.4    9:10  24.8   22:20   0.0  10.6   0.0   4.7  24.1   13:20   SSE
12  26.7  31.2    9:10  23.1    5:00   0.0   8.4   0.0   4.2  24.1   13:20   SSE
13  25.9  29.8    9:00  22.6    4:30   0.0   7.6   0.0   3.5  20.9   11:40   SSE
14  23.9  26.8   16:45  20.7   00:00   0.0   5.6   0.0   3.5  25.7   14:55   SSE
15  23.8  27.1   16:25  20.2    7:10   0.0   5.5   0.0   4.2  22.5   16:30   SSE
16  24.1  26.9    8:25  21.0    4:40   0.0   5.8   0.0   4.0  20.9   12:50   SSE
17  24.1  27.9   12:35  20.9    5:25   0.0   5.7   0.0   4.8  29.0   22:45   SSE
18  23.2  27.1   15:55  19.8   23:50   0.0   4.9   0.0  13.5  61.2    7:00    NE
19  22.8  27.6   15:35  18.7   23:55   0.0   4.5   0.0   8.9  61.2    4:50   SSE
20  22.4  26.9    9:10  18.4    1:50   0.0   4.2   0.0   4.2  22.5   13:50   SSE
21  22.8  27.8   16:25  17.1    3:10   0.1   4.6   0.0   4.3  25.7   13:40   SSE
22  24.4  28.2   13:10  20.6    2:40   0.0   6.1   0.0   4.2  22.5   12:55     N
23  27.2  31.3    9:10  22.4    0:05   0.0   8.9   0.0   4.7  24.1   14:05   SSE
24  27.2  31.3   13:05  24.1    3:40   0.0   8.9   0.0   4.3  25.7   15:50     N
25  26.9  32.4    8:55  23.5   22:35   0.0   8.6   0.0   4.2  20.9   13:10     N
26  27.9  33.2    9:20  24.6   20:50   0.0   9.6   0.0   4.5  22.5   14:25   SSE
27  27.8  31.6   15:55  24.4    5:30   0.0   9.5   0.0   5.6  35.4   21:45   SSE
28  26.3  28.8   11:35  21.7   23:00   0.0   8.0   0.0   8.0  40.2    5:15   SSE
29  24.3  27.7   12:25  20.8    5:40   0.0   6.0   0.0   4.2  24.1   13:35   SSE
30  23.7  28.2   13:35  20.1    5:50   0.0   5.4   0.0   3.7  24.1   15:05     N
31  22.6  26.1   14:35  18.6   00:00   0.0   4.2   0.0   4.7  32.2   14:30   SSE
-------------------------------------------------------------------------------------
    25.5  34.4    11    17.1    21     0.1 222.5   0.0   6.5  75.6     6     SSE

Max >=  32.0:  5
Max <=   0.0:  0
Min <=   0.0:  0
Min <= -18.0:  0
Max Rain: 0.00 ON 01/08/19
Days of Rain: 0 (> .2 mm) 0 (> 2 mm) 0 (> 20 mm)
Heat Base:  18.3  Cool Base:  18.3  Method: Integration