NOAA Reports/Αναφορές NOAA

Select a Year or Month report
2022 > Jan Feb Mar Apr May Jun Jul Aug Sep Oct Nov Dec
2021 > Jan Feb Mar Apr May Jun Jul Aug Sep Oct Nov Dec
2020 > Jan Feb Mar Apr May Jun Jul Aug Sep Oct Nov Dec
2019 > Jan Feb Mar Apr May Jun Jul Aug Sep Oct Nov Dec
2018 > Jan Feb Mar Apr May Jun Jul Aug Sep Oct Nov Dec
2017 > Jan Feb Mar Apr May Jun Jul Aug Sep Oct Nov Dec

Report for 2019 Oct
                   MONTHLY CLIMATOLOGICAL SUMMARY for OCT. 2019

NAME: Amira   CITY: Amira   STATE: Greece 
ELEV:   650 m  LAT:  35 02' 31" N  LONG:  25 26' 46" E

                   TEMPERATURE (C), RAIN  (mm), WIND SPEED (km/hr)

                                      HEAT  COOL        AVG
    MEAN                              DEG   DEG         WIND                 DOM
DAY TEMP  HIGH   TIME   LOW    TIME   DAYS  DAYS  RAIN  SPEED HIGH   TIME    DIR
------------------------------------------------------------------------------------
 1  22.6  26.9    9:15  18.7    0:50   0.0   4.3   0.0   3.4  19.3   14:00     N
 2  21.3  24.6    9:00  18.2   20:10   0.0   3.0   0.0   3.7  25.7   13:25     N
 3  20.7  24.9   12:55  18.1   21:20   0.0   2.4   0.0   5.1  30.6   13:20     N
 4  22.4  26.9   12:20  18.8    3:00   0.0   4.2   0.0   5.0  37.0   17:50   ENE
 5  19.4  23.1   12:55  17.1   22:30   0.2   1.3   0.0   8.0  35.4   13:55    NW
 6  19.4  22.3   14:30  16.5    2:15   0.3   1.4   0.0   6.9  57.9    4:05   SSE
 7  17.9  21.1   12:40  15.7    5:40   0.7   0.4   2.4   3.7  32.2   13:15     N
 8  19.4  23.8   16:35  16.7    5:10   0.3   1.4   1.8   3.7  22.5    4:10   SSE
 9  20.0  23.4    8:55  17.1    0:05   0.1   1.8   0.0   4.7  27.4   11:45     N
10  22.1  25.7   15:35  18.5    0:50   0.0   3.8   0.0   3.4  20.9   12:40     N
11  22.8  27.6   11:10  19.4   23:35   0.0   4.5   0.0   2.9  22.5    7:05     N
12  22.7  26.9   11:45  19.6    4:30   0.0   4.3   0.0   3.7  20.9   12:35     N
13  21.9  27.2    9:35  18.7   20:40   0.0   3.6   0.0   3.2  19.3   11:35     N
14  21.1  25.3    8:50  17.9   21:50   0.0   2.8   0.0   3.4  22.5   14:40     N
15  19.8  23.7    9:15  15.9   23:55   0.3   1.7   0.0   3.4  19.3   14:45   SSE
16  18.5  23.6    8:55  15.7    6:20   0.8   1.0   0.0   3.7  24.1   11:40   SSE
17  18.2  21.9   15:40  14.3    6:50   1.1   1.0   0.0   3.2  22.5   13:40     N
18  18.6  22.7   14:45  15.8    4:50   0.5   0.8   1.0   2.7  22.5   14:55     N
19  19.5  22.7   15:05  16.7   23:35   0.3   1.4   0.0   2.6  16.1   14:05     N
20  19.6  23.5   15:05  16.1    6:30   0.5   1.7   0.0   3.7  20.9   13:40     N
21  21.1  24.9   14:50  16.9    4:35   0.1   2.9   0.0   6.8  57.9   22:20     N
22  20.7  24.9   14:40  17.4   21:40   0.0   2.4   0.0   9.5  53.1   11:25    NE
23  18.7  22.6   12:50  15.1    7:25   0.8   1.2   0.0   4.2  33.8   22:05   SSE
24  18.4  22.8   15:30  14.9    6:55   1.1   1.2   0.0   3.5  24.1   14:10   SSE
25  19.7  24.6   10:05  15.8    0:30   0.6   2.0   0.0   3.1  19.3   13:55     N
26  19.6  25.3    9:15  15.4   22:05   0.5   1.8   0.0   3.5  20.9   12:50     N
27  17.9  22.7   12:50  14.1   00:00   1.5   1.1   0.0   3.2  19.3   12:50   SSE
28  16.2  21.4   12:55  12.6    6:00   2.5   0.4   0.0   3.7  35.4   12:55     N
29  16.2  19.4   12:35  12.6    1:00   2.3   0.2   0.0   3.7  24.1   14:35     N
30  16.9  20.8    8:55  13.8    2:35   1.8   0.4   0.0   2.6  17.7   11:05   SSE
31  17.1  21.0   10:10  13.6    5:30   1.7   0.5   5.2   3.9  37.0   20:20   SSE
-------------------------------------------------------------------------------------
    19.7  27.6    11    12.6    28    18.0  60.9  10.4   4.1  57.9     6       N

Max >=  32.0:  0
Max <=   0.0:  0
Min <=   0.0:  0
Min <= -18.0:  0
Max Rain: 5.21 ON 31/10/19
Days of Rain: 4 (> .2 mm) 2 (> 2 mm) 0 (> 20 mm)
Heat Base:  18.3  Cool Base:  18.3  Method: Integration