NOAA Reports/Αναφορές NOAA

Select a Year or Month report
2022 > Jan Feb Mar Apr May Jun Jul Aug Sep Oct Nov Dec
2021 > Jan Feb Mar Apr May Jun Jul Aug Sep Oct Nov Dec
2020 > Jan Feb Mar Apr May Jun Jul Aug Sep Oct Nov Dec
2019 > Jan Feb Mar Apr May Jun Jul Aug Sep Oct Nov Dec
2018 > Jan Feb Mar Apr May Jun Jul Aug Sep Oct Nov Dec
2017 > Jan Feb Mar Apr May Jun Jul Aug Sep Oct Nov Dec

Report for 2019 Nov
                   MONTHLY CLIMATOLOGICAL SUMMARY for NOV. 2019

NAME: Amira   CITY: Amira   STATE: Greece 
ELEV:   650 m  LAT:  35 02' 31" N  LONG:  25 26' 46" E

                   TEMPERATURE (C), RAIN  (mm), WIND SPEED (km/hr)

                                      HEAT  COOL        AVG
    MEAN                              DEG   DEG         WIND                 DOM
DAY TEMP  HIGH   TIME   LOW    TIME   DAYS  DAYS  RAIN  SPEED HIGH   TIME    DIR
------------------------------------------------------------------------------------
 1  17.3  21.0   10:35  13.9   23:50   1.5   0.5   0.8   4.5  27.4   12:00    NW
 2  15.8  18.4   13:05  13.4    5:45   2.5   0.0   0.0   2.7  17.7   14:25     N
 3  16.7  20.2   12:25  13.5    6:35   2.0   0.3   0.0   3.7  22.5   13:45   SSE
 4  17.4  19.4   11:10  15.3    6:00   1.0   0.1   0.0   4.5  20.9   13:50   SSE
 5  17.8  21.1   10:30  14.8    5:25   1.1   0.6   0.0   2.9  19.3   10:35   SSE
 6  17.8  21.7   13:20  14.6    5:25   1.3   0.9   0.0   3.4  20.9   12:10     N
 7  18.0  21.3   11:30  15.5    0:20   1.1   0.8   0.0   3.7  20.9   12:30     N
 8  17.7  20.7   11:45  15.0   22:30   1.0   0.4   0.0   4.2  19.3   11:40    NE
 9  17.7  20.3   11:10  14.9    2:25   1.1   0.5   1.0   4.7  22.5   22:30   SSE
10  17.6  21.3   11:30  15.1    6:05   1.1   0.4   0.0   3.7  19.3    9:45   SSE
11  19.2  22.7   10:50  14.7    5:15   0.3   1.2   1.2   4.8  24.1    3:35   SSE
12  21.1  24.0   11:00  18.2    1:55   0.0   2.7   0.0   9.5  41.8   19:20    SE
13  17.7  20.1    0:20  11.8   18:50   1.2   0.6  38.2  10.3  49.9   20:25   ESE
14  14.9  19.3   15:40  11.1    5:25   3.4   0.0   6.0   5.1  32.2    0:10     N
15  15.5  18.9   15:55  12.8   23:55   2.8   0.0   0.0   5.3  27.4    9:15     N
16  15.1  19.0   13:55  11.6    6:00   3.3   0.0   0.0   3.4  16.1   12:30     N
17  15.4  19.5   12:30  12.7    3:25   2.9   0.0   0.0   4.0  25.7   13:40    SE
18  16.1  18.6   14:25  14.4   22:40   2.2   0.0   9.6   5.8  29.0    9:40   ENE
19  15.4  18.2   11:30  13.2   21:45   2.9   0.0   0.0   5.1  24.1   11:50    NE
20  15.1  18.1   12:25  12.8    4:25   3.2   0.0   0.0   4.7  20.9   11:20    NE
21  15.5  18.1   11:55  12.8    5:25   2.8   0.0   0.0   3.4  17.7   11:35     N
22  15.2  18.2   12:25  11.9   22:15   3.1   0.0   0.2   4.2  37.0    1:00    NW
23  14.0  18.1   14:10  11.1    4:10   4.3   0.0   0.0   3.4  17.7   11:15     N
24  14.2  16.4   10:30  11.3    3:15   4.1   0.0   0.0   7.4  32.2   20:40    SE
25  14.8  16.9   11:40  12.7   23:40   3.5   0.0   2.4   9.7  51.5    7:35   SSE
26  12.6  16.0   12:20  10.8   15:30   5.8   0.0   5.4   6.8  30.6   12:20    NW
27  13.3  16.9   15:05  10.3    4:25   5.0   0.0   0.0   4.0  24.1   13:25   SSE
28  14.6  17.6   12:50  11.4    5:55   3.7   0.0   0.0   6.3  27.4   12:20    NW
29  14.8  16.9   11:35  12.3   00:00   3.5   0.0   0.0   8.9  38.6    9:30    NW
30  13.9  17.3   12:55  11.1    5:10   4.4   0.0   0.0   7.9  40.2   14:45    NW
-------------------------------------------------------------------------------------
    16.1  24.0    12    10.3    27    76.5   9.2  64.8   5.3  51.5    25     SSE

Max >=  32.0:  0
Max <=   0.0:  0
Min <=   0.0:  0
Min <= -18.0:  0
Max Rain: 38.20 ON 13/11/19
Days of Rain: 9 (> .2 mm) 5 (> 2 mm) 1 (> 20 mm)
Heat Base:  18.3  Cool Base:  18.3  Method: Integration