NOAA Reports/Αναφορές NOAA

Select a Year or Month report
2022 > Jan Feb Mar Apr May Jun Jul Aug Sep Oct Nov Dec
2021 > Jan Feb Mar Apr May Jun Jul Aug Sep Oct Nov Dec
2020 > Jan Feb Mar Apr May Jun Jul Aug Sep Oct Nov Dec
2019 > Jan Feb Mar Apr May Jun Jul Aug Sep Oct Nov Dec
2018 > Jan Feb Mar Apr May Jun Jul Aug Sep Oct Nov Dec
2017 > Jan Feb Mar Apr May Jun Jul Aug Sep Oct Nov Dec

Report for 2019 Dec
                   MONTHLY CLIMATOLOGICAL SUMMARY for DEC. 2019

NAME: Amira   CITY: Amira   STATE: Greece 
ELEV:   650 m  LAT:  35 02' 31" N  LONG:  25 26' 46" E

                   TEMPERATURE (C), RAIN  (mm), WIND SPEED (km/hr)

                                      HEAT  COOL        AVG
    MEAN                              DEG   DEG         WIND                 DOM
DAY TEMP  HIGH   TIME   LOW    TIME   DAYS  DAYS  RAIN  SPEED HIGH   TIME    DIR
------------------------------------------------------------------------------------
 1  13.4  15.9   12:30   9.3   23:50   4.9   0.0   0.0  10.6  69.2   17:50    NW
 2  10.4  14.2   13:15   6.8    6:40   7.9   0.0   0.0   3.7  17.7   12:15     N
 3  11.4  16.4   13:00   7.2    4:20   6.9   0.0   0.0   3.9  20.9    9:30     N
 4  13.6  17.2   14:25   9.6    2:45   4.7   0.0   0.0   5.5  37.0   22:00    NW
 5  11.8  14.8   12:20   8.4   00:00   6.5   0.0   0.0   5.1  62.8    5:55   SSE
 6  10.2  13.9   15:40   7.4    6:30   8.1   0.0   0.0   3.4  17.7   12:10   NNE
 7  11.7  15.2   15:00   7.3    5:00   6.6   0.0   0.2   6.0  32.2   14:50     N
 8  13.3  15.4   15:20  11.1   00:00   5.0   0.0   0.0   6.6  37.0   14:30    NW
 9  12.3  15.3   13:25   9.7    7:00   6.0   0.0   6.0   4.5  37.0    2:10    NE
10  11.2  12.5   11:40   9.4   23:05   7.1   0.0  18.2   7.1  35.4   15:50    SE
11  12.0  14.3   12:35  10.4    2:20   6.3   0.0   0.4   5.3  25.7   12:45     N
12  10.8  13.1   15:10   8.9   20:45   7.5   0.0   8.2   4.7  30.6    6:15     N
13  11.1  13.7   13:00   9.3   23:25   7.2   0.0   2.6   8.7  35.4   13:10    NW
14   9.3  11.4   12:55   6.6   16:00   9.0   0.0  40.0   7.4  51.5   12:35    NW
15  11.4  16.2   14:00   6.8    2:05   6.9   0.0   0.0   3.9  17.7   14:15     N
16  12.7  16.4    8:50   9.9    2:40   5.6   0.0   0.0   4.0  24.1   13:25     N
17  12.2  15.7   13:10   9.4    7:30   6.1   0.0   0.0   3.9  17.7   14:30     N
18  12.2  15.8   15:25   8.9    5:35   6.1   0.0   0.0   3.9  17.7   13:40   SSE
19  11.6  15.0   11:10   9.2    2:00   6.7   0.0   0.0   3.5  16.1   11:15     N
20  12.0  14.9   13:10   9.4    1:20   6.3   0.0   0.0   5.1  27.4   23:30     N
21  12.2  15.2   15:30   9.2    7:40   6.1   0.0   0.0   5.0  25.7   12:20    NW
22  11.8  13.1    0:30   9.9    5:05   6.5   0.0   0.0   4.0  33.8   23:15    NW
23  11.0  13.6   12:50   8.2   19:40   7.3   0.0  32.4  13.4  62.8   17:00    NW
24   9.1  10.8    9:05   6.3   12:25   9.2   0.0  10.6  13.4  51.5   15:50    NW
25   8.8  11.4   13:10   6.3    5:30   9.5   0.0   4.4  11.9  48.3    0:05    NW
26   7.2   9.9   12:35   4.4   15:25  11.2   0.0  28.6  15.0  59.5   19:30    NW
27   7.8  10.7   12:35   5.3    6:40  10.5   0.0   6.6   9.2  40.2    0:05   NNE
28   7.7  10.4   12:30   5.1   20:35  10.7   0.0   0.4   5.0  25.7    3:20     N
29   5.3   6.7    1:45   3.6    6:45  13.0   0.0  11.0   2.1  33.8   23:50     N
30   5.2   8.1   12:45   3.4    1:35  13.1   0.0  68.8  22.0  78.9    2:35     N
31   8.4  11.4   15:00   5.9    0:05   9.9   0.0   1.8  11.3  53.1    3:00     N
-------------------------------------------------------------------------------------
    10.6  17.2     4     3.4    30   238.4   0.0 240.2   7.1  78.9    30       N

Max >=  32.0:  0
Max <=   0.0:  0
Min <=   0.0:  0
Min <= -18.0:  0
Max Rain: 68.81 ON 30/12/19
Days of Rain: 16 (> .2 mm) 12 (> 2 mm) 4 (> 20 mm)
Heat Base:  18.3  Cool Base:  18.3  Method: Integration