NOAA Reports/Αναφορές NOAA

Select a Year or Month report
2022 > Jan Feb Mar Apr May Jun Jul Aug Sep Oct Nov Dec
2021 > Jan Feb Mar Apr May Jun Jul Aug Sep Oct Nov Dec
2020 > Jan Feb Mar Apr May Jun Jul Aug Sep Oct Nov Dec
2019 > Jan Feb Mar Apr May Jun Jul Aug Sep Oct Nov Dec
2018 > Jan Feb Mar Apr May Jun Jul Aug Sep Oct Nov Dec
2017 > Jan Feb Mar Apr May Jun Jul Aug Sep Oct Nov Dec

Report for 2020 Jan
                   MONTHLY CLIMATOLOGICAL SUMMARY for JAN. 2020

NAME: Amira   CITY: Amira   STATE: Greece 
ELEV:   650 m  LAT:  35 02' 31" N  LONG:  25 26' 46" E

                   TEMPERATURE (C), RAIN  (mm), WIND SPEED (km/hr)

                                      HEAT  COOL        AVG
    MEAN                              DEG   DEG         WIND                 DOM
DAY TEMP  HIGH   TIME   LOW    TIME   DAYS  DAYS  RAIN  SPEED HIGH   TIME    DIR
------------------------------------------------------------------------------------
 1   7.8  11.1    9:55   5.0   23:35  10.5   0.0   2.6  11.6  54.7   20:25   NNE
 2   3.8   5.9    2:00   1.7    7:20  14.5   0.0  28.2  20.9  74.0    6:30     N
 3   5.5   7.5   15:15   3.2    0:30  12.8   0.0  38.8  19.8  78.9   16:30   NNE
 4   7.8  11.6   15:30   4.3    7:30  10.5   0.0   0.0   8.0  53.1    1:20     N
 5   8.7  11.8   13:20   5.2    1:40   9.6   0.0   3.0   8.7  43.5   23:20    NW
 6   5.1   7.9    1:10   3.3   17:30  13.2   0.0  35.0  11.7  64.4   18:05   NNE
 7   3.7   4.6    0:50   3.1   16:40  14.6   0.0 115.2   9.8  53.1   14:20   NNE
 8   4.4   5.2   19:45   3.6    9:00  13.9   0.0  36.4  21.7  78.9   11:25   NNE
 9   4.6   7.6   20:40   2.6    3:55  13.8   0.0  12.2  20.0  86.9    3:50     N
10   8.1  13.1   15:55   4.1    0:05  10.2   0.0   0.0   4.2  48.3    0:05   NNW
11   8.6  11.8   11:10   5.3    5:45   9.7   0.0   0.0   3.7  19.3   12:40     N
12   8.9  11.6    9:50   6.1   00:00   9.4   0.0   0.0   3.4  22.5   13:10     N
13   8.7  12.9   12:50   5.8    6:15   9.6   0.0   0.0   3.4  24.1   11:55     N
14   8.7  12.1   11:00   5.6    7:00   9.6   0.0   0.0   3.5  20.9   12:00     N
15   9.8  12.4   14:55   6.9    3:10   8.5   0.0   0.0   3.7  32.2   19:50     N
16   9.8  12.3   12:05   8.1   17:00   8.5   0.0   1.6  12.4  53.1   18:20   NNW
17   7.8   9.2    9:45   6.3   11:30  10.5   0.0   1.2  22.7  80.5    1:55   NNE
18   7.6   9.3   15:40   6.0   16:40  10.8   0.0   1.8  13.4  53.1   15:15   NNE
19   7.4   9.9   12:45   5.9   22:55  10.9   0.0   0.2  13.8  53.1    3:15    NE
20   6.2   9.0   11:45   4.5   23:55  12.1   0.0   4.8  16.4  64.4    2:35   NNE
21   5.6   8.6   22:50   4.2    7:35  12.7   0.0   1.2  29.5  82.1   16:35   NNE
22   8.9  12.4   11:45   6.0    0:45   9.4   0.0   0.0  13.7  69.2    6:20   SSE
23  10.2  14.7   14:20   6.0    6:35   8.1   0.0   0.0   7.6  59.5   21:25     N
24   7.7  11.4   13:45   4.1   21:45  10.6   0.0   0.0   8.2  78.9    0:50   SSE
25   7.5  11.0   11:20   3.8    7:05  10.8   0.0   0.0   4.5  24.1   12:35   SSE
26   8.9  12.4   13:30   5.2    1:55   9.4   0.0   0.0   4.3  25.7   14:00    NW
27   9.7  11.6   20:05   8.2    3:30   8.7   0.0   1.0   4.3  24.1   19:35    NW
28  10.3  13.8   13:05   7.4   22:25   8.0   0.0   0.0   8.4  43.5   23:35    NW
29  10.2  11.4    8:50   8.8    4:35   8.2   0.0   0.4  12.2  43.5   19:15    NW
30  11.1  14.3   13:15   9.6    6:55   7.2   0.0   0.0  10.1  41.8    1:10    NW
31  10.1  13.6   12:55   6.8    7:10   8.2   0.0   0.0   6.1  41.8   15:10    NW
-------------------------------------------------------------------------------------
     7.8  14.7    23     1.7     2   324.4   0.0 283.6  11.0  86.9     9       N

Max >=  32.0:  0
Max <=   0.0:  0
Min <=   0.0:  0
Min <= -18.0:  0
Max Rain: 115.19 ON 07/01/20
Days of Rain: 16 (> .2 mm) 9 (> 2 mm) 5 (> 20 mm)
Heat Base:  18.3  Cool Base:  18.3  Method: Integration