NOAA Reports/Αναφορές NOAA

Select a Year or Month report
2022 > Jan Feb Mar Apr May Jun Jul Aug Sep Oct Nov Dec
2021 > Jan Feb Mar Apr May Jun Jul Aug Sep Oct Nov Dec
2020 > Jan Feb Mar Apr May Jun Jul Aug Sep Oct Nov Dec
2019 > Jan Feb Mar Apr May Jun Jul Aug Sep Oct Nov Dec
2018 > Jan Feb Mar Apr May Jun Jul Aug Sep Oct Nov Dec
2017 > Jan Feb Mar Apr May Jun Jul Aug Sep Oct Nov Dec

Report for 2020 Feb
                   MONTHLY CLIMATOLOGICAL SUMMARY for FEB. 2020

NAME: Amira   CITY: Amira   STATE: Greece 
ELEV:   650 m  LAT:  35 02' 31" N  LONG:  25 26' 46" E

                   TEMPERATURE (C), RAIN  (mm), WIND SPEED (km/hr)

                                      HEAT  COOL        AVG
    MEAN                              DEG   DEG         WIND                 DOM
DAY TEMP  HIGH   TIME   LOW    TIME   DAYS  DAYS  RAIN  SPEED HIGH   TIME    DIR
------------------------------------------------------------------------------------
 1  11.1  13.5   13:55   6.9    6:30   7.2   0.0   0.0   6.1  45.1    1:00   SSE
 2  10.1  13.3   12:30   7.5    4:20   8.2   0.0   0.0   3.5  17.7   10:35     N
 3  10.7  13.7   12:55   7.8    7:00   7.6   0.0   0.0   6.9  38.6   18:55    NW
 4  10.9  12.7   12:50   9.9    5:20   7.4   0.0   0.0   7.9  30.6    5:55    NW
 5   9.6  11.9    0:20   4.5   23:30   8.7   0.0  11.0  11.3  57.9   14:20    NW
 6   5.1   6.7   10:50   3.6   13:25  13.2   0.0  12.4  11.7  53.1   00:00    NW
 7   3.4   5.4    2:55   1.8    8:30  14.9   0.0  11.4  16.1  62.8    0:25     N
 8   4.5   6.9   16:40   3.1    5:30  13.8   0.0   0.4   6.6  41.8    1:00    NE
 9   4.8   7.1   12:00   3.3    4:55  13.5   0.0   0.0   9.2  54.7    3:50    NE
10   6.9  11.3   15:30   2.7    4:30  11.3   0.0   0.0   5.6  41.8   18:10     N
11  10.6  14.2   12:55   6.3    0:35   7.7   0.0   0.0  10.3  40.2   22:30    NW
12  12.1  16.0   15:05   8.9    5:25   6.2   0.0   0.0   7.6  43.5   15:30    NW
13  11.4  14.9   10:40   8.7    7:05   6.9   0.0   0.0   3.4  19.3   13:55     N
14  10.4  13.1   15:45   8.6    6:20   7.8   0.0   4.0   2.9  16.1   12:05    SE
15   9.8  12.2   16:05   7.9   13:15   8.5   0.0  29.6   3.9  30.6   13:25     N
16   9.4  11.6   13:00   8.1   19:50   8.9   0.0   8.0  18.0  70.8   23:55   NNE
17   9.6  13.2   15:00   6.7   22:40   8.7   0.0   0.0  11.1  61.2    0:10   SSE
18   8.7  12.2   14:30   5.6   23:25   9.6   0.0   0.0   5.0  24.1   14:30   SSE
19   9.1  11.8   11:25   6.2    0:55   9.2   0.0   0.0   6.1  29.0   22:55   SSE
20   9.8  12.1   16:25   8.1   23:00   8.5   0.0   0.6  10.3  38.6   19:30    NW
21   7.3   9.9   12:25   4.3    3:55  11.0   0.0  17.0  17.2  64.4   13:30     N
22   7.4   9.4   14:05   5.8   23:25  10.9   0.0   0.2  13.8  59.5   21:30    NE
23   6.1   8.8   14:10   3.9    5:30  12.2   0.0   5.6  17.7  67.6    9:10    NE
24   8.2  11.4   15:50   4.2    6:25  10.1   0.0   0.0   5.1  30.6    3:05     N
25  11.2  15.2   14:55   7.5    1:25   7.1   0.0   0.0   4.0  32.2   13:20   SSE
26  11.4  14.7    9:05   8.5    0:30   6.9   0.0   0.0   4.5  20.9   13:15   SSE
27  12.1  17.0   15:20   8.4    5:45   6.2   0.0   0.0   4.8  35.4   21:00    NW
28   9.8  13.0   12:55   7.4    6:10   8.5   0.0   0.2   6.9  41.8   13:05    NW
29   8.1  10.2    3:45   4.9   00:00  10.3   0.0   0.0  12.9  61.2    5:55    NW
-------------------------------------------------------------------------------------
     9.0  17.0    27     1.8     7   271.1   0.0 100.4   8.6  70.8    16      NW

Max >=  32.0:  0
Max <=   0.0:  0
Min <=   0.0:  0
Min <= -18.0:  0
Max Rain: 29.59 ON 15/02/20
Days of Rain: 12 (> .2 mm) 8 (> 2 mm) 1 (> 20 mm)
Heat Base:  18.3  Cool Base:  18.3  Method: Integration