NOAA Reports/Αναφορές NOAA

Select a Year or Month report
2022 > Jan Feb Mar Apr May Jun Jul Aug Sep Oct Nov Dec
2021 > Jan Feb Mar Apr May Jun Jul Aug Sep Oct Nov Dec
2020 > Jan Feb Mar Apr May Jun Jul Aug Sep Oct Nov Dec
2019 > Jan Feb Mar Apr May Jun Jul Aug Sep Oct Nov Dec
2018 > Jan Feb Mar Apr May Jun Jul Aug Sep Oct Nov Dec
2017 > Jan Feb Mar Apr May Jun Jul Aug Sep Oct Nov Dec

Report for 2020 Mar
                   MONTHLY CLIMATOLOGICAL SUMMARY for MAR. 2020

NAME: Amira   CITY: Amira   STATE: Greece 
ELEV:   650 m  LAT:  35 02' 31" N  LONG:  25 26' 46" E

                   TEMPERATURE (C), RAIN  (mm), WIND SPEED (km/hr)

                                      HEAT  COOL        AVG
    MEAN                              DEG   DEG         WIND                 DOM
DAY TEMP  HIGH   TIME   LOW    TIME   DAYS  DAYS  RAIN  SPEED HIGH   TIME    DIR
------------------------------------------------------------------------------------
 1   8.2  12.5   15:15   3.9    2:45  10.2   0.0   0.0   4.5  22.5   13:30   SSE
 2  11.6  15.2   13:30   6.8    1:40   6.7   0.0   0.0   3.5  16.1   11:10   SSE
 3  12.1  14.9    8:30   9.9    5:35   6.2   0.0   0.0   6.8  24.1   12:55   SSE
 4  11.5  13.2    2:15   9.7   23:40   6.8   0.0   0.0   7.4  40.2   12:05    SE
 5  10.1  12.8   14:00   7.9   23:05   8.3   0.0   2.0   5.1  33.8   13:25   SSE
 6   9.9  13.4   13:35   6.3    2:55   8.4   0.0   0.0   4.5  25.7   15:00   SSE
 7  12.8  15.7   21:45   7.8    3:15   5.5   0.0   0.0   4.3  22.5   14:35   SSE
 8  14.4  17.4   11:55  11.2   23:15   3.9   0.0   0.0   6.9  29.0   21:00   SSE
 9   9.7  13.3    4:50   5.6   11:30   8.6   0.0  39.4  10.0  53.1   14:35    NW
10   8.7  11.1   10:40   7.0    2:00   9.6   0.0   2.6   6.4  37.0   11:45    NW
11   8.7  11.4   11:55   6.6   23:20   9.6   0.0   0.0   2.4  12.9    3:35     N
12  11.9  17.7   16:20   6.6    2:15   6.4   0.0   0.0  11.1  64.4   21:30     N
13  14.6  19.8   14:55  10.7    5:15   3.8   0.1   0.0  15.9  78.9    2:10   NNW
14  15.8  20.1    8:10  11.2    6:05   2.6   0.2   0.0   3.9  16.1   11:05   SSE
15  15.7  19.5   12:00  11.0   23:40   2.6   0.1   0.0   3.2  17.7    4:20   SSE
16   9.4  12.9   11:15   5.4   21:20   8.9   0.0   0.6  20.1  83.7   14:40   NNW
17   9.4  15.3    9:10   4.9    3:55   8.9   0.0   0.0  28.3  91.7    6:10     N
18  11.2  14.7   13:15   7.2   23:50   7.1   0.0   0.0  12.1  53.1    0:05   ENE
19   6.6   8.6   11:05   4.9    4:50  11.7   0.0   0.0  19.2  82.1    3:50   NNE
20   7.9  11.1   14:10   5.9    0:05  10.4   0.0   0.0  12.4  72.4   17:05    NE
21   9.9  13.7   14:00   5.9    3:10   8.3   0.0   0.0   4.5  22.5   14:10   SSE
22   9.8  12.1   12:45   7.5    5:10   8.5   0.0   0.0   3.9  22.5   13:20    SE
23  12.2  15.6   12:45   8.6   22:50   6.2   0.0   0.0   4.5  25.7   12:00    SE
24  10.8  14.2   13:15   7.7    4:00   7.5   0.0   0.0   2.9  24.1   11:40   SSE
25  10.8  13.8    9:35   7.9    5:55   7.5   0.0   0.0   5.1  32.2   23:45    SE
26  10.3  12.8   13:55   8.3    6:55   8.0   0.0  20.4   5.5  32.2    2:35    SE
27  11.4  14.8   11:15   8.6    6:05   6.9   0.0  10.2   7.2  38.6   19:45    NW
28  11.5  14.1   11:55   9.0    2:50   6.8   0.0   0.0   9.0  41.8   12:45    NW
29  11.8  15.3   12:05   8.6    5:20   6.3   0.0   0.4   8.4  48.3    7:00    NW
30  11.3  15.7   15:10   8.3    5:30   7.0   0.0   0.0   3.1  20.9   16:20   SSE
31  11.4  14.5   11:15   8.5    7:05   6.9   0.0   2.4  10.8  62.8   17:15   NNE
-------------------------------------------------------------------------------------
    11.0  20.1    14     3.9     1   225.9   0.3  78.0   8.2  91.7    17     SSE

Max >=  32.0:  0
Max <=   0.0:  0
Min <=   0.0:  0
Min <= -18.0:  0
Max Rain: 39.40 ON 09/03/20
Days of Rain: 8 (> .2 mm) 6 (> 2 mm) 2 (> 20 mm)
Heat Base:  18.3  Cool Base:  18.3  Method: Integration