NOAA Reports/Αναφορές NOAA

Select a Year or Month report
2022 > Jan Feb Mar Apr May Jun Jul Aug Sep Oct Nov Dec
2021 > Jan Feb Mar Apr May Jun Jul Aug Sep Oct Nov Dec
2020 > Jan Feb Mar Apr May Jun Jul Aug Sep Oct Nov Dec
2019 > Jan Feb Mar Apr May Jun Jul Aug Sep Oct Nov Dec
2018 > Jan Feb Mar Apr May Jun Jul Aug Sep Oct Nov Dec
2017 > Jan Feb Mar Apr May Jun Jul Aug Sep Oct Nov Dec

Report for 2020 Apr
                   MONTHLY CLIMATOLOGICAL SUMMARY for APR. 2020

NAME: Amira   CITY: Amira   STATE: Greece 
ELEV:   650 m  LAT:  35 02' 31" N  LONG:  25 26' 46" E

                   TEMPERATURE (C), RAIN  (mm), WIND SPEED (km/hr)

                                      HEAT  COOL        AVG
    MEAN                              DEG   DEG         WIND                 DOM
DAY TEMP  HIGH   TIME   LOW    TIME   DAYS  DAYS  RAIN  SPEED HIGH   TIME    DIR
------------------------------------------------------------------------------------
 1  12.3  16.3   11:20   8.8    7:25   6.0   0.0   0.0   8.5  45.1    4:05    NW
 2  10.8  14.2   12:45   8.9   23:15   7.5   0.0   0.0  10.0  53.1   13:05    NW
 3  11.5  17.0   23:05   8.1    3:15   6.8   0.0   3.2   4.8  40.2   23:05     E
 4  15.1  17.3   13:45  12.7   00:00   3.2   0.0   0.0  18.2  66.0    6:00   ESE
 5  12.6  15.0   10:55  10.6    5:45   5.7   0.0   0.6   6.6  33.8   22:25    NW
 6  10.8  13.9   14:20   9.4    7:05   7.5   0.0   0.4  10.0  40.2   22:05   NNW
 7   9.9  11.7   16:35   8.8   20:20   8.3   0.0   1.4  12.2  54.7   19:55   NNW
 8   9.1  11.7   12:40   8.0    4:55   9.2   0.0   5.2  16.1  64.4   23:35   NNE
 9  10.5  14.4   14:45   7.2    7:15   7.8   0.0   0.0   7.2  54.7    0:10   SSE
10  11.2  16.4   13:50   6.5    3:55   7.1   0.0   0.0   5.3  41.8    8:05   SSE
11  14.3  19.0   17:05   9.1    2:15   4.0   0.0   0.0   5.6  43.5    3:20   SSE
12  15.2  19.9   14:55  10.8    4:45   3.4   0.3   0.0   5.0  25.7   13:00     N
13  15.2  19.2    8:40  11.6    1:10   3.1   0.0   0.0   4.8  25.7   14:20   SSE
14  15.5  18.9   12:20  11.7    1:20   2.8   0.0   0.0   5.0  25.7   12:55   SSE
15  15.8  18.9   13:35  12.8    0:20   2.5   0.0   0.0   7.6  48.3   21:40   SSE
16  10.9  17.6   17:00   7.4    9:30   7.4   0.0   5.8  12.1  99.8   12:25    NW
17  12.7  16.8    9:20   8.5    0:05   5.6   0.0   0.0   4.0  24.1   13:20   SSE
18  13.2  17.1   12:55   8.9    3:05   5.1   0.0   0.0   3.9  17.7   11:40     N
19  14.4  18.2    8:20   9.8    6:25   3.9   0.0   0.0   3.5  17.7   13:15   SSE
20  16.5  20.1    8:40  12.4    6:20   2.1   0.3   0.0   3.1  33.8   22:20   SSE
21  17.4  21.3   16:30  13.2    6:40   1.5   0.6   0.0   3.5  16.1   11:25   SSE
22  14.9  18.8   13:40  10.8   23:40   3.4   0.0   0.0   4.0  22.5   11:00   SSE
23  12.1  16.7   12:45   9.1    6:45   6.2   0.0   9.4   4.2  37.0   23:40   SSE
24  11.8  15.9   15:50   8.6   00:00   6.5   0.0   3.4   5.1  41.8   16:00   SSE
25  12.6  17.1   14:30   8.4    0:25   5.7   0.0   0.0   6.9  43.5   10:25    NW
26  13.5  17.7   11:05   9.4    2:35   4.8   0.0   0.0   5.0  25.7   16:15   SSE
27  13.5  16.8   14:35   8.7    3:20   4.8   0.0   0.0   4.0  20.9   13:50   SSE
28  13.8  17.0   17:40  10.2    5:30   4.5   0.0   0.0   3.7  22.5   13:50   SSE
29  16.3  20.4    9:25  11.6    1:55   2.2   0.2   0.0   4.8  20.9   13:00   SSE
30  17.2  19.6   17:15  12.9   23:50   1.3   0.2   0.4   8.2  48.3   15:40    NW
-------------------------------------------------------------------------------------
    13.4  21.3    21     6.5    10   149.9   1.6  29.8   6.8  99.8    16     SSE

Max >=  32.0:  0
Max <=   0.0:  0
Min <=   0.0:  0
Min <= -18.0:  0
Max Rain: 9.40 ON 23/04/20
Days of Rain: 9 (> .2 mm) 5 (> 2 mm) 0 (> 20 mm)
Heat Base:  18.3  Cool Base:  18.3  Method: Integration