NOAA Reports/Αναφορές NOAA

Select a Year or Month report
2022 > Jan Feb Mar Apr May Jun Jul Aug Sep Oct Nov Dec
2021 > Jan Feb Mar Apr May Jun Jul Aug Sep Oct Nov Dec
2020 > Jan Feb Mar Apr May Jun Jul Aug Sep Oct Nov Dec
2019 > Jan Feb Mar Apr May Jun Jul Aug Sep Oct Nov Dec
2018 > Jan Feb Mar Apr May Jun Jul Aug Sep Oct Nov Dec
2017 > Jan Feb Mar Apr May Jun Jul Aug Sep Oct Nov Dec

Report for 2020 May
                   MONTHLY CLIMATOLOGICAL SUMMARY for MAY. 2020

NAME: Amira   CITY: Amira   STATE: Greece 
ELEV:   650 m  LAT:  35 02' 31" N  LONG:  25 26' 46" E

                   TEMPERATURE (C), RAIN  (mm), WIND SPEED (km/hr)

                                      HEAT  COOL        AVG
    MEAN                              DEG   DEG         WIND                 DOM
DAY TEMP  HIGH   TIME   LOW    TIME   DAYS  DAYS  RAIN  SPEED HIGH   TIME    DIR
------------------------------------------------------------------------------------
 1  14.9  19.1   18:25  11.2    3:05   3.3   0.0   0.0   4.2  24.1   11:45   SSE
 2  16.1  19.7   13:25  11.7    5:55   2.4   0.1   0.0   4.2  25.7   23:25   SSE
 3  16.2  20.3   17:15  12.4    3:15   2.2   0.1   0.0   7.2  57.9    6:25   WNW
 4  14.6  18.2   13:20  11.7    5:05   3.7   0.0   1.4   6.6  49.9   22:10   SSE
 5  13.6  17.9   16:15  11.1    2:30   4.7   0.0   0.0  10.1  66.0    8:25   NNW
 6  16.7  21.6   18:20  11.3    2:50   2.2   0.6   0.0   4.0  25.7   22:40   SSE
 7  17.8  21.5   11:25  13.3   23:55   1.2   0.6   0.0   5.0  27.4    4:40   SSE
 8  15.1  19.5   15:05  11.3    5:05   3.3   0.0   0.0  16.9  80.5   17:50   NNE
 9  16.8  21.1   13:10  11.0    4:20   2.2   0.7   0.0   5.6  54.7    1:35   SSE
10  18.1  21.9    9:40  13.4    6:50   1.3   1.1   0.0   3.7  24.1   12:40   SSE
11  20.7  24.4   18:30  16.3    2:20   0.3   2.7   0.0   4.5  19.3   13:25    NW
12  25.9  30.1   17:10  20.9    6:35   0.0   7.6   0.0   7.1  29.0   17:10    NW
13  26.7  29.0   14:00  23.0   23:00   0.0   8.4   0.0   5.6  25.7    1:40   SSE
14  27.4  32.3   18:15  21.7    5:30   0.0   9.1   0.0   4.5  40.2    3:50     N
15  29.4  33.6   12:15  26.1    2:00   0.0  11.2   0.0   3.7  14.5    6:15     N
16  30.8  35.8   18:25  25.7    5:30   0.0  12.5   0.0   3.9  17.7   15:55   SSE
17  31.8  35.9   10:45  26.8   20:35   0.0  13.5   0.0   6.6  33.8    6:00     N
18  30.9  36.0    9:30  26.7    2:50   0.0  12.6   0.0   4.0  22.5   12:50     N
19  31.0  35.6   13:35  26.6    1:55   0.0  12.7   0.0   5.0  25.7   10:50   SSE
20  29.3  32.8   11:20  23.9   23:50   0.0  11.0   0.0   5.1  29.0   12:40   NNE
21  21.7  25.4    4:45  15.8   21:05   0.3   3.6   0.0   8.2  38.6   14:50    NW
22  17.3  20.7   17:50  14.6    6:05   1.3   0.3   0.2   7.4  62.8   16:45    NE
23  16.5  20.2   12:35  12.4    5:40   2.1   0.3   0.0  13.5  74.0   19:40    NE
24  17.8  22.7   14:40  13.1    4:45   1.5   1.0   0.0   9.2  69.2    0:55   SSE
25  19.2  23.2    8:20  15.2    5:50   0.8   1.7   0.0   4.3  24.1   13:00    SW
26  17.0  21.0    8:15  14.6   00:00   1.6   0.3   0.0   4.7  24.1   12:05   SSE
27  15.3  18.1    9:40  12.3   23:35   3.0   0.0   0.0   7.1  33.8    6:05   SSE
28  13.9  17.6   12:35  11.3    4:10   4.3   0.0   1.8   6.1  35.4   15:45    NE
29  15.2  19.1   15:20  12.8    2:15   3.1   0.0   0.4   8.2  38.6    6:40   NNE
30  15.7  18.8   13:00  12.6    6:30   2.6   0.0   0.0   6.9  33.8   13:50   SSE
31  15.8  20.0   14:05  12.8    1:35   2.6   0.1   0.0   3.9  22.5   13:05   SSE
-------------------------------------------------------------------------------------
    20.3  36.0    18    11.0     9    50.0 111.8   3.8   6.4  80.5     8     SSE

Max >=  32.0:  7
Max <=   0.0:  0
Min <=   0.0:  0
Min <= -18.0:  0
Max Rain: 1.80 ON 28/05/20
Days of Rain: 4 (> .2 mm) 0 (> 2 mm) 0 (> 20 mm)
Heat Base:  18.3  Cool Base:  18.3  Method: Integration