NOAA Reports/Αναφορές NOAA

Select a Year or Month report
2022 > Jan Feb Mar Apr May Jun Jul Aug Sep Oct Nov Dec
2021 > Jan Feb Mar Apr May Jun Jul Aug Sep Oct Nov Dec
2020 > Jan Feb Mar Apr May Jun Jul Aug Sep Oct Nov Dec
2019 > Jan Feb Mar Apr May Jun Jul Aug Sep Oct Nov Dec
2018 > Jan Feb Mar Apr May Jun Jul Aug Sep Oct Nov Dec
2017 > Jan Feb Mar Apr May Jun Jul Aug Sep Oct Nov Dec

Report for 2020 Jun
                   MONTHLY CLIMATOLOGICAL SUMMARY for JUN. 2020

NAME: Amira   CITY: Amira   STATE: Greece 
ELEV:   650 m  LAT:  35 02' 31" N  LONG:  25 26' 46" E

                   TEMPERATURE (C), RAIN  (mm), WIND SPEED (km/hr)

                                      HEAT  COOL        AVG
    MEAN                              DEG   DEG         WIND                 DOM
DAY TEMP  HIGH   TIME   LOW    TIME   DAYS  DAYS  RAIN  SPEED HIGH   TIME    DIR
------------------------------------------------------------------------------------
 1  15.8  19.7   11:25  13.1   00:00   2.5   0.0   0.8   3.1  29.0   14:40   SSE
 2  14.3  18.0   10:45  11.6    3:40   4.0   0.0   1.2   3.4  29.0   10:45   SSE
 3  15.2  18.9   12:50  11.1    6:40   3.1   0.0   0.2   5.5  32.2   14:45     N
 4  15.9  20.9   17:05  12.2    2:40   2.5   0.1   0.0   3.7  19.3   12:55   NNE
 5  18.1  22.2   00:00  14.3    0:05   1.0   0.7   0.0   5.6  24.1   13:10   SSE
 6  20.7  24.2   10:10  15.3   23:55   0.3   2.7   0.0   6.1  38.6   10:50   SSE
 7  17.6  21.7   16:50  14.0    3:10   1.2   0.6   0.0   4.3  25.7   13:45   SSE
 8  20.2  25.1   16:25  14.8    2:50   0.8   2.7   0.0   3.5  19.3   14:40   SSE
 9  23.8  27.6    9:30  18.8    0:20   0.0   5.5   0.0   5.0  27.4   21:20    NW
10  22.4  25.5   17:15  18.5    4:05   0.0   4.1   0.0   6.9  35.4   17:10   SSE
11  23.3  27.1   15:05  20.4    6:55   0.0   5.0   0.0  10.6  46.7   10:05    NW
12  21.4  24.7   17:15  16.5   23:35   0.1   3.3   0.0   4.8  27.4   15:55   SSE
13  20.4  24.2   17:40  15.8    2:00   0.3   2.5   0.0   4.3  20.9   12:00     N
14  22.3  25.8   15:30  17.7    1:50   0.0   4.0   0.0   5.3  24.1   15:05     N
15  24.9  27.8   15:30  22.4    0:30   0.0   6.6   0.0   6.1  38.6    4:15   SSE
16  24.4  29.7   13:25  21.0    4:40   0.0   3.7   0.0   3.5  22.5   13:40   NNE
17
18
19
20  25.4  26.9   19:00  23.7   22:10   0.0   1.5   0.0   3.1  24.1   22:50     N
21  24.8  29.2   14:25  18.1    5:10   0.0   6.5   0.0   6.8  43.5   13:25    NW
22  20.3  22.8   15:30  17.4   00:00   0.1   2.1   0.0   4.5  27.4    1:30   SSE
23  18.5  21.7   11:20  16.1    4:00   0.6   0.8   0.0   5.6  37.0   13:35   SSE
24  19.4  23.4   18:25  15.0    4:45   0.8   1.9   0.0   3.4  24.1   12:05    SW
25  21.9  26.0   13:10  18.4    6:05   0.0   3.7   0.0   4.8  25.7   14:05   SSE
26  23.2  27.2   16:30  19.5    3:00   0.0   4.9   0.0  10.8  56.3    7:45    NE
27  23.7  27.0   14:50  19.5   23:10   0.0   5.4   0.0   6.3  45.1    2:35   SSE
28  23.7  28.3   13:25  18.9    5:40   0.0   5.3   0.0   4.2  24.1   20:00   SSE
29  24.4  28.9   14:30  19.6    2:00   0.0   6.1   0.0   5.5  32.2   20:35   SSE
30  26.5  30.2   16:50  23.8    2:35   0.0   8.2   0.0   7.4  43.5    8:20   SSE
-------------------------------------------------------------------------------------
    21.2  30.2    30    11.1     3    17.3  88.0   2.2   5.3  56.3    26     SSE

Max >=  32.0:  0
Max <=   0.0:  0
Min <=   0.0:  0
Min <= -18.0:  0
Max Rain: 1.19 ON 02/06/20
Days of Rain: 3 (> .2 mm) 0 (> 2 mm) 0 (> 20 mm)
Heat Base:  18.3  Cool Base:  18.3  Method: Integration