NOAA Reports/Αναφορές NOAA

Select a Year or Month report
2022 > Jan Feb Mar Apr May Jun Jul Aug Sep Oct Nov Dec
2021 > Jan Feb Mar Apr May Jun Jul Aug Sep Oct Nov Dec
2020 > Jan Feb Mar Apr May Jun Jul Aug Sep Oct Nov Dec
2019 > Jan Feb Mar Apr May Jun Jul Aug Sep Oct Nov Dec
2018 > Jan Feb Mar Apr May Jun Jul Aug Sep Oct Nov Dec
2017 > Jan Feb Mar Apr May Jun Jul Aug Sep Oct Nov Dec

Report for 2020 Jul
                   MONTHLY CLIMATOLOGICAL SUMMARY for JUL. 2020

NAME: Amira   CITY: Amira   STATE: Greece 
ELEV:   650 m  LAT:  35 02' 31" N  LONG:  25 26' 46" E

                   TEMPERATURE (C), RAIN  (mm), WIND SPEED (km/hr)

                                      HEAT  COOL        AVG
    MEAN                              DEG   DEG         WIND                 DOM
DAY TEMP  HIGH   TIME   LOW    TIME   DAYS  DAYS  RAIN  SPEED HIGH   TIME    DIR
------------------------------------------------------------------------------------
 1  27.6  32.2   16:00  23.3   23:30   0.0   9.3   0.0   5.3  38.6    5:20   SSE
 2  27.4  33.2   15:10  22.3    5:15   0.0   9.1   0.0   6.0  41.8   15:20     N
 3  27.0  31.0   15:10  22.8    2:55   0.0   8.7   0.0   4.0  24.1   13:25     N
 4  27.2  30.7    8:35  22.8    5:15   0.0   8.9   0.0   5.0  20.9   12:40   SSE
 5  26.9  31.3   13:20  22.6    3:00   0.0   8.6   0.0   7.1  43.5   15:20   NNE
 6  24.7  28.4   11:45  20.9   23:40   0.0   6.4   0.0   3.9  27.4    0:15   SSE
 7  21.2  23.9    9:10  18.5    6:00   0.0   2.9   0.0   3.2  32.2   13:55   SSE
 8  23.3  27.7   17:00  19.0    3:20   0.0   5.0   0.0   4.7  35.4   19:00   SSE
 9  26.3  30.3   15:05  19.9   23:50   0.0   8.0   0.0  10.8  51.5    4:35    NE
10  23.4  27.9   14:50  18.9    4:35   0.0   5.1   0.0   4.2  25.7    0:30   SSE
11  24.0  28.4   16:50  19.4    4:40   0.0   5.7   0.0   4.2  22.5   15:10     N
12  24.7  28.9   15:05  19.9    7:00   0.0   6.4   0.0   6.6  57.9   22:25   SSE
13  26.3  29.5   16:10  20.6    6:45   0.0   8.0   0.0  12.4  64.4   22:25    NE
14  26.2  29.6   15:30  20.7   23:30   0.0   7.8   0.0  18.0  62.8    1:00   NNE
15  24.6  28.9   15:15  20.4   22:15   0.0   6.3   0.0   7.9  45.1    9:05    NE
16  23.9  28.7   13:55  19.6    6:45   0.0   5.7   0.0   6.6  35.4   13:10    NE
17  24.2  28.3   15:35  20.1    3:50   0.0   5.9   0.0   4.8  33.8   15:15   SSE
18  23.9  29.1   17:05  19.8    7:10   0.0   5.7   0.0   4.3  29.0   17:10   SSE
19  23.9  27.8   19:00  19.9    6:00   0.0   5.7   0.0   4.0  20.9   14:20   SSE
20  24.8  28.5   16:35  20.7    6:25   0.0   6.5   0.0   4.3  22.5   14:45     N
21  26.0  29.9   15:55  21.7    7:10   0.0   7.7   0.0   6.4  59.5   23:45   SSE
22  26.4  29.6   13:35  22.4    7:00   0.0   8.2   0.0  13.7  66.0    1:55    NE
23  26.6  30.3   16:10  21.8    5:45   0.0   8.3   0.0   5.3  45.1    2:25   SSE
24  27.1  30.4   14:45  21.9   22:15   0.0   8.8   0.0   8.2  43.5    5:50   SSE
25  25.9  30.3   13:15  21.1    4:15   0.0   7.6   0.0   4.3  25.7   15:45   SSE
26  27.3  31.0   17:40  22.9    6:25   0.0   9.0   0.0   4.5  30.6    3:00   NNE
27  27.6  31.3   13:40  24.0   22:45   0.0   9.2   0.0   6.4  37.0   12:45    NE
28  27.3  30.9   14:55  23.3    6:55   0.0   9.0   0.0   9.0  46.7   19:35    NE
29  28.0  33.0   17:15  22.9    6:40   0.0   9.7   0.0   5.8  41.8    1:55   SSE
30  28.7  33.4   15:05  24.0    5:05   0.0  10.4   0.0   4.8  25.7   21:25     N
31  28.6  32.5   17:15  24.3    5:00   0.0  10.3   0.0   6.1  51.5   23:40   SSE
-------------------------------------------------------------------------------------
    25.8  33.4    30    18.5     7     0.0 233.9   0.0   6.5  66.0    22     SSE

Max >=  32.0:  5
Max <=   0.0:  0
Min <=   0.0:  0
Min <= -18.0:  0
Max Rain: 0.00 ON 01/07/20
Days of Rain: 0 (> .2 mm) 0 (> 2 mm) 0 (> 20 mm)
Heat Base:  18.3  Cool Base:  18.3  Method: Integration