NOAA Reports/Αναφορές NOAA

Select a Year or Month report
2022 > Jan Feb Mar Apr May Jun Jul Aug Sep Oct Nov Dec
2021 > Jan Feb Mar Apr May Jun Jul Aug Sep Oct Nov Dec
2020 > Jan Feb Mar Apr May Jun Jul Aug Sep Oct Nov Dec
2019 > Jan Feb Mar Apr May Jun Jul Aug Sep Oct Nov Dec
2018 > Jan Feb Mar Apr May Jun Jul Aug Sep Oct Nov Dec
2017 > Jan Feb Mar Apr May Jun Jul Aug Sep Oct Nov Dec

Report for 2020 Sep
                   MONTHLY CLIMATOLOGICAL SUMMARY for AUG. 2020

NAME: Amira   CITY: Amira   STATE: Greece 
ELEV:   650 m  LAT:  35 02' 31" N  LONG:  25 26' 46" E

                   TEMPERATURE (C), RAIN  (mm), WIND SPEED (km/hr)

                                      HEAT  COOL        AVG
    MEAN                              DEG   DEG         WIND                 DOM
DAY TEMP  HIGH   TIME   LOW    TIME   DAYS  DAYS  RAIN  SPEED HIGH   TIME    DIR
------------------------------------------------------------------------------------
 1  29.9  33.4   14:45  27.3    7:10   0.0  11.6   0.0  13.5  61.2    5:15    NE
 2  29.2  32.6   12:10  25.4   21:05   0.0  10.9   0.0   9.7  56.3    1:20   SSE
 3  27.3  30.9   13:10  23.3   21:30   0.0   9.0   0.0   7.9  40.2    3:35    NE
 4  26.2  29.5   17:30  23.3   23:25   0.0   7.9   0.0  12.7  64.4    8:00    NE
 5  27.8  32.1   15:10  21.9    1:55   0.0   9.5   0.0   6.1  41.8    5:20    NE
 6  28.9  33.8   14:55  25.0    2:20   0.0  10.6   0.0   3.7  27.4   14:05   SSE
 7  25.9  28.7   16:30  20.3   23:55   0.0   7.6   0.0   3.9  22.5   14:15   SSE
 8  23.1  28.7   16:10  18.4    6:45   0.0   4.8   0.0   5.0  37.0   23:25   SSE
 9  23.2  27.3   13:35  19.3    7:05   0.0   4.9   0.0   6.8  35.4    3:00   NNE
10  23.8  28.4   14:55  19.7    4:20   0.0   5.5   0.0   6.8  41.8    8:30    NE
11  24.6  29.2   13:55  19.9    2:35   0.0   6.3   0.0  14.2  67.6    7:25    NE
12  25.2  30.3   17:10  20.3    1:25   0.0   6.9   0.0   8.7  51.5    7:30    NE
13  27.7  30.8   13:10  24.6   23:55   0.0   9.4   0.0  19.6  62.8    4:45    NE
14  27.3  31.1   14:45  23.3    0:55   0.0   9.0   0.0  21.2  67.6    5:00   NNE
15  27.7  32.1   16:20  24.3   23:15   0.0   9.4   0.0  13.0  80.5    1:55   SSE
16  28.4  31.6   15:05  24.8    0:55   0.0  10.2   0.0   8.9  46.7   20:55    NE
17  26.6  29.8   15:50  22.1   00:00   0.0   8.3   0.0  16.4  64.4    3:25    NE
18  25.7  29.7   14:30  22.2    0:05   0.0   7.3   0.0   8.5  49.9    2:15   SSE
19  25.4  28.6   18:15  22.0    4:45   0.0   7.1   0.0   4.2  22.5   13:05   NNE
20  25.1  28.7   15:05  21.6   00:00   0.0   6.8   0.0   4.5  24.1   15:20   NNE
21  24.3  28.7   14:20  20.9    5:20   0.0   6.0   0.0   8.4  49.9   14:55    NE
22  25.5  29.2   14:35  22.6    1:45   0.0   7.2   0.0   8.4  54.7    2:00   SSE
23  26.8  32.1   15:20  22.2    1:15   0.0   8.5   0.0   4.5  41.8   12:45   NNE
24  24.9  28.4    9:10  20.6   23:50   0.0   6.6   0.0   4.5  24.1   15:30    SW
25  23.7  27.1    9:30  20.3    5:45   0.0   5.4   0.0   4.2  25.7   15:55     N
26  24.3  30.0   15:15  19.9    7:05   0.0   6.0   0.0   5.1  46.7   13:25     N
27  25.6  29.3   13:30  21.7   21:55   0.0   7.3   0.0   6.9  49.9   13:50    NE
28  24.3  28.7   17:40  20.3    7:10   0.0   6.0   0.0   4.3  25.7   13:55     N
29  25.0  29.4   15:00  20.5    2:20   0.0   6.7   0.0   3.4  19.3   14:20     N
30  28.4  31.9   16:15  24.2    6:10   0.0  10.1   0.0   4.8  20.9   14:45   NNE
31  28.1  32.4    8:45  24.3    7:05   0.0   9.8   0.0   5.3  32.2   14:00   NNE
-------------------------------------------------------------------------------------
    26.1  33.8     6    18.4     8     0.0 242.7   0.0   8.2  80.5    15      NE

Max >=  32.0:  7
Max <=   0.0:  0
Min <=   0.0:  0
Min <= -18.0:  0
Max Rain: 0.00 ON 01/08/20
Days of Rain: 0 (> .2 mm) 0 (> 2 mm) 0 (> 20 mm)
Heat Base:  18.3  Cool Base:  18.3  Method: Integration