NOAA Reports/Αναφορές NOAA

Select a Year or Month report
2022 > Jan Feb Mar Apr May Jun Jul Aug Sep Oct Nov Dec
2021 > Jan Feb Mar Apr May Jun Jul Aug Sep Oct Nov Dec
2020 > Jan Feb Mar Apr May Jun Jul Aug Sep Oct Nov Dec
2019 > Jan Feb Mar Apr May Jun Jul Aug Sep Oct Nov Dec
2018 > Jan Feb Mar Apr May Jun Jul Aug Sep Oct Nov Dec
2017 > Jan Feb Mar Apr May Jun Jul Aug Sep Oct Nov Dec

Report for 2020 Nov
                   MONTHLY CLIMATOLOGICAL SUMMARY for NOV. 2020

NAME: Amira   CITY: Amira   STATE: Greece 
ELEV:   650 m  LAT:  35 02' 31" N  LONG:  25 26' 46" E

                   TEMPERATURE (C), RAIN  (mm), WIND SPEED (km/hr)

                                      HEAT  COOL        AVG
    MEAN                              DEG   DEG         WIND                 DOM
DAY TEMP  HIGH   TIME   LOW    TIME   DAYS  DAYS  RAIN  SPEED HIGH   TIME    DIR
------------------------------------------------------------------------------------
 1  15.3  19.3   14:15  11.1    5:25   3.1   0.0   0.0   5.3  43.5   19:50   NNE
 2  15.6  18.6   15:25  12.4   21:50   2.7   0.0   0.0   8.5  46.7    2:05    NE
 3  14.8  18.2   13:15  10.8    3:55   3.5   0.0   0.0   3.1  22.5   21:10   NNE
 4  16.5  19.0   12:45  14.4    0:40   1.8   0.0   0.0   8.2  51.5   13:55    NE
 5  14.9  16.1    9:25  14.0   23:45   3.4   0.0   0.2  15.9  72.4   19:00   ENE
 6  15.1  17.6   16:05  13.2   21:55   3.2   0.0   2.2  10.6  57.9    7:40    NE
 7  15.9  19.1    9:50  13.5    3:50   2.4   0.0   0.0  15.0  70.8   19:35    NE
 8  15.7  19.4   13:30  12.7   22:35   2.7   0.1   0.0  10.5  51.5    2:20     N
 9  14.0  15.8   23:40  12.2   17:30   4.3   0.0  34.0   3.5  45.1   23:40     N
10  15.1  18.2    9:00  12.0   22:00   3.2   0.0   8.0   4.7  33.8    0:25     N
11  15.4  19.6   14:30  12.2    4:40   2.9   0.0   0.0   7.6  48.3   16:50     N
12  14.9  18.4   12:45  11.6   22:50   3.3   0.0   0.0   3.9  20.9   12:45   NNE
13  13.4  17.2   13:20  10.2    6:00   4.9   0.0   0.0   3.5  22.5   13:40   NNE
14  12.8  15.2    9:15  10.8    5:10   5.4   0.0   0.6   5.5  43.5   17:20   NNE
15  12.9  17.1   14:25  10.3   23:55   5.4   0.0   0.0   7.7  57.9    3:45    NE
16  12.2  15.9   15:45   9.7   23:10   6.1   0.0   0.0   4.0  37.0    6:30    NE
17  12.1  16.1   12:40   8.9    5:55   6.2   0.0   0.0   3.5  19.3   11:30   NNE
18  13.2  17.3   12:50   9.3    6:20   5.1   0.0   0.0   7.7  54.7   19:15    NE
19  10.9  13.5    2:50   8.1   21:25   7.4   0.0  12.8  13.4  62.8    1:30    NE
20   9.2  10.6   23:50   8.1    2:40   9.1   0.0  47.6   6.8  41.8    1:35    NE
21  12.2  15.3   11:25   9.8   21:20   6.1   0.0   0.2   7.9  48.3    6:35   NNE
22  12.1  15.8   12:35   8.4    6:10   6.2   0.0   0.0   4.0  32.2   20:00     N
23  11.5  14.7   11:15   9.2    6:25   6.8   0.0   0.0   2.7  14.5    4:35     N
24  11.0  13.6    9:10   8.4    3:00   7.3   0.0   0.2   2.6  19.3    5:25   NNE
25  11.1  13.0   15:10   8.7    2:45   7.3   0.0   0.6  25.4  91.7    7:35   NNE
26  11.3  13.8   12:15   9.3   23:45   7.0   0.0   0.0  14.6  57.9    7:40   NNE
27  11.2  15.7   13:35   6.9    6:40   7.1   0.0   0.0   4.0  30.6   13:20     N
28  11.5  15.3   14:25   8.5    4:00   6.8   0.0   0.0   4.3  20.9   11:40   NNE
29  11.7  14.6   12:10   9.7   17:25   6.6   0.0  15.8   5.0  27.4   17:15    NE
30  12.0  15.1   14:00   9.7    3:40   6.3   0.0  10.8   4.7  19.3   10:55   ENE
-------------------------------------------------------------------------------------
    13.2  19.6    11     6.9    27   153.8   0.2 133.0   7.5  91.7    25     NNE

Max >=  32.0:  0
Max <=   0.0:  0
Min <=   0.0:  0
Min <= -18.0:  0
Max Rain: 47.60 ON 20/11/20
Days of Rain: 12 (> .2 mm) 7 (> 2 mm) 2 (> 20 mm)
Heat Base:  18.3  Cool Base:  18.3  Method: Integration