NOAA Reports/Αναφορές NOAA

Select a Year or Month report
2022 > Jan Feb Mar Apr May Jun Jul Aug Sep Oct Nov Dec
2021 > Jan Feb Mar Apr May Jun Jul Aug Sep Oct Nov Dec
2020 > Jan Feb Mar Apr May Jun Jul Aug Sep Oct Nov Dec
2019 > Jan Feb Mar Apr May Jun Jul Aug Sep Oct Nov Dec
2018 > Jan Feb Mar Apr May Jun Jul Aug Sep Oct Nov Dec
2017 > Jan Feb Mar Apr May Jun Jul Aug Sep Oct Nov Dec

Report for 2021 Jan
                   MONTHLY CLIMATOLOGICAL SUMMARY for JAN. 2021

NAME: Amira   CITY: Amira   STATE: Greece 
ELEV:   650 m  LAT:  35 02' 31" N  LONG:  25 26' 46" E

                   TEMPERATURE (C), RAIN  (mm), WIND SPEED (km/hr)

                                      HEAT  COOL        AVG
    MEAN                              DEG   DEG         WIND                 DOM
DAY TEMP  HIGH   TIME   LOW    TIME   DAYS  DAYS  RAIN  SPEED HIGH   TIME    DIR
------------------------------------------------------------------------------------
 1  11.6  15.3   13:10   8.7    1:55   6.8   0.0   0.0   4.0  22.5   14:20     N
 2  11.7  14.6   11:55  10.4    5:10   6.6   0.0   0.0   4.2  19.3   11:40   ENE
 3  13.1  15.8   14:30  10.7    4:05   5.2   0.0   0.0   4.5  20.9   13:10   SSE
 4  12.7  14.1   12:45  11.1   23:55   5.7   0.0   6.2   7.9  33.8   22:35    SE
 5  10.7  14.1   14:10   7.6   23:50   7.6   0.0   0.0   4.3  20.9    1:00   NNE
 6  10.4  13.6   12:25   8.2    0:05   7.9   0.0   0.0   3.9  19.3   12:05   ENE
 7  10.3  14.6   13:10   6.7    6:35   8.0   0.0   0.0   3.7  22.5    9:20   SSE
 8  11.8  15.3   13:55   8.8    3:20   6.5   0.0   0.0   4.0  19.3   12:25    NW
 9  14.0  18.0   22:10  10.5    0:55   4.3   0.0   1.8   3.5  17.7   16:30    NW
10  19.6  23.7   14:00  14.8    3:45   0.5   1.7   0.0   4.2  22.5   13:15     N
11  18.7  22.9   13:30  15.7    1:55   0.6   1.0   0.0   4.2  20.9   14:00   ENE
12  14.6  16.3    0:55  11.7   00:00   3.7   0.0   0.0   4.7  27.4   21:05   ENE
13  10.6  12.9   12:45   8.7    5:55   7.7   0.0   0.0   9.8  40.2   14:35    NW
14   8.2  10.3   12:05   5.8   19:15  10.1   0.0   1.0  11.7  59.5   13:00    NE
15   9.7  13.8   13:40   6.9    1:10   8.6   0.0  18.6   4.2  25.7    3:50    NW
16   8.6  11.0   14:05   7.0   23:55   9.8   0.0  19.4   7.6  46.7   14:30    NW
17   5.3   7.2    1:05   3.4   19:35  13.0   0.0   1.0  13.8  49.9   11:00   NNE
18   4.8   6.8   14:15   3.2   22:55  13.5   0.0  23.6   5.1  43.5    0:30   NNE
19   4.3   6.7   12:20   1.8   21:30  13.9   0.0   3.0  13.0  40.2   11:25   NNE
20   5.8   9.9   15:25   2.7    0:05  12.5   0.0   0.0   6.8  45.1    7:35   SSE
21   8.3  11.7   15:05   4.3    0:30  10.0   0.0   0.0   4.5  32.2    2:00   NNE
22   8.6  11.3   11:00   6.8    0:10   9.7   0.0   0.0   4.2  25.7   11:00   NNE
23   8.7  10.3   14:35   7.7    2:50   9.6   0.0   1.2   3.1  20.9   23:35    NE
24  10.0  12.2   11:20   8.5    0:05   8.3   0.0   1.6   3.2  25.7    2:40     N
25  11.2  13.2   14:50   9.3    0:05   7.1   0.0   0.2   6.3  37.0   12:10    NW
26  11.3  13.8   15:50   9.8    3:55   7.0   0.0   0.0   4.7  25.7    1:40    NE
27   7.0  12.1    0:15   4.1   23:30  11.3   0.0   8.4  12.6  45.1   10:00    NW
28   5.2   7.8   16:00   3.8   23:10  13.1   0.0   0.0   8.4  37.0    2:50    NE
29   7.7  11.4   14:10   3.8    3:40  10.6   0.0   2.6   7.2  35.4   13:35    NW
30  12.0  14.2   13:05  10.2    0:05   6.3   0.0   0.0   9.5  48.3   13:45    NW
31  11.7  15.7   13:25   7.1    5:10   6.6   0.0   0.0   4.5  30.6    0:40     N
-------------------------------------------------------------------------------------
    10.2  23.7    10     1.8    19   252.3   2.7  88.6   6.2  59.5    14      NW

Max >=  32.0:  0
Max <=   0.0:  0
Min <=   0.0:  0
Min <= -18.0:  0
Max Rain: 23.60 ON 18/01/21
Days of Rain: 13 (> .2 mm) 7 (> 2 mm) 1 (> 20 mm)
Heat Base:  18.3  Cool Base:  18.3  Method: Integration