NOAA Reports/Αναφορές NOAA

Select a Year or Month report
2022 > Jan Feb Mar Apr May Jun Jul Aug Sep Oct Nov Dec
2021 > Jan Feb Mar Apr May Jun Jul Aug Sep Oct Nov Dec
2020 > Jan Feb Mar Apr May Jun Jul Aug Sep Oct Nov Dec
2019 > Jan Feb Mar Apr May Jun Jul Aug Sep Oct Nov Dec
2018 > Jan Feb Mar Apr May Jun Jul Aug Sep Oct Nov Dec
2017 > Jan Feb Mar Apr May Jun Jul Aug Sep Oct Nov Dec

Report for 2021 Feb
                   MONTHLY CLIMATOLOGICAL SUMMARY for FEB. 2021

NAME: Amira   CITY: Amira   STATE: Greece 
ELEV:   650 m  LAT:  35 02' 31" N  LONG:  25 26' 46" E

                   TEMPERATURE (C), RAIN  (mm), WIND SPEED (km/hr)

                                      HEAT  COOL        AVG
    MEAN                              DEG   DEG         WIND                 DOM
DAY TEMP  HIGH   TIME   LOW    TIME   DAYS  DAYS  RAIN  SPEED HIGH   TIME    DIR
------------------------------------------------------------------------------------
 1  13.1  15.6   11:20   9.9   22:45   5.2   0.0   0.0   6.0  43.5   10:40   ENE
 2  11.4  15.4   11:55   8.8    3:55   6.9   0.0   0.0   2.7  17.7   14:35     N
 3  12.1  16.8   14:55   9.1    3:45   6.2   0.0   0.0   3.7  19.3   12:20     N
 4  11.8  15.7   14:40   8.2    5:45   6.5   0.0   0.0   3.2  19.3   11:40     N
 5  14.6  18.7    9:20  10.2    0:15   3.8   0.0   0.0   2.9  12.9    5:00     N
 6  13.7  17.3   15:35  10.9    3:40   4.6   0.0   0.0   3.2  17.7    8:20     N
 7  14.7  18.7   14:40  11.4    5:50   3.6   0.0   0.0   2.9  24.1   23:35    NW
 8  14.0  16.1    1:25  11.8   00:00   4.3   0.0   0.0   7.4  41.8   10:30    NW
 9  12.2  14.4   14:15  10.3    7:20   6.1   0.0   0.0   9.0  41.8   15:55    NW
10  13.1  17.0   10:45  10.3    0:45   5.2   0.0   0.0   8.0  32.2    3:55    NW
11  13.9  17.2   13:25  10.4   22:25   4.3   0.0   0.0   6.6  32.2   13:25    NW
12  11.3  14.8   13:55   7.7   23:50   7.0   0.0   0.0   7.1  48.3    5:00     N
13   9.5  13.4   15:40   6.9    5:30   8.8   0.0   0.0   4.3  22.5   14:10     N
14   9.9  11.9   16:10   7.9    2:45   8.4   0.0   3.0   5.0  32.2   22:25    NW
15   5.8   9.8    3:30   0.3   21:10  12.5   0.0   6.4  12.9  70.8   21:50    NE
16   0.4   2.3   14:15  -1.6    9:15  18.8   0.0   0.8  20.4  72.4   10:20   NNE
17   1.6   4.4   22:05  -1.3    2:15  16.7   0.0   0.0  25.3  86.9    9:50   NNE
18   6.3   9.7   10:40   2.2    7:05  12.0   0.0   0.0   5.5  38.6   11:05    NE
19   7.9  12.2   16:40   4.4    6:20  10.4   0.0   0.0   5.1  29.0    0:10   NNE
20   8.4  12.4   13:00   3.9    6:30   9.9   0.0   0.0   5.1  24.1   13:20   SSE
21   8.4  11.1   10:00   6.2   22:55   9.8   0.0   1.4   5.8  37.0   10:05   NNE
22   9.3  14.3   13:00   5.8   23:35   9.0   0.0   0.2   5.3  32.2   16:05     N
23   9.4  13.9   15:40   4.7    6:25   8.9   0.0   0.0   3.7  20.9   10:40     N
24  13.9  19.7   13:45   7.6    0:45   4.5   0.1   0.0   5.3  46.7   23:35     N
25  11.4  15.4   13:45   7.5   22:35   6.9   0.0   0.0  17.4  90.1    3:30   NNE
26  11.7  16.6   14:45   7.3   23:30   6.6   0.0   0.0   3.9  24.1   14:30   NNE
27   9.6  13.5   14:10   6.1    7:05   8.7   0.0   0.0   3.7  22.5   12:55     N
28  11.4  16.6   15:10   6.1    6:25   6.9   0.0   0.0   9.8  66.0   23:25    NE
-------------------------------------------------------------------------------------
    10.4  19.7    24    -1.6    16   222.6   0.1  11.8   7.2  90.1    25       N

Max >=  32.0:  0
Max <=   0.0:  0
Min <=   0.0:  2
Min <= -18.0:  0
Max Rain: 6.40 ON 15/02/21
Days of Rain: 5 (> .2 mm) 2 (> 2 mm) 0 (> 20 mm)
Heat Base:  18.3  Cool Base:  18.3  Method: Integration