NOAA Reports/Αναφορές NOAA

Select a Year or Month report
2022 > Jan Feb Mar Apr May Jun Jul Aug Sep Oct Nov Dec
2021 > Jan Feb Mar Apr May Jun Jul Aug Sep Oct Nov Dec
2020 > Jan Feb Mar Apr May Jun Jul Aug Sep Oct Nov Dec
2019 > Jan Feb Mar Apr May Jun Jul Aug Sep Oct Nov Dec
2018 > Jan Feb Mar Apr May Jun Jul Aug Sep Oct Nov Dec
2017 > Jan Feb Mar Apr May Jun Jul Aug Sep Oct Nov Dec

Report for 2021 Mar
                   MONTHLY CLIMATOLOGICAL SUMMARY for MAR. 2021

NAME: Amira   CITY: Amira   STATE: Greece 
ELEV:   650 m  LAT:  35 02' 31" N  LONG:  25 26' 46" E

                   TEMPERATURE (C), RAIN  (mm), WIND SPEED (km/hr)

                                      HEAT  COOL        AVG
    MEAN                              DEG   DEG         WIND                 DOM
DAY TEMP  HIGH   TIME   LOW    TIME   DAYS  DAYS  RAIN  SPEED HIGH   TIME    DIR
------------------------------------------------------------------------------------
 1   9.4  13.2   13:05   5.9   23:30   8.9   0.0   0.0  16.7  83.7    2:30   NNE
 2   7.1   9.2   10:40   3.4   00:00  11.3   0.0   5.2  18.3  70.8    5:45   NNE
 3   6.2  10.1   17:20   2.1    5:10  12.1   0.0  23.8  17.7  80.5   12:35   NNE
 4  10.1  14.9   15:20   6.3    0:20   8.3   0.0   0.0   4.5  49.9    2:25   SSE
 5  10.7  14.2    9:25   5.6    5:40   7.6   0.0   0.0   4.8  29.0   23:55    NW
 6  12.5  14.6   15:15   9.9   18:55   5.8   0.0   0.0   6.0  27.4    2:45   NNE
 7  11.6  15.1   12:55   8.5    6:40   6.7   0.0   0.0   3.9  22.5   13:50   SSE
 8   9.4  12.0   13:00   6.3    5:50   8.9   0.0   0.4   3.1  17.7   22:45   NNE
 9  12.8  15.5   15:35   8.8    1:55   5.5   0.0   0.0   8.0  46.7    7:55   SSE
10  12.2  16.1   11:45   8.3    6:30   6.1   0.0   0.0   3.4  25.7   12:20   SSE
11   9.8  13.1   13:10   5.7   18:25   8.5   0.0   5.6  11.6  64.4   22:40    NW
12   8.3  13.2   16:10   4.1    5:45  10.0   0.0   0.0   5.5  54.7    0:40    NE
13   9.9  14.0   14:40   5.4    4:35   8.3   0.0   0.0   3.5  22.5   12:40   SSE
14  10.8  12.8   15:25   8.6    6:10   7.5   0.0   0.8   2.1  17.7   23:10   SSE
15   9.8  13.1   13:35   6.3   23:30   8.5   0.0   0.2  10.1  49.9   17:55    NW
16   8.1  12.2   12:25   5.9    4:50  10.2   0.0  12.8  10.3  53.1   19:15    NW
17   8.2  11.6   13:05   6.3   22:50  10.1   0.0   0.0  10.8  45.1   17:15    NW
18   8.3  12.4   14:25   5.9    6:25  10.0   0.0   0.0   8.5  41.8   13:10    NW
19   9.6  12.7   15:25   6.3    5:20   8.7   0.0   2.8   5.1  35.4   11:20   SSE
20  12.6  16.1   15:35   8.1    1:15   5.7   0.0   3.4   6.9  32.2   12:05    SE
21  17.2  21.3   20:20   9.2    6:25   2.0   0.8   0.0   6.4  25.7   23:15   SSE
22  16.0  20.4   12:05  12.8    3:25   2.5   0.2   0.0   7.9  54.7    8:10    NW
23   9.7  13.2    0:05   4.5   21:30   8.6   0.0  15.2   8.0  40.2   21:05    NW
24   6.1   8.8   11:45   4.4    0:35  12.2   0.0  17.6  17.2  74.0    5:55   NNE
25   4.2   7.7    9:30   2.5   23:20  14.1   0.0   1.6  12.2  56.3    5:30   NNE
26   5.6   9.8   13:55   1.9    6:20  12.8   0.0   0.0   6.8  46.7    5:00    NE
27   7.5  10.9   14:30   2.4    4:20  10.8   0.0   0.0   5.1  30.6   22:45   NNE
28   8.9  12.8   13:30   4.6    6:10   8.9   0.0   0.0   5.0  25.7   17:05   SSE
29  10.2  14.9   16:40   5.7    2:40   8.1   0.0   0.0   4.5  22.5   14:35   SSE
30   9.9  11.7    1:35   5.9   23:45   8.4   0.0   2.6  15.1  64.4   16:25    NE
31   5.8   8.3   12:20   3.1   17:45  12.5   0.0  24.6  14.5  80.5    0:15    NE
-------------------------------------------------------------------------------------
     9.6  21.3    21     1.9    26   269.6   1.0 116.6   8.5  83.7     1      NW

Max >=  32.0:  0
Max <=   0.0:  0
Min <=   0.0:  0
Min <= -18.0:  0
Max Rain: 24.61 ON 31/03/21
Days of Rain: 14 (> .2 mm) 10 (> 2 mm) 2 (> 20 mm)
Heat Base:  18.3  Cool Base:  18.3  Method: Integration