NOAA Reports/Αναφορές NOAA

Select a Year or Month report
2022 > Jan Feb Mar Apr May Jun Jul Aug Sep Oct Nov Dec
2021 > Jan Feb Mar Apr May Jun Jul Aug Sep Oct Nov Dec
2020 > Jan Feb Mar Apr May Jun Jul Aug Sep Oct Nov Dec
2019 > Jan Feb Mar Apr May Jun Jul Aug Sep Oct Nov Dec
2018 > Jan Feb Mar Apr May Jun Jul Aug Sep Oct Nov Dec
2017 > Jan Feb Mar Apr May Jun Jul Aug Sep Oct Nov Dec

Report for 2021 May
                   MONTHLY CLIMATOLOGICAL SUMMARY for APR. 2021

NAME: Amira   CITY: Amira   STATE: Greece 
ELEV:   650 m  LAT:  35 02' 31" N  LONG:  25 26' 46" E

                   TEMPERATURE (C), RAIN  (mm), WIND SPEED (km/hr)

                                      HEAT  COOL        AVG
    MEAN                              DEG   DEG         WIND                 DOM
DAY TEMP  HIGH   TIME   LOW    TIME   DAYS  DAYS  RAIN  SPEED HIGH   TIME    DIR
------------------------------------------------------------------------------------
 1   5.9   9.3   14:25   3.8    3:15  12.4   0.0  23.0   8.4  48.3   14:00    NE
 2   9.7  15.1   17:30   4.3    6:55   8.6   0.0   0.0   5.6  41.8    0:35     S
 3  10.9  13.4   18:00   9.1   20:25   7.3   0.0   0.0   7.4  32.2   11:50    NW
 4  15.8  20.7   14:15   9.4    2:45   2.9   0.4   0.0   4.8  35.4   20:30   NNE
 5  18.4  20.2   12:00  17.2   23:00   0.2   0.3   0.0   7.4  33.8   11:20     N
 6  16.8  19.6   10:30  13.3   21:55   1.6   0.1   0.0   8.7  41.8   10:40   SSE
 7  12.9  16.3   16:55   9.4    7:20   5.4   0.0   0.0   7.9  38.6    4:15    NW
 8  12.8  16.7   14:05  10.1    0:30   5.5   0.0   0.0  12.1  51.5   21:25    NW
 9   7.1  10.3    0:05   5.2   22:40  11.2   0.0   0.0  21.9  83.7    7:00    NE
10   7.3  11.2   17:55   4.9    6:50  11.0   0.0   0.0  12.6  67.6    9:30    NE
11   9.1  14.3   14:55   3.9    5:35   9.2   0.0   0.0   4.7  24.1   13:15   NNE
12  10.4  15.0   15:55   5.9    6:25   7.9   0.0   0.0   4.5  27.4   13:40     N
13  11.9  15.8    8:55   8.4    2:40   6.4   0.0   0.0   3.7  27.4   13:30     S
14  13.9  17.1   17:45   9.6    1:20   4.4   0.0   0.0   4.3  17.7   10:20     S
15  14.2  17.7    9:35  10.7   00:00   4.1   0.0   0.0   4.0  20.9    9:40     S
16  17.5  23.8   15:00   9.4    0:20   2.4   1.6   0.0   3.9  27.4   22:45   SSE
17  22.5  25.7   23:20  20.2    6:05   0.0   4.2   0.0   6.8  46.7    9:35     E
18  23.3  28.3   12:20  18.4   23:45   0.0   5.0   0.0   4.3  38.6   19:20    NE
19  17.6  21.3   13:00  10.1   00:00   1.4   0.6   0.0   4.0  27.4   18:10    NW
20  13.2  17.5   17:00   9.2    5:35   5.1   0.0   0.0   7.1  43.5    7:30   SSE
21  11.6  15.7   17:45   8.1    5:00   6.7   0.0   0.0   4.7  24.1   12:05   NNE
22  12.7  17.3   14:35   7.9    6:35   5.7   0.0   0.0   4.0  24.1   13:15     S
23  16.7  20.9   13:20  10.8    0:40   2.2   0.6   0.0   3.1  19.3   13:30   NNE
24  19.4  24.7   13:25  15.1    0:10   0.6   1.7   0.0   4.3  25.7   12:25     S
25  15.4  20.7    0:30  11.3   22:20   3.0   0.1   0.0  24.0  83.7   22:35    NE
26  15.0  18.8   15:40  11.3    4:50   3.3   0.0   0.0   8.0  62.8    0:10   ENE
27  17.5  22.0   23:45  12.4    4:20   1.7   0.9   0.0   4.2  19.3   12:45     S
28  23.2  27.1   15:45  20.7    1:40   0.0   4.8   0.0   4.7  32.2    5:40    NE
29  24.6  29.4   13:05  20.6    1:45   0.0   6.2   0.0   3.7  24.1   13:50    NE
30  25.5  29.7   17:20  20.0    5:45   0.0   7.2   0.0   4.8  30.6   12:05     N
-------------------------------------------------------------------------------------
    15.1  29.7    30     3.8     1   130.2  33.8  23.0   7.0  83.7     9      NE

Max >=  32.0:  0
Max <=   0.0:  0
Min <=   0.0:  0
Min <= -18.0:  0
Max Rain: 23.01 ON 01/04/21
Days of Rain: 1 (> .2 mm) 1 (> 2 mm) 1 (> 20 mm)
Heat Base:  18.3  Cool Base:  18.3  Method: Integration