NOAA Reports/Αναφορές NOAA

Select a Year or Month report
2022 > Jan Feb Mar Apr May Jun Jul Aug Sep Oct Nov Dec
2021 > Jan Feb Mar Apr May Jun Jul Aug Sep Oct Nov Dec
2020 > Jan Feb Mar Apr May Jun Jul Aug Sep Oct Nov Dec
2019 > Jan Feb Mar Apr May Jun Jul Aug Sep Oct Nov Dec
2018 > Jan Feb Mar Apr May Jun Jul Aug Sep Oct Nov Dec
2017 > Jan Feb Mar Apr May Jun Jul Aug Sep Oct Nov Dec

Report for 2021 Jun
                   MONTHLY CLIMATOLOGICAL SUMMARY for JUN. 2021

NAME: Amira   CITY: Amira   STATE: Greece 
ELEV:   650 m  LAT:  35 02' 31" N  LONG:  25 26' 46" E

                   TEMPERATURE (C), RAIN  (mm), WIND SPEED (km/hr)

                                      HEAT  COOL        AVG
    MEAN                              DEG   DEG         WIND                 DOM
DAY TEMP  HIGH   TIME   LOW    TIME   DAYS  DAYS  RAIN  SPEED HIGH   TIME    DIR
------------------------------------------------------------------------------------
 1  18.9  22.7   15:40  14.0   00:00   0.6   1.3   0.0   9.2  45.1    2:45    NE
 2  15.3  18.7    9:25  12.3    4:45   2.9   0.0   0.0   4.0  24.1   11:45   SSE
 3  17.0  21.2   15:05  12.2    3:30   2.0   0.7   0.0   5.0  25.7   20:00     N
 4  18.6  22.4   12:25  14.7    3:30   0.9   1.2   0.0   8.9  48.3   10:00    NE
 5  20.2  24.2   13:10  16.5    7:00   0.2   2.1   0.0   8.9  53.1    4:20   ENE
 6  20.2  24.1   17:30  15.3    5:55   0.5   2.3   0.0   6.1  51.5    0:15    NE
 7  23.0  26.6   15:15  18.7    6:10   0.0   4.7   0.0   4.5  27.4    3:30    NE
 8  23.9  27.1   12:55  20.2   00:00   0.0   5.7   0.0   4.7  30.6   15:10   SSE
 9  20.2  23.9   13:30  16.6    5:45   0.2   2.1   0.0   4.5  25.7   13:40    SW
10  19.8  23.5   16:00  15.9    6:20   0.4   1.8   0.0   4.5  30.6   11:55   SSE
11  19.3  22.4   16:30  15.9    6:20   0.5   1.5   0.0   4.7  29.0   14:40     N
12  19.7  23.2    8:15  16.3    4:10   0.3   1.8   0.0   4.8  27.4   14:20   NNE
13  20.0  22.8   14:30  16.4    3:45   0.3   1.9   0.0   5.0  25.7   14:45   NNE
14  19.6  23.3   15:45  16.4    6:30   0.5   1.7   0.0   4.0  24.1   15:45     S
15  16.7  20.6   11:40  12.9   23:45   1.7   0.1   6.4   4.5  30.6   20:40   SSE
16  17.3  21.8   18:50  11.8    5:45   1.7   0.7   0.0   5.0  24.1    7:00   SSE
17  20.1  24.1   18:40  15.4    1:30   0.6   2.3   0.0   4.8  24.1   15:25   NNE
18  20.9  25.1   17:35  17.3    5:55   0.1   2.8   0.0   4.7  22.5   11:45   NNE
19  22.1  27.6   19:05  17.2    5:40   0.1   3.9   0.0   4.7  24.1   14:15   NNE
20  24.1  26.7   15:20  21.3    5:05   0.0   5.7   0.0   6.0  25.7   14:45     N
21  24.1  26.0   14:25  21.3    6:40   0.0   5.8   0.0   5.3  24.1    2:30     N
22  26.1  28.1   19:25  23.1    0:10   0.0   7.8   0.0   6.8  20.9    4:05    NE
23  28.4  31.1    8:50  25.1    2:55   0.0  10.1   0.0   6.0  22.5   13:25     N
24  27.8  31.7   13:30  24.6   22:20   0.0   9.5   0.0   9.3  49.9   23:10    NE
25  28.3  32.6   12:45  24.8    2:20   0.0  10.0   0.0   8.7  40.2    1:35    NE
26  30.8  33.8   15:30  26.4    0:35   0.0  12.5   0.0   7.1  30.6    2:25    NE
27  30.7  34.1   13:30  26.9    2:30   0.0  12.4   0.0   5.6  38.6   12:10    NE
28  28.6  31.8   16:30  24.8   22:55   0.0  10.2   0.0   7.9  46.7   10:50    NE
29  27.7  31.3   18:40  24.2   23:20   0.0   9.4   0.0  12.2  61.2    8:40    NE
30  28.8  33.3   13:25  24.6    0:45   0.0  10.5   0.0   6.9  51.5   10:05   ENE
-------------------------------------------------------------------------------------
    22.6  34.1    27    11.8    16    13.5 142.5   6.4   6.1  61.2    29      NE

Max >=  32.0:  4
Max <=   0.0:  0
Min <=   0.0:  0
Min <= -18.0:  0
Max Rain: 6.40 ON 15/06/21
Days of Rain: 1 (> .2 mm) 1 (> 2 mm) 0 (> 20 mm)
Heat Base:  18.3  Cool Base:  18.3  Method: Integration