NOAA Reports/Αναφορές NOAA

Select a Year or Month report
2022 > Jan Feb Mar Apr May Jun Jul Aug Sep Oct Nov Dec
2021 > Jan Feb Mar Apr May Jun Jul Aug Sep Oct Nov Dec
2020 > Jan Feb Mar Apr May Jun Jul Aug Sep Oct Nov Dec
2019 > Jan Feb Mar Apr May Jun Jul Aug Sep Oct Nov Dec
2018 > Jan Feb Mar Apr May Jun Jul Aug Sep Oct Nov Dec
2017 > Jan Feb Mar Apr May Jun Jul Aug Sep Oct Nov Dec

Report for 2021 Jul
                   MONTHLY CLIMATOLOGICAL SUMMARY for JUL. 2021

NAME: Amira   CITY: Amira   STATE: Greece 
ELEV:   650 m  LAT:  35 02' 31" N  LONG:  25 26' 46" E

                   TEMPERATURE (C), RAIN  (mm), WIND SPEED (km/hr)

                                      HEAT  COOL        AVG
    MEAN                              DEG   DEG         WIND                 DOM
DAY TEMP  HIGH   TIME   LOW    TIME   DAYS  DAYS  RAIN  SPEED HIGH   TIME    DIR
------------------------------------------------------------------------------------
 1  33.0  36.2   17:25  27.7    3:25   0.0  14.7   0.0   6.3  30.6   23:15    NE
 2  31.7  35.3   13:25  23.2   00:00   0.0  13.4   0.0  10.5  40.2    8:55    NE
 3  26.6  30.6   15:00  22.2    6:50   0.0   8.3   0.0   8.4  41.8    3:25    NE
 4  24.1  26.9   12:15  20.8    2:45   0.0   5.7   0.0   4.5  29.0   14:15    SW
 5  25.7  28.7    8:55  21.1    4:25   0.0   7.3   0.0   5.0  24.1   13:50    SW
 6  25.2  29.1    8:15  21.5    3:25   0.0   6.9   0.0   4.0  24.1   12:55    SW
 7  25.0  28.9   15:55  21.2    6:05   0.0   6.7   0.0   5.5  43.5   11:15    NE
 8  26.8  30.3   14:40  22.8   23:30   0.0   8.5   0.0   7.7  48.3   21:00    NE
 9  24.6  28.7   14:00  22.6    6:55   0.0   6.3   0.0  23.0  80.5    7:20    NE
10  25.3  30.2   16:05  21.9   22:30   0.0   7.0   0.0   9.8  62.8    3:20   ENE
11  25.4  29.6   13:45  20.8   23:35   0.0   7.1   0.0   6.4  40.2    7:50   SSE
12  25.4  29.3   13:55  21.2    3:15   0.0   7.1   0.0   6.3  43.5    4:55   SSE
13  25.9  29.7   12:45  21.9    3:00   0.0   7.7   0.0   6.8  43.5   10:20   SSE
14  27.8  32.3   13:40  21.9    3:50   0.0   9.5   0.0  12.6  59.5   17:50    NE
15  28.7  33.1   14:40  22.8   21:30   0.0  10.4   0.0   8.9  64.4    0:20    NE
16  27.8  33.4   17:50  21.7    2:05   0.0   9.5   0.0   4.3  20.9   15:20   NNE
17  26.6  32.2    8:40  21.5   23:50   0.0   8.3   0.0   3.7  22.5   15:05    SW
18  21.9  24.8   16:05  18.0    6:10   0.0   3.7   0.0   4.0  25.7   14:05   SSE
19  22.4  25.4   12:45  18.6    6:25   0.0   4.2   0.0   5.1  33.8   14:00   SSE
20  23.6  27.1   16:00  19.8    7:00   0.0   5.3   0.0   4.8  22.5   10:05   SSE
21  23.9  29.2   17:55  19.1    4:55   0.0   5.6   0.0   3.9  24.1   14:00    SW
22  25.4  27.8   12:25  23.1    0:05   0.0   7.2   0.0  22.7  70.8   23:15    NE
23  22.7  24.5    0:05  21.1   23:00   0.0   4.4   0.0  32.0  90.1    5:05    NE
24  22.8  26.7   13:50  20.2    6:35   0.0   4.5   0.0  29.9  78.9    4:05    NE
25  22.8  26.8   14:30  19.9    3:50   0.0   4.5   0.0  23.3  83.7    4:05    NE
26  25.9  30.3   12:00  21.4    4:15   0.0   7.7   0.0   6.9  37.0    1:25     N
27  26.5  31.8   15:50  21.4    1:20   0.0   8.2   0.0   4.7  25.7   14:20    SW
28  29.0  33.6   14:35  23.7    0:05   0.0  10.7   0.0   6.4  29.0    6:40    NE
29  30.8  35.1   15:45  24.6    0:55   0.0  12.5   0.0  10.9  57.9   22:05    NE
30  30.3  34.3   16:10  26.2    6:55   0.0  12.0   0.0   8.2  62.8    2:10    NE
31  31.9  36.1   14:55  27.3    1:35   0.0  13.6   0.0   7.1  38.6    9:45    NE
-------------------------------------------------------------------------------------
    26.3  36.2     1    18.0    18     0.0 248.2   0.0   9.8  90.1    23      NE

Max >=  32.0: 10
Max <=   0.0:  0
Min <=   0.0:  0
Min <= -18.0:  0
Max Rain: 0.00 ON 01/07/21
Days of Rain: 0 (> .2 mm) 0 (> 2 mm) 0 (> 20 mm)
Heat Base:  18.3  Cool Base:  18.3  Method: Integration