NOAA Reports/Αναφορές NOAA

Select a Year or Month report
2022 > Jan Feb Mar Apr May Jun Jul Aug Sep Oct Nov Dec
2021 > Jan Feb Mar Apr May Jun Jul Aug Sep Oct Nov Dec
2020 > Jan Feb Mar Apr May Jun Jul Aug Sep Oct Nov Dec
2019 > Jan Feb Mar Apr May Jun Jul Aug Sep Oct Nov Dec
2018 > Jan Feb Mar Apr May Jun Jul Aug Sep Oct Nov Dec
2017 > Jan Feb Mar Apr May Jun Jul Aug Sep Oct Nov Dec

Report for 2021 Aug
                   MONTHLY CLIMATOLOGICAL SUMMARY for AUG. 2021

NAME: Amira   CITY: Amira   STATE: Greece 
ELEV:   650 m  LAT:  35 02' 31" N  LONG:  25 26' 46" E

                   TEMPERATURE (C), RAIN  (mm), WIND SPEED (km/hr)

                                      HEAT  COOL        AVG
    MEAN                              DEG   DEG         WIND                 DOM
DAY TEMP  HIGH   TIME   LOW    TIME   DAYS  DAYS  RAIN  SPEED HIGH   TIME    DIR
------------------------------------------------------------------------------------
 1  32.6  36.0   14:30  28.6    2:25   0.0  14.2   0.0   9.0  37.0   23:15    NE
 2  31.4  34.8   15:15  28.4    6:20   0.0  13.1   0.0  12.2  45.1   22:20    NE
 3  33.4  37.4   14:20  29.6    6:50   0.0  15.1   0.0  18.7  78.9   22:00    NE
 4  34.8  37.6   14:35  28.5   23:50   0.0  16.5   0.0  17.7  70.8    0:05    NE
 5  32.7  35.9   14:50  29.4    1:05   0.0  14.4   0.0   9.8  56.3   12:00   NNW
 6  33.8  38.6   12:20  28.2   00:00   0.0  15.5   0.0  12.9  45.1   23:15   NNE
 7  27.6  30.9   13:40  23.9    6:40   0.0   9.2   0.0   8.4  45.1   15:25    NE
 8  25.9  30.3   15:40  21.3    5:30   0.0   7.7   0.0   6.1  56.3    7:10    NE
 9  27.4  32.2   18:10  21.9    2:15   0.0   9.1   0.0   6.6  38.6   18:20    NE
10  29.4  34.4   14:30  23.2    3:40   0.0  11.2   0.0   9.8  56.3   22:10    NE
11  29.4  33.5   13:50  26.7    6:45   0.0  11.2   0.0   6.4  40.2    6:00    NE
12  28.2  32.1   13:05  23.7   23:55   0.0   9.9   0.0   8.5  49.9   21:00    NE
13  27.6  32.0   13:35  22.6    3:00   0.0   9.3   0.0  10.8  56.3    6:15    NE
14  25.4  28.3    8:50  19.7   23:15   0.0   7.2   0.0  21.1  62.8   11:45    NE
15  25.0  29.1    8:40  20.0    0:40   0.0   6.7   0.0   5.5  37.0    1:50   SSE
16  23.5  27.1   12:40  19.7    6:50   0.0   5.2   0.0   4.0  22.5   11:20    SW
17  23.8  29.2   17:55  18.1    3:50   0.0   5.5   0.0   5.3  45.1   21:25     N
18  26.3  31.8   15:20  21.2    4:25   0.0   8.0   0.0   5.0  30.6   13:20     N
19  28.1  31.9   14:15  24.0    6:10   0.0   9.8   0.0   4.7  24.1   14:35     N
20  28.7  32.8   13:35  24.5    1:25   0.0  10.4   0.0   6.6  37.0    2:00   SSE
21  27.1  29.9   14:00  23.3   20:20   0.0   8.8   0.0  16.4  56.3   23:55    NE
22  25.6  28.7   15:25  22.3    4:25   0.0   7.3   0.0  15.8  67.6   19:45    NE
23  23.8  28.6   15:25  19.0    5:55   0.0   5.5   0.0   4.0  35.4    0:40   SSE
24  24.7  28.5   15:00  20.7    3:35   0.0   6.4   0.0   4.0  22.5   12:45   NNE
25  24.7  28.4   12:10  20.7    5:50   0.0   6.4   0.0   3.4  22.5   12:10     N
26  26.2  29.2   18:10  21.4    5:30   0.0   7.9   0.0   5.1  20.9   12:50    SW
27  29.0  32.4   17:45  24.8    4:50   0.0  10.7   0.0   7.4  43.5    6:10    NE
28  27.3  30.6   10:25  21.3   00:00   0.0   9.0   0.0   6.9  33.8    7:35   NNE
29  23.6  27.2   18:05  19.2    6:30   0.0   5.3   0.0   6.1  37.0   23:30   SSE
30  25.9  29.4   12:00  22.4   00:00   0.0   7.6   0.0   7.7  45.1   10:55    NE
31  24.1  27.3   11:35  20.3    7:00   0.0   5.8   0.0   4.5  24.1   11:35     N
-------------------------------------------------------------------------------------
    27.6  38.6     6    18.1    17     0.0 289.8   0.0   8.7  78.9     3      NE

Max >=  32.0: 13
Max <=   0.0:  0
Min <=   0.0:  0
Min <= -18.0:  0
Max Rain: 0.00 ON 01/08/21
Days of Rain: 0 (> .2 mm) 0 (> 2 mm) 0 (> 20 mm)
Heat Base:  18.3  Cool Base:  18.3  Method: Integration