NOAA Reports/Αναφορές NOAA

Select a Year or Month report
2023 > Jan Feb Mar Apr May Jun Jul Aug Sep Oct Nov Dec
2022 > Jan Feb Mar Apr May Jun Jul Aug Sep Oct Nov Dec
2021 > Jan Feb Mar Apr May Jun Jul Aug Sep Oct Nov Dec
2020 > Jan Feb Mar Apr May Jun Jul Aug Sep Oct Nov Dec
2019 > Jan Feb Mar Apr May Jun Jul Aug Sep Oct Nov Dec
2018 > Jan Feb Mar Apr May Jun Jul Aug Sep Oct Nov Dec
2017 > Jan Feb Mar Apr May Jun Jul Aug Sep Oct Nov Dec

Report for 2021 Oct
                   MONTHLY CLIMATOLOGICAL SUMMARY for OCT. 2021

NAME: Amira   CITY: Amira   STATE: Greece 
ELEV:   650 m  LAT:  35 02' 31" N  LONG:  25 26' 46" E

                   TEMPERATURE (C), RAIN  (mm), WIND SPEED (km/hr)

                                      HEAT  COOL        AVG
    MEAN                              DEG   DEG         WIND                 DOM
DAY TEMP  HIGH   TIME   LOW    TIME   DAYS  DAYS  RAIN  SPEED HIGH   TIME    DIR
------------------------------------------------------------------------------------
 1  17.4  21.5   14:20  15.3   20:40   1.4   0.5   0.0  23.2  90.1    6:10    NE
 2  16.5  18.9   14:25  14.4   23:40   1.8   0.0   0.0  21.2  72.4    5:15    NE
 3  16.7  21.1   15:10  13.0   23:50   2.2   0.6   0.0   5.1  33.8    8:00   SSE
 4  16.1  21.2   15:55  11.7    4:00   2.7   0.5   0.0   3.9  22.5   13:55     N
 5  16.6  22.3   14:55  12.3    4:45   2.4   0.7   0.0   3.9  19.3   11:50     N
 6  17.3  22.2   14:40  13.3   00:00   1.9   1.0   0.0   3.5  20.9   15:55   SSE
 7  15.9  20.1   13:05  11.9    7:25   2.6   0.2   0.0   3.5  24.1   14:25     N
 8  18.2  21.5   15:55  14.3    0:20   1.0   0.9   0.0   3.7  25.7   13:45   SSE
 9  19.7  23.6   15:05  15.8    6:05   0.3   1.7   0.0   3.2  22.5   12:45     S
10  19.8  23.5   14:05  16.3    7:20   0.4   1.9   0.0   3.2  20.9   13:55   NNE
11  22.1  26.2   13:05  18.7   20:35   0.0   3.7   0.0   4.7  33.8   13:45    NE
12  17.7  21.0    0:05  14.7   13:10   1.3   0.6   6.2   8.7  41.8   12:25    NW
13  16.4  20.1   14:50  13.2    5:15   2.0   0.1   0.0   6.3  37.0   15:35    NE
14  16.7  19.8   15:50  14.4    0:15   1.6   0.1  22.2   5.3  32.2   18:40   SSE
15  17.4  19.9   12:15  10.3    4:40   1.1   0.2  37.4   7.7  78.9    4:25    SE
16  14.7  16.9   13:40  13.3    9:20   3.7   0.0  11.0   6.9  29.0   14:15   NNW
17  16.2  19.9   14:00  12.8    2:30   2.2   0.1   0.0   5.0  33.8   14:55   SSE
18  15.6  19.3   11:55  13.0    4:40   2.8   0.0   0.0   3.4  25.7    6:15    NE
19  16.0  19.5   16:25  13.1    2:20   2.4   0.1   0.0   7.9  46.7   22:05   ENE
20  15.4  19.3   16:05  11.8   23:50   3.0   0.0   0.0  11.4  66.0    6:40    NE
21  14.3  18.3   14:30  10.6    7:20   3.9   0.0   0.0   4.0  20.9   11:50   NNE
22  15.4  18.8   16:00  11.3    6:55   2.9   0.0   0.0   4.7  24.1   13:35   NNE
23  17.3  21.3   16:50  13.3    3:10   1.6   0.6   0.0   5.0  24.1   13:45   NNE
24  17.7  21.4   12:40  14.6    4:10   1.4   0.8   0.0   3.2  19.3   13:10   NNE
25  17.1  20.3   15:20  13.7   00:00   1.5   0.3   0.0   3.4  40.2    7:25   SSE
26  14.7  17.9   14:25  12.4    7:20   3.6   0.0   0.4   2.4  20.9   12:25   SSE
27  14.5  17.4   13:45  13.4    3:15   3.8   0.0   6.8   1.1  11.3    6:05   NNE
28  15.4  19.1   13:35  12.4    6:40   2.9   0.0   0.0   1.9  19.3   12:45   NNE
29  15.7  18.3   10:40  13.7    6:50   2.7   0.0   0.0   2.6  20.9   11:30   SSE
30  13.9  16.0   14:45  12.3   23:55   4.4   0.0   4.4   1.6  14.5   14:00    NE
31  14.3  17.1   11:00  12.2    6:15   4.0   0.0   1.2   2.9  17.7   12:00    NE
-------------------------------------------------------------------------------------
    16.5  26.2    11    10.3    15    69.5  14.8  89.6   5.6  90.1     1      NE

Max >=  32.0:  0
Max <=   0.0:  0
Min <=   0.0:  0
Min <= -18.0:  0
Max Rain: 37.39 ON 15/10/21
Days of Rain: 8 (> .2 mm) 6 (> 2 mm) 2 (> 20 mm)
Heat Base:  18.3  Cool Base:  18.3  Method: Integration