NOAA Reports/Αναφορές NOAA

Select a Year or Month report
2022 > Jan Feb Mar Apr May Jun Jul Aug Sep Oct Nov Dec
2021 > Jan Feb Mar Apr May Jun Jul Aug Sep Oct Nov Dec
2020 > Jan Feb Mar Apr May Jun Jul Aug Sep Oct Nov Dec
2019 > Jan Feb Mar Apr May Jun Jul Aug Sep Oct Nov Dec
2018 > Jan Feb Mar Apr May Jun Jul Aug Sep Oct Nov Dec
2017 > Jan Feb Mar Apr May Jun Jul Aug Sep Oct Nov Dec

Report for 2021 Dec
                   MONTHLY CLIMATOLOGICAL SUMMARY for NOV. 2021

NAME: Amira   CITY: Amira   STATE: Greece 
ELEV:   650 m  LAT:  35 02' 31" N  LONG:  25 26' 46" E

                   TEMPERATURE (C), RAIN  (mm), WIND SPEED (km/hr)

                                      HEAT  COOL        AVG
    MEAN                              DEG   DEG         WIND                 DOM
DAY TEMP  HIGH   TIME   LOW    TIME   DAYS  DAYS  RAIN  SPEED HIGH   TIME    DIR
------------------------------------------------------------------------------------
 1  15.6  19.7   12:10  12.6   21:30   2.7   0.0   0.0   5.8  43.5    6:35     N
 2  16.7  20.3   15:35  12.8    3:25   1.7   0.2   0.0   3.5  24.1   14:15   NNW
 3  19.8  22.3   15:40  17.9   17:55   0.0   1.5   0.0   4.7  20.9    4:50    NE
 4  19.4  23.7   15:10  15.9    5:40   0.5   1.6   0.0   2.7  17.7   12:35     N
 5  19.4  23.5   11:55  16.9    4:10   0.3   1.4   0.0   3.1  17.7   12:00   NNE
 6  19.2  23.4   16:05  15.9   23:25   0.5   1.5   0.0   3.2  14.5   12:25   NNE
 7  17.7  21.6   10:15  13.9   21:50   1.5   0.9   0.0   2.9  17.7   13:25     N
 8  16.6  20.3   14:55  13.8    6:10   2.0   0.3   0.0   3.2  19.3   12:55   NNE
 9  17.7  21.9   11:15  14.8    0:20   1.3   0.7   0.0   4.0  19.3   11:10    NE
10  16.2  21.3   12:40  12.1   23:35   2.5   0.4   0.0   2.3  14.5   16:40   NNE
11  12.2  15.6   13:20   9.6   22:50   6.1   0.0   0.0   1.6  12.9   13:25   NNE
12  12.3  16.2   13:00   8.7    6:00   5.9   0.0   0.0   3.2  22.5   13:00     N
13  13.9  16.7   11:45  12.7    6:55   4.4   0.0   0.0   2.1  19.3   11:35   NNE
14  13.8  16.3   11:55  12.0   22:55   4.5   0.0   0.0   2.1  19.3   11:50   NNE
15  14.6  18.6   12:20  12.2    4:50   3.7   0.0   0.0   3.2  20.9   14:25   NNE
16  14.3  17.3   11:15  11.6    3:30   4.0   0.0   0.4   2.9  20.9   11:50   NNE
17  14.2  17.3   15:35  11.3   22:40   4.1   0.0   0.0   3.1  16.1   10:25     N
18  14.2  19.1   14:40  11.2    7:00   4.1   0.0   0.0   3.7  27.4   14:45   SSE
19  11.5  14.3    2:35  10.2    5:15   2.5   0.0   0.0   1.4  17.7    2:25    NE
20   9.3   9.7   23:10   8.9   00:00   0.8   0.0   0.0   4.3  12.9   22:45   NNE
21  11.6  14.9   12:00   8.3    7:05   6.7   0.0   0.0   4.3  37.0    5:10     N
22  12.8  15.8   14:00   9.8    6:15   5.5   0.0   0.8   4.0  20.9   12:10     N
23  14.0  16.1   15:20  12.6    2:00   4.3   0.0  17.4   3.1  24.1    8:30   NNE
24  13.8  17.8   10:45  11.7   21:35   4.5   0.0   1.4   2.7  24.1   10:25   NNW
25  12.9  16.3   13:55  10.2   19:40   5.3   0.0   0.0   4.3  41.8    4:45   NNE
26  14.6  16.8   14:25  12.1    5:00   3.7   0.0   0.0   4.8  32.2   14:50    SE
27  15.8  17.5   14:35  14.1    5:45   2.5   0.0   0.0   6.0  40.2    3:35   NNE
28  17.7  20.5   21:40  15.1    6:20   1.0   0.4   0.0   8.0  45.1    1:45    NW
29  17.9  21.3   10:25  13.2   23:35   1.3   0.9   0.0   8.9  45.1   12:15    NW
30  11.8  14.1   13:25   9.2   23:45   6.5   0.0   1.4  13.2  67.6   11:35    NW
-------------------------------------------------------------------------------------
    15.1  23.7     4     8.3    21    94.7   9.9  21.4   4.1  67.6    30     NNE

Max >=  32.0:  0
Max <=   0.0:  0
Min <=   0.0:  0
Min <= -18.0:  0
Max Rain: 17.40 ON 23/11/21
Days of Rain: 5 (> .2 mm) 1 (> 2 mm) 0 (> 20 mm)
Heat Base:  18.3  Cool Base:  18.3  Method: Integration