NOAA Reports/Αναφορές NOAA

Select a Year or Month report
2022 > Jan Feb Mar Apr May Jun Jul Aug Sep Oct Nov Dec
2021 > Jan Feb Mar Apr May Jun Jul Aug Sep Oct Nov Dec
2020 > Jan Feb Mar Apr May Jun Jul Aug Sep Oct Nov Dec
2019 > Jan Feb Mar Apr May Jun Jul Aug Sep Oct Nov Dec
2018 > Jan Feb Mar Apr May Jun Jul Aug Sep Oct Nov Dec
2017 > Jan Feb Mar Apr May Jun Jul Aug Sep Oct Nov Dec

Report for 2022 Feb
                   MONTHLY CLIMATOLOGICAL SUMMARY for FEB. 2022

NAME: Amira   CITY: Amira   STATE: Greece 
ELEV:   650 m  LAT:  35 02' 31" N  LONG:  25 26' 46" E

                   TEMPERATURE (C), RAIN  (mm), WIND SPEED (km/hr)

                                      HEAT  COOL        AVG
    MEAN                              DEG   DEG         WIND                 DOM
DAY TEMP  HIGH   TIME   LOW    TIME   DAYS  DAYS  RAIN  SPEED HIGH   TIME    DIR
------------------------------------------------------------------------------------
 1   8.7  10.2   12:00   6.1    0:40   9.6   0.0   2.6   7.9  43.5   22:25   SSE
 2   8.8  10.3    0:40   6.1   21:10   9.5   0.0   2.8   9.7  53.1    2:25   SSE
 3   6.6  10.7   12:55   4.0   23:55  11.8   0.0  35.2   9.5  61.2   22:25   NNE
 4   5.0   6.8   15:15   2.6    7:05  13.3   0.0  12.4  24.9  83.7    7:20   NNE
 5   8.2  13.3   11:20   3.1    5:05  10.1   0.0   0.0   5.5  37.0   10:50    NW
 6  10.3  13.2   12:15   7.6    5:40   8.0   0.0   0.0   4.5  24.1    0:05     N
 7  10.0  13.1   14:15   7.6    1:25   8.3   0.0   0.0   7.1  37.0   15:45    NW
 8   7.1  10.1    8:55   1.1   23:00  11.2   0.0  13.4  12.6  53.1   18:15    NW
 9   3.7   6.3   00:00   1.3    8:30  14.6   0.0  39.0  20.1  85.3   15:20   NNE
10   6.8  14.8   16:30   4.8   23:30  11.5   0.0   0.0  23.0 101.4    7:05   NNE
11   7.8  12.2   13:15   3.9    6:30  10.4   0.0   0.0   4.0  19.3   15:40   NNE
12   8.1  10.6   15:10   5.6    4:00  10.2   0.0   0.0   3.4  19.3   15:15   NNE
13   9.2  12.8   10:50   7.8    6:10   9.1   0.0   0.2   8.9  51.5   22:50   NNE
14   8.7  12.7   15:20   5.5   22:25   9.6   0.0   0.0   6.4  48.3    2:50   SSE
15   8.5  12.5   13:40   5.3    7:05   9.8   0.0   0.0   5.1  30.6   14:25   SSE
16   9.1  12.3    9:05   5.9    0:05   9.3   0.0   0.0   3.5  24.1   14:00   SSE
17   8.1  10.3   16:50   5.2   23:50  10.2   0.0   9.8   4.0  43.5   11:20     N
18   9.4  13.2   15:10   4.7    3:30   8.9   0.0   0.0   5.6  49.9   23:25   SSE
19  11.3  16.2   15:35   8.3   23:15   7.0   0.0   0.0   7.2  41.8    5:40    NE
20  12.9  17.6   23:30   7.8    1:25   5.4   0.0   0.0   5.0  30.6   23:20   SSE
21  12.3  17.5    0:10   8.9   23:25   6.0   0.0   0.0   4.2  29.0   13:55   SSE
22  10.1  12.6   11:40   8.3   20:00   8.2   0.0   5.4   8.2  37.0   12:40    NW
23   8.4  10.9   16:15   6.8   22:40   9.9   0.0  30.2   7.2  41.8   16:10     E
24   6.8  10.3    8:45   3.7   22:00  11.5   0.0  37.6  11.9  69.2   00:00   NNE
25   6.3   8.4   12:25   3.9   23:15  12.0   0.0  17.4  17.2  80.5    1:05    NE
26   7.9  11.3   11:20   3.0    6:10  10.4   0.0   0.0   3.9  24.1   15:45   SSE
27   8.7  10.3   11:30   6.2    3:55   9.6   0.0   1.6   4.3  35.4   22:50   NNE
28   9.1  10.9   13:05   7.3    6:00   9.3   0.0   0.0   7.6  38.6   12:20    NW
-------------------------------------------------------------------------------------
     8.5  17.6    20     1.1     8   274.3   0.0 207.6   8.7 101.4    10     NNE

Max >=  32.0:  0
Max <=   0.0:  0
Min <=   0.0:  0
Min <= -18.0:  0
Max Rain: 38.99 ON 09/02/22
Days of Rain: 13 (> .2 mm) 11 (> 2 mm) 4 (> 20 mm)
Heat Base:  18.3  Cool Base:  18.3  Method: Integration