NOAA Reports/Αναφορές NOAA

Select a Year or Month report
2022 > Jan Feb Mar Apr May Jun Jul Aug Sep Oct Nov Dec
2021 > Jan Feb Mar Apr May Jun Jul Aug Sep Oct Nov Dec
2020 > Jan Feb Mar Apr May Jun Jul Aug Sep Oct Nov Dec
2019 > Jan Feb Mar Apr May Jun Jul Aug Sep Oct Nov Dec
2018 > Jan Feb Mar Apr May Jun Jul Aug Sep Oct Nov Dec
2017 > Jan Feb Mar Apr May Jun Jul Aug Sep Oct Nov Dec

Report for 2022 Mar
                   MONTHLY CLIMATOLOGICAL SUMMARY for MAR. 2022

NAME: Amira   CITY: Amira   STATE: Greece 
ELEV:   650 m  LAT:  35 02' 31" N  LONG:  25 26' 46" E

                   TEMPERATURE (C), RAIN  (mm), WIND SPEED (km/hr)

                                      HEAT  COOL        AVG
    MEAN                              DEG   DEG         WIND                 DOM
DAY TEMP  HIGH   TIME   LOW    TIME   DAYS  DAYS  RAIN  SPEED HIGH   TIME    DIR
------------------------------------------------------------------------------------
 1   8.0   9.7   11:20   6.8   21:30  10.3   0.0   5.8   5.3  27.4   11:25    NW
 2   6.2   8.4    0:15   4.1   17:40  12.1   0.0  66.8   9.8  61.2   00:00   NNE
 3   6.2   8.7   13:10   3.9    8:50  12.1   0.0   1.6  16.6  70.8    1:45   NNE
 4   7.4  10.1   16:55   4.9    2:20  10.9   0.0   0.6   5.5  33.8   14:40    NW
 5   9.3  12.2   14:50   6.7    4:25   9.0   0.0   0.0   5.3  27.4   22:35   SSE
 6   9.9  12.9   10:50   7.2   23:00   8.4   0.0  13.0   5.0  24.1    0:55   SSE
 7   9.1  12.0   14:15   6.3   23:10   9.2   0.0   0.0   5.6  29.0    4:20    NW
 8   8.1  10.7   10:00   5.5    5:10  10.2   0.0   0.0   4.0  32.2   22:55   NNE
 9   7.4  10.8   13:00   4.4   22:55  10.9   0.0   0.4  10.0  45.1   18:25   NNE
10   3.5   7.1   12:00  -0.3   20:55  14.8   0.0   4.4  14.3  56.3   13:35   NNE
11   1.2   3.6   10:50  -0.8    4:55  17.1   0.0   6.0   7.6  40.2   12:30    NW
12   1.2   2.9   10:35   0.1    3:30  17.1   0.0   0.6   2.4  29.0   23:50   SSE
13   2.1   5.4   15:15  -0.8    6:20  16.2   0.0   0.2   8.0  49.9    0:40    NE
14   3.1   5.8   12:55   0.9    0:05  15.2   0.0   4.4   7.7  66.0   19:50    NE
15   5.8  10.3   14:45   2.6    4:05  12.5   0.0   0.0  10.1  57.9   16:20    NE
16   6.6  10.6   13:50   2.5    5:45  11.7   0.0   0.0   4.7  27.4   12:10     N
17   8.7  12.7   13:50   4.4    4:40   9.6   0.0   0.0   3.7  22.5   11:35   SSE
18   6.7   9.2    2:55   4.3   21:25  11.5   0.0   0.0  14.3  80.5   15:35    NE
19   4.4   8.2   12:30   1.6   23:20  13.9   0.0   0.0   4.8  54.7    0:20   SSE
20   3.5   6.6   13:55   1.6    0:55  14.8   0.0   0.0   7.4  45.1    7:10    NE
21   4.1   5.9   12:40   2.2    6:15  14.2   0.0   1.6  16.6  66.0   17:40   NNE
22   4.1   7.2   13:20   1.9   20:45  14.2   0.0  11.4   9.8  46.7   16:20    NE
23   3.9   7.3   14:50   1.4    1:45  14.4   0.0  22.0   7.6  56.3   16:40    NE
24   6.1   9.2   21:00   3.8    0:15  12.3   0.0   2.2  16.6  80.5   18:45    NE
25  12.3  16.8   14:55   6.9    1:45   6.0   0.0   0.0   9.0  75.6    4:55    NW
26  13.8  18.4   12:30   8.7   23:40   4.5   0.0   0.0   6.4  37.0   13:55   NNE
27  12.2  15.7   16:35   7.8    6:35   5.8   0.0   0.0   3.9  19.3   13:25     N
28  12.4  15.6   11:35   9.3    3:40   5.9   0.0   0.0   4.3  22.5   12:00   SSE
29  10.8  14.3   12:45   7.8   22:40   7.5   0.0   0.0   4.7  22.5   12:00   SSE
30   9.8  13.3    9:40   6.6    3:45   8.5   0.0   0.0   2.6  17.7    9:55   SSE
31  13.8  18.4   12:25   7.6    3:35   4.5   0.0   0.0   5.0  25.7   23:25   SSE
-------------------------------------------------------------------------------------
     7.1  18.4    26    -0.8    13   345.3   0.0 141.0   7.7  80.5    18     NNE

Max >=  32.0:  0
Max <=   0.0:  0
Min <=   0.0:  3
Min <= -18.0:  0
Max Rain: 66.80 ON 02/03/22
Days of Rain: 15 (> .2 mm) 9 (> 2 mm) 2 (> 20 mm)
Heat Base:  18.3  Cool Base:  18.3  Method: Integration