NOAA Reports/Αναφορές NOAA

Select a Year or Month report
2022 > Jan Feb Mar Apr May Jun Jul Aug Sep Oct Nov Dec
2021 > Jan Feb Mar Apr May Jun Jul Aug Sep Oct Nov Dec
2020 > Jan Feb Mar Apr May Jun Jul Aug Sep Oct Nov Dec
2019 > Jan Feb Mar Apr May Jun Jul Aug Sep Oct Nov Dec
2018 > Jan Feb Mar Apr May Jun Jul Aug Sep Oct Nov Dec
2017 > Jan Feb Mar Apr May Jun Jul Aug Sep Oct Nov Dec

Report for 2022 May
                   MONTHLY CLIMATOLOGICAL SUMMARY for MAY. 2022

NAME: Amira   CITY: Amira   STATE: Greece 
ELEV:   650 m  LAT:  35 02' 31" N  LONG:  25 26' 46" E

                   TEMPERATURE (C), RAIN  (mm), WIND SPEED (km/hr)

                                      HEAT  COOL        AVG
    MEAN                              DEG   DEG         WIND                 DOM
DAY TEMP  HIGH   TIME   LOW    TIME   DAYS  DAYS  RAIN  SPEED HIGH   TIME    DIR
------------------------------------------------------------------------------------
 1  17.8  21.9   13:30  14.9   20:20   0.9   0.4   0.0   8.5  53.1    1:00    NE
 2  18.0  22.2   10:35  13.5   23:55   1.2   0.9   0.2   7.6  46.7   12:25    SE
 3  14.9  19.3   15:45  11.2   23:50   3.4   0.0   0.0   3.9  29.0    3:45   SSE
 4  14.4  18.4   16:05  10.1    2:45   3.9   0.0   0.0   6.3  35.4   11:55    NW
 5  14.9  19.1   16:35  10.6    5:10   3.5   0.1   0.0   5.0  32.2    7:25   SSE
 6  16.2  20.6   14:00  11.2    6:15   2.4   0.3   0.0   4.3  25.7   12:50   SSE
 7  16.1  20.4   15:25  11.2    6:25   2.4   0.2   0.0   3.5  22.5   11:30    SW
 8  17.2  22.2   13:20  13.9    4:45   1.6   0.5   0.0   3.7  25.7   11:55   SSE
 9  17.5  21.4   14:40  13.4    6:10   1.6   0.8   0.0   3.9  27.4   14:00     N
10  15.9  19.1   10:45  12.2    5:20   2.5   0.0   0.0   4.0  22.5   12:10     N
11  14.9  18.9   12:55  11.2    5:50   3.4   0.0   0.0   4.3  32.2   12:55     N
12  15.9  19.9   10:10  11.8    2:15   2.5   0.1   0.0   3.4  14.5   11:00     N
13  16.9  20.6    8:20  13.4    5:45   1.8   0.4   0.0   4.3  24.1   13:15     N
14  15.9  19.6    8:10  12.8    5:00   2.5   0.1   6.6   4.3  25.7   15:00     N
15  18.2  22.3   18:35  13.3    2:40   1.3   1.2   0.0   5.0  24.1   14:05   SSE
16  19.8  23.9   17:25  14.9    5:20   0.6   2.1   0.0   4.0  20.9   15:40     N
17  20.8  24.2   13:20  17.2    0:50   0.1   2.6   0.0   4.3  24.1   14:10   NNE
18  20.8  24.9   17:55  17.3    6:00   0.1   2.7   0.0   3.5  17.7   16:25     N
19  18.6  22.6   13:20  12.8   23:55   0.9   1.2   0.0  13.2  74.0   22:50   NNE
20  13.9  16.9   13:50  11.8   23:10   4.4   0.0   0.0  17.7  70.8    2:35   NNE
21  16.4  20.1   17:15  12.2    0:20   2.2   0.3   2.0   4.5  27.4   23:25   SSE
22  20.9  25.2   15:45  15.4    0:45   0.2   2.8   0.2   9.2  40.2    1:30    NW
23  23.3  27.6   16:05  19.2   00:00   0.0   5.0   0.0   6.3  27.4   18:35   SSE
24  21.7  25.1   18:25  17.3    5:50   0.1   3.5   0.0   3.5  19.3   14:20     N
25  23.7  27.4   16:45  19.4    4:35   0.0   5.4   0.0   3.9  17.7   13:30     N
26  26.2  30.0   18:25  20.9    3:00   0.0   7.9   0.0   4.5  22.5   18:35     N
27  27.3  30.5   11:55  22.8    3:40   0.0   9.0   0.0   5.3  22.5   22:10     N
28  26.4  29.4    9:00  21.6    5:50   0.0   8.1   0.0   6.0  22.5   13:15     N
29  25.5  28.8   11:55  22.1   22:15   0.0   7.2   0.0   5.0  37.0   13:00   NNE
30  21.1  23.6   13:35  17.0   00:00   0.1   2.9   0.0   4.7  20.9   11:10   SSE
31  22.7  26.8   13:10  16.9    0:25   0.0   4.5   0.0   5.0  35.4   16:40    NW
-------------------------------------------------------------------------------------
    19.2  30.5    27    10.1     4    43.6  70.1   9.0   5.6  74.0    19       N

Max >=  32.0:  0
Max <=   0.0:  0
Min <=   0.0:  0
Min <= -18.0:  0
Max Rain: 6.60 ON 14/05/22
Days of Rain: 4 (> .2 mm) 2 (> 2 mm) 0 (> 20 mm)
Heat Base:  18.3  Cool Base:  18.3  Method: Integration