NOAA Reports/Αναφορές NOAA

Select a Year or Month report
2022 > Jan Feb Mar Apr May Jun Jul Aug Sep Oct Nov Dec
2021 > Jan Feb Mar Apr May Jun Jul Aug Sep Oct Nov Dec
2020 > Jan Feb Mar Apr May Jun Jul Aug Sep Oct Nov Dec
2019 > Jan Feb Mar Apr May Jun Jul Aug Sep Oct Nov Dec
2018 > Jan Feb Mar Apr May Jun Jul Aug Sep Oct Nov Dec
2017 > Jan Feb Mar Apr May Jun Jul Aug Sep Oct Nov Dec

Report for 2022 Aug
                   MONTHLY CLIMATOLOGICAL SUMMARY for AUG. 2022

NAME: Amira   CITY: Amira   STATE: Greece 
ELEV:   650 m  LAT:  35 02' 31" N  LONG:  25 26' 46" E

                   TEMPERATURE (C), RAIN  (mm), WIND SPEED (km/hr)

                                      HEAT  COOL        AVG
    MEAN                              DEG   DEG         WIND                 DOM
DAY TEMP  HIGH   TIME   LOW    TIME   DAYS  DAYS  RAIN  SPEED HIGH   TIME    DIR
------------------------------------------------------------------------------------
 1  28.8  32.3   15:30  25.1   23:35   0.0  10.5   0.0   7.1  38.6    3:45    NE
 2  26.9  30.3   15:00  23.9   21:15   0.0   8.7   0.0  17.1  57.9    9:55   NNE
 3  25.6  29.0   15:05  21.0   23:15   0.0   7.3   0.0  11.1  64.4    2:10   NNE
 4  25.0  29.8   13:55  20.7    4:05   0.0   6.7   0.0   4.3  24.1   15:10   SSE
 5  25.1  29.1   15:05  20.8    1:50   0.0   6.8   0.0   6.9  57.9   22:15   SSE
 6  24.0  29.2   16:10  19.5    2:20   0.0   5.7   0.0   8.9  51.5    6:40   NNE
 7  24.4  28.7   14:15  20.6   23:10   0.0   6.1   0.0   8.4  51.5    4:40   SSE
 8  24.1  29.0   14:20  19.3    5:10   0.0   5.8   0.0   4.0  25.7   13:50   SSE
 9  24.9  29.0   13:15  21.6    3:00   0.0   6.7   0.0   4.2  22.5    5:15   SSE
10  25.0  29.0   15:20  21.1    2:15   0.0   6.7   0.0  12.1  49.9   20:10   NNE
11  24.7  29.1   14:20  21.9    6:35   0.0   6.4   0.0  11.1  49.9    3:10   NNE
12  25.4  28.9   13:50  22.0   20:55   0.0   7.1   0.0  13.4  48.3    9:35   NNE
13  25.5  29.0   14:45  21.8   00:00   0.0   7.2   0.0   8.7  46.7    2:25   NNE
14  23.7  27.4   14:55  20.3    2:20   0.0   5.4   0.0   4.0  29.0   13:15   SSE
15  23.1  26.5   15:00  19.9    3:35   0.0   4.7   0.0   5.5  37.0    4:45   SSE
16  23.1  26.1   17:20  19.5    1:40   0.0   4.7   0.0   5.0  22.5   15:10   NNE
17  27.3  31.9   16:55  21.8    0:25   0.0   9.0   0.0   6.8  40.2   22:45   NNE
18  27.6  31.3   13:40  23.1    7:05   0.0   9.3   0.0  13.0  67.6   22:15    NE
19  29.6  33.8   14:00  26.7   22:50   0.0  11.2   0.0  15.6  67.6    6:30   NNE
20  28.4  32.3   14:30  25.0    6:50   0.0  10.2   0.0   8.4  49.9   14:55    NE
21  25.9  29.7   11:40  21.0   23:50   0.0   7.7   0.0   3.7  20.9   14:35   NNE
22  22.9  26.6   15:25  19.6    6:50   0.0   4.7   0.0   3.9  25.7   12:35   SSE
23  22.9  26.8   18:00  20.0    6:10   0.0   4.7   0.0   3.7  22.5   13:40   SSE
24  21.1  24.4   14:00  19.1    6:20   0.0   2.8   0.0   3.7  37.0   12:45   SSE
25  20.6  24.8   14:50  17.7    7:05   0.0   2.4   1.2   4.5  35.4   17:40   SSE
26  20.2  24.0   11:25  17.2    6:40   0.1   2.0   2.0   3.7  25.7   12:35   SSE
27  20.8  24.9   14:25  17.8    2:40   0.0   2.6   0.0   3.7  22.5   13:50   NNE
28  22.5  25.6   15:35  18.7    6:50   0.0   4.2   0.0   4.7  25.7   14:50   NNE
29  24.1  29.1   17:40  19.7    5:00   0.0   5.8   0.0   4.5  20.9   15:25     N
30  24.2  28.3    8:50  20.4    5:30   0.0   5.9   0.0   4.3  24.1   12:55     N
31  23.7  27.1   16:00  20.8   00:00   0.0   5.4   0.0   4.7  24.1   13:30   SSE
-------------------------------------------------------------------------------------
    24.6  33.8    19    17.2    26     0.2 194.2   3.2   7.1  67.6    18     NNE

Max >=  32.0:  3
Max <=   0.0:  0
Min <=   0.0:  0
Min <= -18.0:  0
Max Rain: 2.01 ON 26/08/22
Days of Rain: 2 (> .2 mm) 1 (> 2 mm) 0 (> 20 mm)
Heat Base:  18.3  Cool Base:  18.3  Method: Integration