Select a Year or Month report
Report for 2023 May
MONTHLY CLIMATOLOGICAL SUMMARY for MAY. 2023
NAME: Amira CITY: Amira STATE: Greece
ELEV: 650 m LAT: 35 02' 31" N LONG: 25 26' 46" E
TEMPERATURE (C), RAIN (mm), WIND SPEED (km/hr)
HEAT COOL AVG
MEAN DEG DEG WIND DOM
DAY TEMP HIGH TIME LOW TIME DAYS DAYS RAIN SPEED HIGH TIME DIR
------------------------------------------------------------------------------------
1 12.9 16.0 15:50 11.2 20:35 5.4 0.0 1.4 1.9 19.3 14:10 NNE
2 15.1 19.9 14:20 11.2 6:20 3.2 0.1 0.0 5.0 32.2 23:30 SSE
3 16.9 18.7 14:05 13.8 20:10 1.3 0.0 2.6 10.8 54.7 2:00 SE
4 16.2 19.1 20:30 13.6 17:35 2.1 0.0 3.4 9.8 54.7 20:15 SE
5 16.5 19.9 15:05 13.7 0:05 2.0 0.2 0.0 15.8 61.2 21:50 NE
6 13.1 15.6 16:40 11.2 7:30 5.3 0.0 9.4 17.9 80.5 12:45 NE
7 14.4 18.6 13:55 10.2 4:20 3.9 0.0 0.0 5.8 48.3 8:15 SSE
8 16.8 21.3 15:15 12.2 0:35 2.0 0.5 0.0 6.4 43.5 8:45 NE
9 15.7 19.5 13:05 12.8 2:35 2.6 0.0 0.0 3.4 20.9 13:05 NNE
10 16.0 22.9 17:55 12.7 3:20 2.4 0.1 0.0 2.7 25.7 17:45 N
11 16.7 22.2 15:05 14.2 20:35 2.0 0.4 0.0 2.4 22.5 15:15 NE
12 15.8 19.9 13:45 12.2 4:55 2.7 0.1 0.0 4.5 33.8 10:05 SSE
13 16.2 20.6 17:10 12.1 3:10 2.4 0.3 0.0 3.9 25.7 14:30 NE
14 21.4 27.1 13:25 15.1 1:20 0.6 3.6 0.0 3.1 16.1 5:40 NE
15 23.8 27.2 10:05 20.3 4:00 0.0 5.5 0.0 4.8 27.4 14:00 SSE
16 22.4 25.0 8:35 16.7 00:00 0.1 4.2 0.0 6.3 29.0 2:55 SE
17 16.9 20.4 18:30 13.8 22:10 1.6 0.2 0.0 5.1 25.7 13:20 SW
18 16.3 20.9 16:40 12.2 3:30 2.2 0.2 0.0 7.2 35.4 5:05 NW
19 15.9 19.7 11:00 12.8 4:45 2.4 0.1 0.0 3.5 20.9 14:00 S
20 16.8 22.2 15:05 12.2 3:40 2.2 0.6 0.2 4.2 35.4 22:45 NNE
21 17.1 22.6 9:35 13.4 5:40 1.4 0.2 3.8 5.3 37.0 7:30 NE
22 15.4 17.9 1:10 13.3 6:35 2.9 0.0 2.2 5.3 33.8 11:45 NE
23 14.2 17.2 7:45 12.1 6:15 4.2 0.0 8.6 2.1 25.7 18:25 SSE
24 14.0 16.7 11:55 11.8 1:25 4.3 0.0 0.0 2.3 17.7 13:50 NE
25 16.1 20.6 8:20 11.6 4:25 2.5 0.3 0.0 4.0 22.5 14:50 NNE
26 17.4 22.7 11:45 13.7 5:45 1.5 0.7 0.8 3.7 25.7 7:45 NE
27 18.6 21.8 14:10 15.8 0:05 0.5 0.8 0.2 12.4 64.4 19:15 NE
28 18.8 22.9 13:15 14.3 23:25 0.7 1.2 0.0 16.6 61.2 5:20 NE
29 17.1 20.2 14:50 13.9 0:25 1.4 0.3 0.0 6.9 51.5 4:15 NE
30 15.4 17.9 8:35 13.2 5:45 2.9 0.0 0.2 3.5 22.5 12:25 NE
31 16.7 20.4 11:10 13.8 6:25 1.8 0.2 1.0 3.7 22.5 17:35 SSE
-------------------------------------------------------------------------------------
16.7 27.2 15 10.2 7 70.3 19.7 33.8 6.1 80.5 6 NE
Max >= 32.0: 0
Max <= 0.0: 0
Min <= 0.0: 0
Min <= -18.0: 0
Max Rain: 9.40 ON 06/05/23
Days of Rain: 12 (> .2 mm) 6 (> 2 mm) 0 (> 20 mm)
Heat Base: 18.3 Cool Base: 18.3 Method: Integration