NOAA Reports/Αναφορές NOAA

Select a Year or Month report
2022 > Jan Feb Mar Apr May Jun Jul Aug Sep Oct Nov Dec
2021 > Jan Feb Mar Apr May Jun Jul Aug Sep Oct Nov Dec
2020 > Jan Feb Mar Apr May Jun Jul Aug Sep Oct Nov Dec
2019 > Jan Feb Mar Apr May Jun Jul Aug Sep Oct Nov Dec
2018 > Jan Feb Mar Apr May Jun Jul Aug Sep Oct Nov Dec
2017 > Jan Feb Mar Apr May Jun Jul Aug Sep Oct Nov Dec

Report for 2019 Sep
                   MONTHLY CLIMATOLOGICAL SUMMARY for SEP. 2019

NAME: Amira   CITY: Amira   STATE: Greece 
ELEV:   650 m  LAT:  35 02' 31" N  LONG:  25 26' 46" E

                   TEMPERATURE (C), RAIN  (mm), WIND SPEED (km/hr)

                                      HEAT  COOL        AVG
    MEAN                              DEG   DEG         WIND                 DOM
DAY TEMP  HIGH   TIME   LOW    TIME   DAYS  DAYS  RAIN  SPEED HIGH   TIME    DIR
------------------------------------------------------------------------------------
 1  22.1  26.4   14:40  18.5    0:10   0.0   3.8   0.0   5.3  37.0    8:20   SSE
 2  22.5  26.8   15:55  18.0    6:40   0.0   4.2   0.0   6.0  54.7    2:25   SSE
 3  24.3  27.8   12:15  20.0    1:05   0.0   6.0   0.0   9.8  56.3    4:05   NNE
 4  24.2  27.2   14:20  19.7   00:00   0.0   5.9   0.0   9.0  48.3    5:05   SSE
 5  22.0  27.1    8:45  18.2    6:40   0.0   3.7   0.0   3.7  22.5   15:05   SSE
 6  22.0  25.8   17:15  18.1    6:35   0.0   3.7   0.0   3.7  24.1   13:50   SSE
 7  23.6  28.0   13:45  19.4    0:35   0.0   5.3   0.0   6.8  49.9   23:15    NE
 8  24.7  27.4   15:10  21.9    4:45   0.0   6.4   0.0  16.7  67.6    3:05   NNE
 9  23.9  28.6   14:10  19.3    2:20   0.0   5.6   0.0   7.1  40.2   16:10   SSE
10  23.3  26.7   13:35  19.6   22:45   0.0   5.0   0.0  10.5  59.5    2:25   NNE
11  21.9  26.4   17:30  18.3    6:25   0.0   3.6   0.0   4.3  30.6   16:55   SSE
12  22.8  26.6   14:05  18.6    7:15   0.0   4.5   0.0  10.0  62.8   20:15   NNE
13  20.8  23.4    1:20  18.3   22:40   0.0   2.5   0.4  32.5  82.1   14:20   NNE
14  20.0  23.3   15:10  17.9    6:15   0.0   1.7   2.6  24.6  75.6   11:50   NNW
15  23.2  26.5   15:40  19.8    2:50   0.0   4.8   0.0  12.2  54.7   11:50   NNE
16  22.3  25.9   13:45  18.1   23:20   0.0   4.1   0.0   8.5  54.7    0:15   NNE
17  19.8  23.3   12:05  15.9    7:05   0.4   1.9   0.0   4.2  20.9   12:55     N
18  20.0  23.3   15:30  15.8    7:05   0.4   2.0   0.0   4.3  22.5   11:25     N
19  20.4  23.6   13:00  16.2    7:05   0.1   2.2   0.0   4.3  27.4   12:05   SSE
20  21.8  25.6    9:40  17.9    1:20   0.0   3.5   0.0   4.3  25.7   21:55   SSE
21  19.8  22.9   11:30  16.9   21:05   0.0   1.6   0.0  19.3  72.4   17:05   NNE
22  18.5  22.7   15:50  14.7    7:00   0.9   1.1   0.0   8.2  67.6    2:35   SSE
23  18.7  22.4   13:00  14.6    6:50   0.9   1.3   0.0   3.7  20.9   15:55   SSE
24  21.4  26.8   15:35  18.0    0:05   0.0   3.2   0.0   6.9  35.4   21:45    NW
25  21.0  25.0   14:15  17.3   23:55   0.0   2.8   0.0   6.0  33.8    1:25    NW
26  18.8  22.2   11:10  16.3    7:30   0.5   1.0   0.0   3.2  24.1   11:25     N
27  20.4  24.1    8:45  16.1    4:15   0.5   2.6   0.0   3.5  25.7   14:45     N
28  21.7  27.6    8:50  18.6   23:30   0.0   3.4   0.0   4.0  20.9   12:10     N
29  20.7  25.2   17:00  17.2   22:10   0.1   2.5   0.0   4.2  25.7   17:15     N
30  20.8  25.4    9:35  17.1    1:35   0.2   2.7   0.0   3.4  19.3   13:05     N
-------------------------------------------------------------------------------------
    21.6  28.6     9    14.6    23     4.1 102.7   3.0   8.3  82.1    13       N

Max >=  32.0:  0
Max <=   0.0:  0
Min <=   0.0:  0
Min <= -18.0:  0
Max Rain: 2.59 ON 14/09/19
Days of Rain: 2 (> .2 mm) 1 (> 2 mm) 0 (> 20 mm)
Heat Base:  18.3  Cool Base:  18.3  Method: Integration