Select a Year or Month report
Report for 2024 Mar
MONTHLY CLIMATOLOGICAL SUMMARY for FEB. 2024
NAME: AMIRANEW CITY: Amira STATE: Greece
ELEV: 650 m LAT: 35 02' 26" N LONG: 25 26' 55" E
TEMPERATURE (C), RAIN (mm), WIND SPEED (km/hr)
HEAT COOL AVG
MEAN DEG DEG WIND DOM
DAY TEMP HIGH TIME LOW TIME DAYS DAYS RAIN SPEED HIGH TIME DIR
------------------------------------------------------------------------------------
1 7.3 9.7 13:15 4.8 23:35 11.0 0.0 1.8 11.7 56.3 4:40 NE
2 6.7 11.7 15:20 2.9 4:40 11.6 0.0 0.0 4.2 19.3 12:15 N
3 8.1 11.3 13:40 4.3 0:50 10.2 0.0 0.0 6.4 33.8 3:45 NE
4 9.0 12.5 12:55 5.6 6:00 9.3 0.0 0.0 5.0 32.2 11:40 NW
5 13.6 17.2 13:55 8.1 4:25 4.7 0.0 0.0 6.8 30.6 11:15 NNW
6 14.3 17.8 8:45 9.2 23:25 4.0 0.0 0.0 3.7 24.1 3:20 NNE
7 12.2 16.0 15:40 8.6 20:15 6.1 0.0 0.0 4.8 32.2 11:05 NW
8 11.9 14.8 11:55 8.8 6:35 6.4 0.0 0.4 6.1 35.4 14:00 NW
9 11.6 15.2 13:55 8.8 23:30 6.7 0.0 0.0 6.4 30.6 3:45 NW
10 10.4 13.4 10:40 7.6 5:30 7.8 0.0 0.0 5.1 32.2 11:55 NW
11 12.1 15.1 14:40 9.8 0:05 6.2 0.0 0.0 6.0 37.0 21:50 SE
12 11.4 12.9 16:30 8.8 22:55 6.9 0.0 1.4 9.5 37.0 1:10 ESE
13 9.9 13.7 11:35 7.7 6:35 8.3 0.0 1.0 5.6 27.4 12:50 N
14 9.5 12.7 10:25 8.0 18:30 8.8 0.0 7.2 7.9 51.5 19:50 NE
15 7.4 9.0 10:45 6.1 23:35 10.9 0.0 28.8 8.5 45.1 12:35 NE
16 8.4 11.6 15:00 6.3 0:05 9.9 0.0 10.2 12.7 51.5 10:35 NNE
17 9.0 10.7 10:10 7.8 18:00 9.3 0.0 0.0 14.3 75.6 7:55 NNE
18 9.7 12.7 16:20 7.6 22:30 8.6 0.0 0.0 13.4 62.8 14:05 NE
19 10.0 14.1 13:00 6.7 4:05 8.3 0.0 0.0 5.6 43.5 13:30 NNE
20 9.1 12.2 13:15 7.0 2:15 9.3 0.0 0.0 2.6 25.7 11:25 N
21 7.9 11.6 8:50 6.1 2:00 4.6 0.0 0.0 2.9 14.5 9:40 N
22
23
24
25
26
27
28
29 14.0 14.4 00:00 13.6 23:35 0.1 0.0 0.0 21.2 48.3 00:00 ESE
-------------------------------------------------------------------------------------
10.2 17.8 6 2.9 2 169.1 0.0 50.8 7.8 75.6 17 NNE
Max >= 32.0: 0
Max <= 0.0: 0
Min <= 0.0: 0
Min <= -18.0: 0
Max Rain: 28.80 ON 15/02/24
Days of Rain: 7 (> .2 mm) 3 (> 2 mm) 1 (> 20 mm)
Heat Base: 18.3 Cool Base: 18.3 Method: Integration